{"id":38529,"name":"uchwala-zarzadu-nr-2485228v2017-z-dnia-2017-11-28","title":"Uchwa\u0142a zarz\u0105du nr 2485\/228\/V\/2017 z dnia 2017-11-28","desc":"","header":"Uchwa\u0142a zarz\u0105du nr 2485\/228\/V\/2017 z dnia 2017-11-28","lead":"","keywords":"","changes":"migracja danych","menu":"","path":"\/samorzad_wojewodztwa\/zarzad_wojewodztwa\/uchwaly_zarzadu\/uchwala-zarzadu-nr-2485228v2017-z-dnia-2017-11-28.html","url":"\/samorzad_wojewodztwa\/zarzad_wojewodztwa\/uchwaly_zarzadu\/uchwala-zarzadu-nr-2485228v2017-z-dnia-2017-11-28.html","infoOwner":"Urz\u0105d Marsza\u0142kowski Wojew\u00f3dztwa \u015al\u0105skiego","dateFirstPublicate":"2022-10-06 12:34:22","dateLastVersionPublicate":"2022-10-06 12:34:22","dateAvailableFrom":"","dateAvailableTo":"","type":"Uchwa\u0142a Zarz\u0105du","pageParams":[{"id":"263","name":"Data posiedzenia","description":"Data posiedzenia","value":"2017-11-28"},{"id":"235","name":"W sprawie","description":"W sprawie","value":"Przyj\u0119cie pakietu aplikacyjnego w ramach naboru w zakresie trybu pozakonkursowego: RPSL.02.01.00-IZ.01-24-228\/17 Dzia\u0142ania 2.1 Wsparcie rozwoju cyfrowych us\u0142ug publicznych RPO WSL 2014-2020."},{"id":"273","name":"NUMER_UCHWALY_ZARZADU","description":"Numer uchwa\u0142y","value":"2485\/228\/V\/2017"},{"id":"278","name":"Numer posiedzenia zarz\u0105du","description":"Numer posiedzenia zarz\u0105du","value":"228"},{"id":"261","name":"Na podstawie","description":"podstawa prawna","value":"art. 41 ust. 2 pkt. 4 ustawy z dnia 5 czerwca 1998 r. o samorz\u0105dzie wojew\u00f3dztwa (tekst jednolity: Dz. U. z 2017 r. poz. 2096), art. 9 ust. 1 pkt 2, art. 38 ust 1 pkt 2, art. 48 ustawy z dnia 11 lipca 2014 r. o zasadach realizacji program\u00f3w w zakresie polityki sp\u00f3jno\u015bci finansowanych w perspektywie finansowej 2014-2020 (tekst jednolity Dz. U. z 2017 r.\r\npoz. 1460 z p\u00f3\u017an. zm.)."}],"components":[{"id":"bf6d5eba-d119-11e7-80a9-005056b46601","type":"ContentWYSIWYG","name":"Tre\u015b\u0107","description":"Tre\u015b\u0107 strony","content":{"content":"","promotion":false}},{"id":"bf6dbc25-d119-11e7-80a9-005056b46601","type":"Gallery","name":"Galeria","description":"Galeria"},{"id":"bf6e1f6b-d119-11e7-80a9-005056b46601","type":"Attachment","name":"Za\u0142\u0105czniki","description":"Za\u0142\u0105czniki do strony","content":[{"src":"\/resource\/58639\/00.+INSTRUKCJA+wypelniania+wniosku_listopad_2017_Zarz%25C4%2585d.docx","extension":"DOCX","name":"164a428608dbe5bde4ad7c2279af313f.docx","size":"443.56 KB"},{"src":"\/resource\/58639\/02+Wz%25C3%25B3r+o%25C5%259Bwiadczenia+o+prawie+do+dysponowania+nieruchomo%25C5%259Bci%25C4%2585.docx","extension":"DOCX","name":"5f626d9f71a0f0844db642bd98139eea.docx","size":"63.96 KB"},{"src":"\/resource\/58639\/02_Wz%25C3%25B3r+wniosku+EFRR+2014+2020.pdf","extension":"PDF","name":"c061457f096a16a559e6857cd159cca1.pdf","size":"475.58 KB"},{"src":"\/resource\/58639\/03+Formularz+Analiza+oddzia%25C5%2582ywania+na+%25C5%259Brodowisko.docx","extension":"DOCX","name":"bfa4e8d36439697b654cff009e1707eb.docx","size":"83.32 KB"},{"src":"\/resource\/58639\/01+Analiza+finansowa+_tabele.xls","extension":"XLS","name":"900e81db542939cc7fdb1de9cd55d39b.xls","size":"319 KB"},{"src":"\/resource\/58639\/11+O%25C5%259Bwiadczenie_dot+_wykorzystania_teren%25C3%25B3w_inwestycyjnych.docx","extension":"DOCX","name":"65a0a528eb2ed9beb89a79e8b008bad3.docx","size":"754.61 KB"},{"src":"\/resource\/58639\/07+O%25C5%259Bwiadczenie+dot.+%25C5%259Bwiadczenia+us%25C5%2582ug+zdrowotnych+w+ramach+NFZ+11.2017.docx","extension":"DOCX","name":"21c799ead3b5adf4ea970b591fcfc961.docx","size":"58.74 KB"},{"src":"\/resource\/58639\/13+o%25C5%259Bwiadczenie+dot.+us%25C5%2582ug+publicznych.doc","extension":"DOC","name":"f5a7882300d8952aa7a518c277274767.doc","size":"54 KB"},{"src":"\/resource\/58639\/05+O%25C5%259Bwiadczenie+dotycz%25C4%2585ce+sytuacji+ekonomicznej.doc","extension":"DOC","name":"12999147ce96b500a859e80ab00d3dc3.doc","size":"122 KB"},{"src":"\/resource\/58639\/12+O%25C5%259Bwiadczenie+pracodawcy+potwierdzaj%25C4%2585ce+posiadane+wyposa%25C5%25BCenie+11.2017.docx","extension":"DOCX","name":"21c048232d01220f555370475693c1a0.docx","size":"54.5 KB"},{"src":"\/resource\/58639\/06+O%25C5%259Bwiadczenie_w_spr_de_minimis.doc","extension":"DOC","name":"ec7831521b70de67d7bf13198bbd860e.doc","size":"788 KB"},{"src":"\/resource\/58639\/Regulamin+naboru_Zarz%25C4%2585d_2711.pdf","extension":"PDF","name":"da6b641dbe24b86b328b80edf80390b2.pdf","size":"977.25 KB"},{"src":"\/resource\/58639\/10+Stopie%25C5%2584+upowszechnienia+edukacji+przedszkolnej.xls","extension":"XLS","name":"51da31ec7c5382e1a1556dabc8ece27a.xls","size":"53.5 KB"},{"src":"\/resource\/58639\/Uchwa%25C5%2582a+zarz%25C4%2585du+nr+2485228V2017+z+dnia+28+listopada+2017+roku.rtf","extension":"RTF","name":"cd538bf59dc9b3d80a3d760fedb2a8ea.rtf","size":"84.91 KB"},{"src":"\/resource\/58639\/05_Wz%25C3%25B3r+decyzji+o+dofinansowaniu+projektu+wraz+z+zasadami+z+dnia+22.08.2017.pdf","extension":"PDF","name":"799fb8e6354ffd470f74d142f81fb811.pdf","size":"616.79 KB"},{"src":"\/resource\/58639\/04+Wz%25C3%25B3r+oswiadczenia+o+VAT.doc","extension":"DOC","name":"83ff2c9173d3eda69beb8c8ea6203129.doc","size":"776 KB"},{"src":"\/resource\/58639\/09+Wzor+o%25C5%259Bwiadczenia+dot.+tajemnicy+przedsiebiorstwa.docx","extension":"DOCX","name":"35d53fb310d59fe32fb5846c21652835.docx","size":"56.79 KB"},{"src":"\/resource\/58639\/06_Wz%25C3%25B3r+porozumienia+o+dofinansowanie+projektu+z+dnia+22+08+2017.pdf","extension":"PDF","name":"53fcf12a18df094504b49ce46bf98d41.pdf","size":"443.7 KB"},{"src":"\/resource\/58639\/04_Wz%25C3%25B3r+umowy+o+dofinansowanie+projektu+z+dnia+22.08.2017.pdf","extension":"PDF","name":"bb5287324b846a48c5f928c9cf3d5785.pdf","size":"441.24 KB"},{"src":"\/resource\/58639\/08+Wz%25C3%25B3r+Za%25C5%259Bwiadczenie+LGD+11.2017.doc","extension":"DOC","name":"868cee2a4aad07c4a0730f0fc0ee7e20.doc","size":"71 KB"},{"src":"\/resource\/58639\/07_Za%25C5%2582.+nr+4+do+Regulaminu+naboru_2.1_228_17.pdf","extension":"PDF","name":"b5b836c75b7f15118750c4c879ee2fac.pdf","size":"204.89 KB"}]},{"id":"eba03b25-d9a7-11e7-b355-005056b70dba","type":"PageTitle","name":"","description":"Tytu\u0142 strony","content":{"title":"Uchwa\u0142a zarz\u0105du nr 2485\/228\/V\/2017 z dnia 2017-11-28"}},{"id":"eba07701-d9a7-11e7-b355-005056b70dba","type":"PageDescription","name":"","description":"Zajawka strony","content":[]},{"id":"1b1a7940-ff78-11e7-b81e-005056b7801d","type":"SectionDescription","name":"","description":"Zajawka sekcji","content":[]}]}

Uchwała zarządu nr 2485/228/V/2017 z dnia 2017-11-28

Urząd Marszałkowski Województwa Śląskiego

Uchwała Zarządu

Przyjęcie pakietu aplikacyjnego w ramach naboru w zakresie trybu pozakonkursowego: RPSL.02.01.00-IZ.01-24-228/17 Działania 2.1 Wsparcie rozwoju cyfrowych usług publicznych RPO WSL 2014-2020.

Numer uchwały

Numer posiedzenia zarządu

art. 41 ust. 2 pkt. 4 ustawy z dnia 5 czerwca 1998 r. o samorządzie województwa (tekst jednolity: Dz. U. z 2017 r. poz. 2096), art. 9 ust. 1 pkt 2, art. 38 ust 1 pkt 2, art. 48 ustawy z dnia 11 lipca 2014 r. o zasadach realizacji programów w zakresie polityki spójności finansowanych w perspektywie finansowej 2014-2020 (tekst jednolity Dz. U. z 2017 r.
poz. 1460 z późn. zm.).

Treść

Treść strony

Załączniki

Załączniki do strony

Tytuł strony
