{"id":41877,"name":"uchwala-zarzadu-nr-252399vi2023-z-dnia-2023-02-09","title":"Uchwa\u0142a Zarz\u0105du nr 252\/399\/VI\/2023 z dnia 2023-02-09","desc":"","header":"Uchwa\u0142a Zarz\u0105du nr 252\/399\/VI\/2023 z dnia 2023-02-09","lead":"","keywords":"","changes":"dodanie artyku\u0142u","menu":"","path":"\/samorzad_wojewodztwa\/zarzad_wojewodztwa\/uchwaly_zarzadu\/uchwala-zarzadu-nr-252399vi2023-z-dnia-2023-02-09.html","url":"\/samorzad_wojewodztwa\/zarzad_wojewodztwa\/uchwaly_zarzadu\/uchwala-zarzadu-nr-252399vi2023-z-dnia-2023-02-09.html","infoOwner":"Urz\u0105d Marsza\u0142kowski Wojew\u00f3dztwa \u015al\u0105skiego","dateFirstPublicate":"2023-02-20 16:03:52","dateLastVersionPublicate":"2023-02-20 16:03:52","dateAvailableFrom":"","dateAvailableTo":"","type":"Uchwa\u0142a Zarz\u0105du","pageParams":[{"id":"263","name":"Data posiedzenia","description":"Data posiedzenia","value":"2023-02-09"},{"id":"235","name":"W sprawie","description":"W sprawie","value":"uchylenia decyzji o dofinansowaniu nr UDA-RPSL.06.01.00-24-09FH\/16-00 z p\u00f3\u017an. zm. przyznaj\u0105cej dofinansowanie dla projektu w\u0142asnego pn. \u201ePrzebudowa DW 925 \r\nod granicy miasta na prawach powiatu Ruda \u015al.-A1-do granicy miasta na prawach powiatu Rybnik\u201d, realizowanego w ramach Osi priorytetowej VI Transport, Dzia\u0142anie 6.1 Drogi Wojew\u00f3dzkie, Regionalnego Programu Operacyjnego Wojew\u00f3dztwa \u015al\u0105skiego na lata 2014-2020 przez Wojew\u00f3dztwo \u015al\u0105skie."},{"id":"273","name":"NUMER_UCHWALY_ZARZADU","description":"Numer uchwa\u0142y","value":"252\/399\/VI\/2023"},{"id":"278","name":"Numer posiedzenia zarz\u0105du","description":"Numer posiedzenia zarz\u0105du","value":"399"},{"id":"261","name":"Na podstawie","description":"podstawa prawna","value":"art. 41 ust. 2 pkt 4 ustawy z dnia 5 czerwca 1998 r. o samorz\u0105dzie wojew\u00f3dztwa (tekst jednolity: Dz. U. z 2022 r. poz. 2094), art. 9 ust. 1 pkt 2 i ust. 2 pkt 3 ustawy z dnia 11 lipca 2014 r. o zasadach realizacji program\u00f3w w zakresie polityki sp\u00f3jno\u015bci finansowanych w perspektywie finansowej 2014\u20132020 (tekst jednolity: Dz. U. z 2020 r. poz. 818 z p\u00f3\u017an. zm.)."}],"components":[{"id":"bf6d5eba-d119-11e7-80a9-005056b46601","type":"ContentWYSIWYG","name":"Tre\u015b\u0107","description":"Tre\u015b\u0107 strony","content":{"content":"","promotion":false}},{"id":"bf6dbc25-d119-11e7-80a9-005056b46601","type":"Gallery","name":"Galeria","description":"Galeria"},{"id":"bf6e1f6b-d119-11e7-80a9-005056b46601","type":"Attachment","name":"Za\u0142\u0105czniki","description":"Za\u0142\u0105czniki do strony","content":[{"src":"\/resource\/62173\/Uchwa%25C5%2582a+nr+252_399_VI_2023+Zarz%25C4%2585du+Wojew%25C3%25B3dztwa+%25C5%259Al%25C4%2585skiego+z+dnia+09.02.2023+r..rtf","extension":"RTF","name":"0660e96de7d00e6598ed3430f37a4580.rtf","size":"89.56 KB"}]},{"id":"eba03b25-d9a7-11e7-b355-005056b70dba","type":"PageTitle","name":"","description":"Tytu\u0142 strony","content":{"title":"Uchwa\u0142a Zarz\u0105du nr 252\/399\/VI\/2023 z dnia 2023-02-09"}},{"id":"eba07701-d9a7-11e7-b355-005056b70dba","type":"PageDescription","name":"","description":"Zajawka strony","content":[]},{"id":"1b1a7940-ff78-11e7-b81e-005056b7801d","type":"SectionDescription","name":"","description":"Zajawka sekcji","content":[]}]}

Uchwała Zarządu nr 252/399/VI/2023 z dnia 2023-02-09

dodanie artykułu

Urząd Marszałkowski Województwa Śląskiego

Uchwała Zarządu

uchylenia decyzji o dofinansowaniu nr UDA-RPSL.06.01.00-24-09FH/16-00 z późn. zm. przyznającej dofinansowanie dla projektu własnego pn. „Przebudowa DW 925 
od granicy miasta na prawach powiatu Ruda Śl.-A1-do granicy miasta na prawach powiatu Rybnik”, realizowanego w ramach Osi priorytetowej VI Transport, Działanie 6.1 Drogi Wojewódzkie, Regionalnego Programu Operacyjnego Województwa Śląskiego na lata 2014-2020 przez Województwo Śląskie.

Numer uchwały

Numer posiedzenia zarządu

art. 41 ust. 2 pkt 4 ustawy z dnia 5 czerwca 1998 r. o samorządzie województwa (tekst jednolity: Dz. U. z 2022 r. poz. 2094), art. 9 ust. 1 pkt 2 i ust. 2 pkt 3 ustawy z dnia 11 lipca 2014 r. o zasadach realizacji programów w zakresie polityki spójności finansowanych w perspektywie finansowej 2014–2020 (tekst jednolity: Dz. U. z 2020 r. poz. 818 z późn. zm.).

Treść

Treść strony

Załączniki

Załączniki do strony

Tytuł strony
