{"id":10497,"name":"uchwala-zarzadu-nr-2557-80-vi-2019-z-dnia-2019-11-12","title":"Uchwa\u0142a zarz\u0105du nr 2557\/80\/VI\/2019 z dnia 2019-11-12","desc":"","header":"Uchwa\u0142a zarz\u0105du nr 2557\/80\/VI\/2019 z dnia 2019-11-12","lead":"","keywords":"","changes":"publikacja","menu":"","path":"\/samorzad_wojewodztwa\/zarzad_wojewodztwa\/uchwaly_zarzadu\/uchwala-zarzadu-nr-2557-80-vi-2019-z-dnia-2019-11-12.html","url":"\/samorzad_wojewodztwa\/zarzad_wojewodztwa\/uchwaly_zarzadu\/uchwala-zarzadu-nr-2557-80-vi-2019-z-dnia-2019-11-12.html","infoOwner":"Urz\u0105d Marsza\u0142kowski Wojew\u00f3dztwa \u015al\u0105skiego","dateFirstPublicate":"2019-11-15 13:22:36","dateLastVersionPublicate":"2019-11-15 13:22:36","dateAvailableFrom":"2019-11-15 13:05:49","dateAvailableTo":"","type":"Uchwa\u0142a Zarz\u0105du","pageParams":[{"id":"263","name":"Data posiedzenia","description":"Data posiedzenia","value":"2019-11-12"},{"id":"235","name":"W sprawie","description":"W sprawie","value":"przyj\u0119cia projektu uchwa\u0142y Sejmiku Wojew\u00f3dztwa \u015al\u0105skiego w sprawie Wieloletniej Prognozy Finansowej Wojew\u00f3dztwa \u015al\u0105skiego na lata 2020\u20132030"},{"id":"273","name":"NUMER_UCHWALY_ZARZADU","description":"Numer uchwa\u0142y","value":"2557\/80\/VI\/2019"},{"id":"278","name":"Numer posiedzenia zarz\u0105du","description":"Numer posiedzenia zarz\u0105du","value":"80"},{"id":"261","name":"Na podstawie","description":"podstawa prawna","value":"art. 41 ust. 1 ustawy z dnia 5 czerwca 1998 r. o samorz\u0105dzie wojew\u00f3dztwa (Dz. U. z 2019 r. poz. 512 z p\u00f3\u017an. zm.) w zwi\u0105zku z art. 230 ust. 1 i 2 ustawy z dnia 27 sierpnia 2009 r. o finansach publicznych (Dz. U. z 2019 r. poz. 869 z p\u00f3\u017an. zm.)"}],"components":[{"id":"bf6d5eba-d119-11e7-80a9-005056b46601","type":"ContentWYSIWYG","name":"Tre\u015b\u0107","description":"Tre\u015b\u0107 strony","content":{"content":"","promotion":false}},{"id":"bf6dbc25-d119-11e7-80a9-005056b46601","type":"Gallery","name":"Galeria","description":"Galeria"},{"id":"bf6e1f6b-d119-11e7-80a9-005056b46601","type":"Attachment","name":"Za\u0142\u0105czniki","description":"Za\u0142\u0105czniki do strony","content":[{"src":"\/resource\/20633\/3.+Projekt+uchwa%25C5%2582y+Sejmiku.pdf","extension":"PDF","name":"712448c047f2a84c002864fe6aa8acad.pdf","size":"278.32 KB"},{"src":"\/resource\/20633\/Uchwa%25C5%2582a+Zarz%25C4%2585du+2557+80+VI+2019.rtf","extension":"RTF","name":"f22d1b7bee5dc2b525997b15724260f1.rtf","size":"102.82 KB"},{"src":"\/resource\/20633\/4.+Za%25C5%2582%25C4%2585cznik+nr+1+do+projektu+uchwa%25C5%2582y+Sejmiku.pdf","extension":"PDF","name":"f303a46bdcaccda05b7b412d6b6195fa.pdf","size":"313.63 KB"},{"src":"\/resource\/20633\/5.+Za%25C5%2582%25C4%2585cznik+nr+2+do+projektu+uchwa%25C5%2582y+Sejmiku.pdf","extension":"PDF","name":"e42e3ceb6cd344b5142321fb6fd7d0a1.pdf","size":"581.86 KB"},{"src":"\/resource\/20633\/6.+Za%25C5%2582%25C4%2585cznik+nr+3+do+projektu+uchwa%25C5%2582y+Sejmiku.pdf","extension":"PDF","name":"ecb7ec7bc3dca5293b525943f64ac243.pdf","size":"564.1 KB"}]},{"id":"eba03b25-d9a7-11e7-b355-005056b70dba","type":"PageTitle","name":"","description":"Tytu\u0142 strony","content":{"title":"Uchwa\u0142a zarz\u0105du nr 2557\/80\/VI\/2019 z dnia 2019-11-12"}},{"id":"eba07701-d9a7-11e7-b355-005056b70dba","type":"PageDescription","name":"","description":"Zajawka strony","content":[]},{"id":"1b1a7940-ff78-11e7-b81e-005056b7801d","type":"SectionDescription","name":"","description":"Zajawka sekcji","content":[]}]}

Uchwała zarządu nr 2557/80/VI/2019 z dnia 2019-11-12

Urząd Marszałkowski Województwa Śląskiego

Uchwała Zarządu

przyjęcia projektu uchwały Sejmiku Województwa Śląskiego w sprawie Wieloletniej Prognozy Finansowej Województwa Śląskiego na lata 2020–2030

Numer uchwały

Numer posiedzenia zarządu

art. 41 ust. 1 ustawy z dnia 5 czerwca 1998 r. o samorządzie województwa (Dz. U. z 2019 r. poz. 512 z późn. zm.) w związku z art. 230 ust. 1 i 2 ustawy z dnia 27 sierpnia 2009 r. o finansach publicznych (Dz. U. z 2019 r. poz. 869 z późn. zm.)

Treść

Treść strony

Załączniki

Załączniki do strony

Tytuł strony
