{"id":49788,"name":"uchwala-zarzadu-nr-2601188iv2012-z-dnia-2012-09-20-1","title":"Uchwa\u0142a zarz\u0105du nr 2601\/188\/IV\/2012 z dnia 2012-09-20","desc":"","header":"Uchwa\u0142a zarz\u0105du nr 2601\/188\/IV\/2012 z dnia 2012-09-20","lead":"","keywords":"","changes":"Migracja danych","menu":"","path":"\/samorzad_wojewodztwa\/zarzad_wojewodztwa\/uchwaly_zarzadu\/uchwala-zarzadu-nr-2601188iv2012-z-dnia-2012-09-20-1.html","url":"\/samorzad_wojewodztwa\/zarzad_wojewodztwa\/uchwaly_zarzadu\/uchwala-zarzadu-nr-2601188iv2012-z-dnia-2012-09-20-1.html","infoOwner":"Urz\u0105d Marsza\u0142kowski Wojew\u00f3dztwa \u015al\u0105skiego","dateFirstPublicate":"2023-10-24 09:25:51","dateLastVersionPublicate":"2023-10-24 09:25:51","dateAvailableFrom":"2012-09-25 00:00:00","dateAvailableTo":"","type":"Uchwa\u0142a Zarz\u0105du","pageParams":[{"id":"263","name":"Data posiedzenia","description":"Data posiedzenia","value":"2012-09-20"},{"id":"235","name":"W sprawie","description":"W sprawie","value":"zatwierdzenia Listy rankingowej i przyznania dofinansowania projektowi, kt\u00f3ry uzyska\u0142 najwi\u0119ksza liczb\u0119 punkt\u00f3w z Listy wniosk\u00f3w spe\u0142niaj\u0105cych minimum punktowe, na realizacj\u0119 projektu w subregionie centralnym w ramach konkursu nr 1\/POKL\/7.2.2\/2012 dla Poddzia\u0142ania 7.2.2 Wsparcie ekonomii spo\u0142ecznej Priorytetu VII PO KL 2007-2013 w wojew\u00f3dztwie \u015bl\u0105skim opracowanej na podstawie oceny dokonanej przez Komisj\u0119 Oceny Projekt\u00f3w."},{"id":"273","name":"NUMER_UCHWALY_ZARZADU","description":"Numer uchwa\u0142y","value":"2601\/188\/IV\/2012"},{"id":"278","name":"Numer posiedzenia zarz\u0105du","description":"Numer posiedzenia zarz\u0105du","value":"188"},{"id":"261","name":"Na podstawie","description":"podstawa prawna","value":"art. 41 ust. 1 ustawy z dnia 5 czerwca 1998 roku o samorz\u0105dzie wojew\u00f3dztwa (tekst jedn. Dz. U. z 2001r. Nr 142 poz. 1590 z p\u00f3\u017an. zm.); Art. 27 ust. 1 pkt. 3 oraz art. 30a ustawy z dnia 6 grudnia 2006r. o zasadach prowadzenia polityki rozwoju (tekst jedn. Dz. U. z 2009r. Nr 84, poz. 712 z p\u00f3\u017an. zm.)."}],"components":[{"id":"bf6d5eba-d119-11e7-80a9-005056b46601","type":"ContentWYSIWYG","name":"Tre\u015b\u0107","description":"Tre\u015b\u0107 strony","content":{"content":"","promotion":false}},{"id":"bf6dbc25-d119-11e7-80a9-005056b46601","type":"Gallery","name":"Galeria","description":"Galeria"},{"id":"bf6e1f6b-d119-11e7-80a9-005056b46601","type":"Attachment","name":"Za\u0142\u0105czniki","description":"Za\u0142\u0105czniki do strony","content":[{"src":"\/resource\/70292\/1348574822.rtf","extension":"RTF","name":"4630a680cdbff3ec4ab0592f7168c09f.rtf","size":"64 KB"},{"src":"\/resource\/70292\/1348574868.rtf","extension":"RTF","name":"c4fd46bd69f22bea012d29373b26d4c8.rtf","size":"2.43 MB"},{"src":"\/resource\/70292\/1348574889.rtf","extension":"RTF","name":"76d0acf8ce41fe6485ef4ac582afb8b8.rtf","size":"2.43 MB"}]},{"id":"eba03b25-d9a7-11e7-b355-005056b70dba","type":"PageTitle","name":"","description":"Tytu\u0142 strony","content":{"title":"Uchwa\u0142a zarz\u0105du nr 2601\/188\/IV\/2012 z dnia 2012-09-20"}},{"id":"eba07701-d9a7-11e7-b355-005056b70dba","type":"PageDescription","name":"","description":"Zajawka strony","content":[]},{"id":"1b1a7940-ff78-11e7-b81e-005056b7801d","type":"SectionDescription","name":"","description":"Zajawka sekcji","content":[]}]}

Uchwała zarządu nr 2601/188/IV/2012 z dnia 2012-09-20

Urząd Marszałkowski Województwa Śląskiego

Uchwała Zarządu

zatwierdzenia Listy rankingowej i przyznania dofinansowania projektowi, który uzyskał największa liczbę punktów z Listy wniosków spełniających minimum punktowe, na realizację projektu w subregionie centralnym w ramach konkursu nr 1/POKL/7.2.2/2012 dla Poddziałania 7.2.2 Wsparcie ekonomii społecznej Priorytetu VII PO KL 2007-2013 w województwie śląskim opracowanej na podstawie oceny dokonanej przez Komisję Oceny Projektów.

Numer uchwały

Numer posiedzenia zarządu

art. 41 ust. 1 ustawy z dnia 5 czerwca 1998 roku o samorządzie województwa (tekst jedn. Dz. U. z 2001r. Nr 142 poz. 1590 z późn. zm.); Art. 27 ust. 1 pkt. 3 oraz art. 30a ustawy z dnia 6 grudnia 2006r. o zasadach prowadzenia polityki rozwoju (tekst jedn. Dz. U. z 2009r. Nr 84, poz. 712 z późn. zm.).

Treść

Treść strony

Załączniki

Załączniki do strony

Tytuł strony
