{"id":17144,"name":"uchwala-zarzadu-nr-263-210-vi-2021-z-dnia-2021-02-03","title":"Uchwa\u0142a zarz\u0105du nr 263\/210\/VI\/2021 z dnia 2021-02-03","desc":"","header":"Uchwa\u0142a zarz\u0105du nr 263\/210\/VI\/2021 z dnia 2021-02-03","lead":"","keywords":"","changes":"publikacja uchwa\u0142y","menu":"","path":"\/samorzad_wojewodztwa\/zarzad_wojewodztwa\/uchwaly_zarzadu\/uchwala-zarzadu-nr-263-210-vi-2021-z-dnia-2021-02-03.html","url":"\/samorzad_wojewodztwa\/zarzad_wojewodztwa\/uchwaly_zarzadu\/uchwala-zarzadu-nr-263-210-vi-2021-z-dnia-2021-02-03.html","infoOwner":"Urz\u0105d Marsza\u0142kowski Wojew\u00f3dztwa \u015al\u0105skiego","dateFirstPublicate":"2021-02-05 12:14:37","dateLastVersionPublicate":"2021-02-05 12:14:37","dateAvailableFrom":"","dateAvailableTo":"","type":"Uchwa\u0142a Zarz\u0105du","pageParams":[{"id":"263","name":"Data posiedzenia","description":"Data posiedzenia","value":"2021-02-03"},{"id":"235","name":"W sprawie","description":"W sprawie","value":"Zawarcie Aneksu nr 38 do umowy wykonawczej nr 215\/IR\/2015 z dnia 18 lutego 2015 roku dotycz\u0105cej wykonywania zadania w\u0142asnego Wojew\u00f3dztwa \u015al\u0105skiego z zakresu edukacji, kultury, kultury fizycznej oraz sportu pn. \u201eZadaszenie widowni oraz niezb\u0119dna infrastruktura techniczna Stadionu \u015al\u0105skiego w Chorzowie\u201d I etap : zaplecze rozgrzewkowo-treningowe dla funkcji lekkoatletycznej i II etap: Zadaszenie widowni oraz powierzenie zarz\u0105dzania Stadionem \u015al\u0105skiem w Chorzowie."},{"id":"273","name":"NUMER_UCHWALY_ZARZADU","description":"Numer uchwa\u0142y","value":"263\/210\/VI\/2021"},{"id":"278","name":"Numer posiedzenia zarz\u0105du","description":"Numer posiedzenia zarz\u0105du","value":"210"},{"id":"261","name":"Na podstawie","description":"podstawa prawna","value":"art.41 ust.1 ustawy z dnia 5 czerwca 1998 roku o samorz\u0105dzie wojew\u00f3dztwa (tj. z dnia 16 wrze\u015bnia 2020 r. Dz.U. z 2020 r. poz. 1668) w zwi\u0105zku z uchwa\u0142\u0105 Sejmiku Wojew\u00f3dztwa \u015al\u0105skiego nr IV\/38\/9\/2013 z dnia 1 lipca 2013 r."}],"components":[{"id":"bf6d5eba-d119-11e7-80a9-005056b46601","type":"ContentWYSIWYG","name":"Tre\u015b\u0107","description":"Tre\u015b\u0107 strony","content":{"content":"","promotion":false}},{"id":"bf6dbc25-d119-11e7-80a9-005056b46601","type":"Gallery","name":"Galeria","description":"Galeria"},{"id":"bf6e1f6b-d119-11e7-80a9-005056b46601","type":"Attachment","name":"Za\u0142\u0105czniki","description":"Za\u0142\u0105czniki do strony","content":[{"src":"\/resource\/34291\/Uchwa%25C5%2582a.docx","extension":"DOCX","name":"f8dcc3b0f15cf7a85c7fa5eab17b1cdb.docx","size":"27.41 KB"},{"src":"\/resource\/34291\/Za%25C5%2582%25C4%2585cznik.doc","extension":"DOC","name":"f37d695b3c9340c90771e2b0fcd77812.doc","size":"85 KB"}]},{"id":"eba03b25-d9a7-11e7-b355-005056b70dba","type":"PageTitle","name":"","description":"Tytu\u0142 strony","content":{"title":"Uchwa\u0142a zarz\u0105du nr 263\/210\/VI\/2021 z dnia 2021-02-03"}},{"id":"eba07701-d9a7-11e7-b355-005056b70dba","type":"PageDescription","name":"","description":"Zajawka strony","content":[]},{"id":"1b1a7940-ff78-11e7-b81e-005056b7801d","type":"SectionDescription","name":"","description":"Zajawka sekcji","content":[]}]}

Uchwała zarządu nr 263/210/VI/2021 z dnia 2021-02-03

publikacja uchwały

Urząd Marszałkowski Województwa Śląskiego

Uchwała Zarządu

Zawarcie Aneksu nr 38 do umowy wykonawczej nr 215/IR/2015 z dnia 18 lutego 2015 roku dotyczącej wykonywania zadania własnego Województwa Śląskiego z zakresu edukacji, kultury, kultury fizycznej oraz sportu pn. „Zadaszenie widowni oraz niezbędna infrastruktura techniczna Stadionu Śląskiego w Chorzowie” I etap : zaplecze rozgrzewkowo-treningowe dla funkcji lekkoatletycznej i II etap: Zadaszenie widowni oraz powierzenie zarządzania Stadionem Śląskiem w Chorzowie.

Numer uchwały

Numer posiedzenia zarządu

art.41 ust.1 ustawy z dnia 5 czerwca 1998 roku o samorządzie województwa (tj. z dnia 16 września 2020 r. Dz.U. z 2020 r. poz. 1668) w związku z uchwałą Sejmiku Województwa Śląskiego nr IV/38/9/2013 z dnia 1 lipca 2013 r.

Treść

Treść strony

Załączniki

Załączniki do strony

Tytuł strony
