{"id":10680,"name":"uchwala-zarzadu-nr-2651-82-vi-2019-z-dnia-2019-11-20","title":"Uchwa\u0142a zarz\u0105du nr 2651\/82\/VI\/2019 z dnia 2019-11-20","desc":"","header":"Uchwa\u0142a zarz\u0105du nr 2651\/82\/VI\/2019 z dnia 2019-11-20","lead":"","keywords":"","changes":"dodanie artyku\u0142u","menu":"","path":"\/samorzad_wojewodztwa\/zarzad_wojewodztwa\/uchwaly_zarzadu\/uchwala-zarzadu-nr-2651-82-vi-2019-z-dnia-2019-11-20.html","url":"\/samorzad_wojewodztwa\/zarzad_wojewodztwa\/uchwaly_zarzadu\/uchwala-zarzadu-nr-2651-82-vi-2019-z-dnia-2019-11-20.html","infoOwner":"Urz\u0105d Marsza\u0142kowski Wojew\u00f3dztwa \u015al\u0105skiego","dateFirstPublicate":"2019-11-26 09:22:06","dateLastVersionPublicate":"2019-11-26 09:22:06","dateAvailableFrom":"","dateAvailableTo":"","type":"Uchwa\u0142a Zarz\u0105du","pageParams":[{"id":"263","name":"Data posiedzenia","description":"Data posiedzenia","value":"2019-11-20"},{"id":"235","name":"W sprawie","description":"W sprawie","value":"zmiany uchwa\u0142y Zarz\u0105du Wojew\u00f3dztwa \u015al\u0105skiego nr 1961\/64\/VI\/2019 z dn. 28.08.2019 r. w celu przed\u0142u\u017cenia terminu naboru wniosk\u00f3w w konkursie RPSL.10.02.02-IZ.01-24-344\/19."},{"id":"273","name":"NUMER_UCHWALY_ZARZADU","description":"Numer uchwa\u0142y","value":"2651\/82\/VI\/2019"},{"id":"278","name":"Numer posiedzenia zarz\u0105du","description":"Numer posiedzenia zarz\u0105du","value":"82"},{"id":"261","name":"Na podstawie","description":"podstawa prawna","value":"art. 41 ust. 2 pkt. 4 ustawy z dnia 5 czerwca 1998 r. o samorz\u0105dzie wojew\u00f3dztwa (tekst jednolity: Dz.U. z 2019 r. poz. 512 z p\u00f3\u017an. zm.) art. 9 ust. 1 pkt 2, art. 38, art. 39, art. 40, art. 41 ustawy z dnia 11 lipca 2014 r. o zasadach realizacji program\u00f3w w zakresie polityki sp\u00f3jno\u015bci finansowanych w perspektywie finansowej 2014\u20132020 (tekst jednolity: Dz. U. z 2018 r. poz. 1431 z p\u00f3\u017an. zm.)."}],"components":[{"id":"bf6d5eba-d119-11e7-80a9-005056b46601","type":"ContentWYSIWYG","name":"Tre\u015b\u0107","description":"Tre\u015b\u0107 strony","content":{"content":"","promotion":false}},{"id":"bf6dbc25-d119-11e7-80a9-005056b46601","type":"Gallery","name":"Galeria","description":"Galeria"},{"id":"bf6e1f6b-d119-11e7-80a9-005056b46601","type":"Attachment","name":"Za\u0142\u0105czniki","description":"Za\u0142\u0105czniki do strony","content":[{"src":"\/resource\/20991\/Uchwa%25C5%2582a+Zarz%25C4%2585du+nr+2651_82_VI_2019+z+dnia+20.11.2019+r.rtf","extension":"RTF","name":"4ce97f3a3112c1aeed1688574c8258c8.rtf","size":"90.75 KB"},{"src":"\/resource\/20991\/Za%25C5%2582%25C4%2585cznik+nr+1+do+Uchwaly+Zarz%25C4%2585du+nr+2651_82_VI_2019+z+dnia+20.11.2019+r.rtf","extension":"RTF","name":"87a22bc7d74dc73c27333a5f598fa337.rtf","size":"94.15 KB"},{"src":"\/resource\/20991\/Za%25C5%2582%25C4%2585cznik+nr+2+do+Uchwa%25C5%2582y+Zarz%25C4%2585du+nr+2651_81_VI_2019+z+dnia+20.11.2019+r.rtf","extension":"RTF","name":"e77defb133605488387e2fa66cd1b552.rtf","size":"5.35 MB"},{"src":"\/resource\/20991\/Za%25C5%2582%25C4%2585cznik+nr+3+do+Uchwa%25C5%2582y+Zarz%25C4%2585du+nr+2651_82_VI_2019+z+dnia+20.11.2019+r.rtf","extension":"RTF","name":"458f1f67f6755f26316d8ada6fd00d47.rtf","size":"4.15 MB"}]},{"id":"eba03b25-d9a7-11e7-b355-005056b70dba","type":"PageTitle","name":"","description":"Tytu\u0142 strony","content":{"title":"Uchwa\u0142a zarz\u0105du nr 2651\/82\/VI\/2019 z dnia 2019-11-20"}},{"id":"eba07701-d9a7-11e7-b355-005056b70dba","type":"PageDescription","name":"","description":"Zajawka strony","content":[]},{"id":"1b1a7940-ff78-11e7-b81e-005056b7801d","type":"SectionDescription","name":"","description":"Zajawka sekcji","content":[]}]}

Uchwała zarządu nr 2651/82/VI/2019 z dnia 2019-11-20

dodanie artykułu

Urząd Marszałkowski Województwa Śląskiego

Uchwała Zarządu

zmiany uchwały Zarządu Województwa Śląskiego nr 1961/64/VI/2019 z dn. 28.08.2019 r. w celu przedłużenia terminu naboru wniosków w konkursie RPSL.10.02.02-IZ.01-24-344/19.

Numer uchwały

Numer posiedzenia zarządu

art. 41 ust. 2 pkt. 4 ustawy z dnia 5 czerwca 1998 r. o samorządzie województwa (tekst jednolity: Dz.U. z 2019 r. poz. 512 z późn. zm.) art. 9 ust. 1 pkt 2, art. 38, art. 39, art. 40, art. 41 ustawy z dnia 11 lipca 2014 r. o zasadach realizacji programów w zakresie polityki spójności finansowanych w perspektywie finansowej 2014–2020 (tekst jednolity: Dz. U. z 2018 r. poz. 1431 z późn. zm.).

Treść

Treść strony

Załączniki

Załączniki do strony

Tytuł strony
