{"id":10571,"name":"uchwala-zarzadu-nr-2664-82-vi-2019-z-dnia-2019-11-20","title":"Uchwa\u0142a zarz\u0105du nr 2664\/82\/VI\/2019 z dnia 2019-11-20","desc":"","header":"Uchwa\u0142a zarz\u0105du nr 2664\/82\/VI\/2019 z dnia 2019-11-20","lead":"\r\nZawarcia aneksu nr 1 do umowy nr 152\/IR\/2019 z dnia 23 stycznia 2015 r. \r\n\r\n","keywords":"","changes":"umieszczenie uchwa\u0142y","menu":"","path":"\/samorzad_wojewodztwa\/zarzad_wojewodztwa\/uchwaly_zarzadu\/uchwala-zarzadu-nr-2664-82-vi-2019-z-dnia-2019-11-20.html","url":"\/samorzad_wojewodztwa\/zarzad_wojewodztwa\/uchwaly_zarzadu\/uchwala-zarzadu-nr-2664-82-vi-2019-z-dnia-2019-11-20.html","infoOwner":"Urz\u0105d Marsza\u0142kowski Wojew\u00f3dztwa \u015al\u0105skiego","dateFirstPublicate":"2019-11-22 11:52:10","dateLastVersionPublicate":"2019-11-22 11:52:10","dateAvailableFrom":"","dateAvailableTo":"","type":"Uchwa\u0142a Zarz\u0105du","pageParams":[{"id":"263","name":"Data posiedzenia","description":"Data posiedzenia","value":"2019-11-20"},{"id":"235","name":"W sprawie","description":"W sprawie","value":"Zawarcie aneksu nr 1 do umowy nr 152\/IR\/2019 z dnia 23 stycznia 2015 r. zawartej przez Wojew\u00f3dztwo \u015al\u0105skie z Wojew\u00f3dzkim Parkiem Kultury i Wypoczynku im. Gen. Jerzego Zi\u0119tka S.A."},{"id":"273","name":"NUMER_UCHWALY_ZARZADU","description":"Numer uchwa\u0142y","value":"2664\/82\/VI\/2019"},{"id":"278","name":"Numer posiedzenia zarz\u0105du","description":"Numer posiedzenia zarz\u0105du","value":"82"},{"id":"261","name":"Na podstawie","description":"podstawa prawna","value":"Na podstawie art. 41 ust. 1 ustawy z dnia 5 czerwca 1998 roku o samorz\u0105dzie wojew\u00f3dztwa na (tekst jednolity Dz. U. z 2019 r. poz. 512 z p\u00f3\u017an. zm.)"}],"components":[{"id":"bf6d5eba-d119-11e7-80a9-005056b46601","type":"ContentWYSIWYG","name":"Tre\u015b\u0107","description":"Tre\u015b\u0107 strony","content":{"content":"\u003Cp\u003EZawiera si\u0119 aneks nr 1 do umowy nr 152\/IR\/2019 z dnia 23 stycznia 2015 r. zawartej przez Wojew\u00f3dztwo \u015al\u0105skie z Wojew\u00f3dzkim Parkiem Kultury i Wypoczynku im. Gen. Jerzego Zi\u0119tka S.A. \u00a0\u00a0\u00a0\u00a0\u00a0z siedzib\u0105 w Chorzowie, Aleja R\u00f3\u017cana 2, dotycz\u0105cej u\u017cyczenia terenu przyleg\u0142ego do Stadionu \u015al\u0105skiego (KL ELKA stacja \u201eStadion\u201d) w celu magazynowania element\u00f3w konstrukcji dachu Stadionu \u015al\u0105skiego w\u00a0postaci \u0142\u0105cznik\u00f3w staliwnych (tzw. \u201ekrokodyli\u201d).\u003C\/p\u003E\n\u003Cp\u003E\u0026nbsp;\u003C\/p\u003E\n\u003Cp\u003E\u00a0\u003C\/p\u003E","promotion":false}},{"id":"bf6dbc25-d119-11e7-80a9-005056b46601","type":"Gallery","name":"Galeria","description":"Galeria"},{"id":"bf6e1f6b-d119-11e7-80a9-005056b46601","type":"Attachment","name":"Za\u0142\u0105czniki","description":"Za\u0142\u0105czniki do strony","content":[{"src":"\/resource\/20770\/aneks+nr+1+umowa+u%25C5%25BCyczenia+%2528krokodyle%2529.doc","extension":"DOC","name":"d1458a086f840ee3f73c1a6e0c1e5c0e.doc","size":"63.5 KB"},{"src":"\/resource\/20770\/uchwa%25C5%2582a+-++Aneks+nr+1+WPKiW.docx","extension":"DOCX","name":"7f1a15c0b8bf2f5e34eebe955e920ca9.docx","size":"21.56 KB"}]},{"id":"eba03b25-d9a7-11e7-b355-005056b70dba","type":"PageTitle","name":"","description":"Tytu\u0142 strony","content":{"title":"Uchwa\u0142a zarz\u0105du nr 2664\/82\/VI\/2019 z dnia 2019-11-20"}},{"id":"eba07701-d9a7-11e7-b355-005056b70dba","type":"PageDescription","name":"","description":"Zajawka strony","content":{"desc":"Zawarcia aneksu nr 1 do umowy nr 152\/IR\/2019 z dnia 23 stycznia 2015 r."}},{"id":"1b1a7940-ff78-11e7-b81e-005056b7801d","type":"SectionDescription","name":"","description":"Zajawka sekcji","content":[]}]}

Uchwała zarządu nr 2664/82/VI/2019 z dnia 2019-11-20

umieszczenie uchwały

Urząd Marszałkowski Województwa Śląskiego

Uchwała Zarządu

Zawarcie aneksu nr 1 do umowy nr 152/IR/2019 z dnia 23 stycznia 2015 r. zawartej przez Województwo Śląskie z Wojewódzkim Parkiem Kultury i Wypoczynku im. Gen. Jerzego Ziętka S.A.

Numer uchwały

Numer posiedzenia zarządu

Na podstawie art. 41 ust. 1 ustawy z dnia 5 czerwca 1998 roku o samorządzie województwa na (tekst jednolity Dz. U. z 2019 r. poz. 512 z późn. zm.)

Treść

Treść strony

<p>Zawiera się aneks nr 1 do umowy nr 152/IR/2019 z dnia 23 stycznia 2015 r. zawartej przez Województwo Śląskie z Wojewódzkim Parkiem Kultury i Wypoczynku im. Gen. Jerzego Ziętka S.A.      z siedzibą w Chorzowie, Aleja Różana 2, dotyczącej użyczenia terenu przyległego do Stadionu Śląskiego (KL ELKA stacja „Stadion”) w celu magazynowania elementów konstrukcji dachu Stadionu Śląskiego w postaci łączników staliwnych (tzw. „krokodyli”).</p>
<p>&nbsp;</p>
<p> </p>

Załączniki

Załączniki do strony

Tytuł strony
