{"id":77882,"name":"uchwala-zarzadu-nr-2677299iv2013-z-dnia-2013-12-03","title":"Uchwa\u0142a zarz\u0105du nr 2677\/299\/IV\/2013 z dnia 2013-12-03","desc":"","header":"Uchwa\u0142a zarz\u0105du nr 2677\/299\/IV\/2013 z dnia 2013-12-03","lead":"","keywords":"","changes":"Migracja danych","menu":"","path":"\/samorzad_wojewodztwa\/zarzad_wojewodztwa\/uchwaly_zarzadu\/uchwala-zarzadu-nr-2677299iv2013-z-dnia-2013-12-03.html","url":"\/samorzad_wojewodztwa\/zarzad_wojewodztwa\/uchwaly_zarzadu\/uchwala-zarzadu-nr-2677299iv2013-z-dnia-2013-12-03.html","infoOwner":"Urz\u0105d Marsza\u0142kowski Wojew\u00f3dztwa \u015al\u0105skiego","dateFirstPublicate":"2013-12-06 16:35:49","dateLastVersionPublicate":"2013-12-06 16:35:49","dateAvailableFrom":"","dateAvailableTo":"","type":"Uchwa\u0142a Zarz\u0105du","pageParams":[{"id":"263","name":"Data posiedzenia","description":"Data posiedzenia","value":"2013-12-03 16:35:49"},{"id":"235","name":"W sprawie","description":"W sprawie","value":"wyra\u017cenia zgody na zbycie aparatury i sprz\u0119tu medycznego przez \r\nSzpital Wojew\u00f3dzki w Bielsku-Bia\u0142ej\r\n"},{"id":"273","name":"NUMER_UCHWALY_ZARZADU","description":"Numer uchwa\u0142y","value":"2677\/299\/IV\/2013"},{"id":"278","name":"Numer posiedzenia zarz\u0105du","description":"Numer posiedzenia zarz\u0105du","value":"299"},{"id":"261","name":"Na podstawie","description":"podstawa prawna","value":"art. 41 ust. 1 ustawy z dnia 5 czerwca 1998 r. o samorz\u0105dzie wojew\u00f3dztwa (tekst jednolity: \r\nDz. U. z 2013 r. poz. 596) w zwi\u0105zku z art. 54 ust. 2 ustawy z dnia 15 kwietnia 2011 roku o dzia\u0142alno\u015bci leczniczej (tekst jednolity: Dz. U. z 2013 r., poz. 217) i \u00a7 6 ust. 1 pkt 1 zasad zbywania, wydzier\u017cawiania, wynajmowania, oddania w u\u017cytkowanie lub u\u017cyczenie aktyw\u00f3w trwa\u0142ych samodzielnych publicznych zak\u0142ad\u00f3w opieki zdrowotnej, dla kt\u00f3rych podmiotem tworz\u0105cym jest Wojew\u00f3dztwo \u015al\u0105skie okre\u015blonych w uchwale \r\nnr 1784\/277\/IV\/2013 Zarz\u0105du Wojew\u00f3dztwa \u015al\u0105skiego z dnia 13 sierpnia 2013 r.\r\n"}],"components":[{"id":"bf6d5eba-d119-11e7-80a9-005056b46601","type":"ContentWYSIWYG","name":"Tre\u015b\u0107","description":"Tre\u015b\u0107 strony","content":{"content":"","promotion":false}},{"id":"bf6dbc25-d119-11e7-80a9-005056b46601","type":"Gallery","name":"Galeria","description":"Galeria"},{"id":"bf6e1f6b-d119-11e7-80a9-005056b46601","type":"Attachment","name":"Za\u0142\u0105czniki","description":"Za\u0142\u0105czniki do strony","content":[{"src":"\/resource\/111929\/Tre%25C5%259B%25C4%2587+uchwa%25C5%2582y.rtf","extension":"RTF","name":"54b0b9c555a57cf24326cdaafdd5009d.rtf","size":"50 KB"}]},{"id":"eba03b25-d9a7-11e7-b355-005056b70dba","type":"PageTitle","name":"","description":"Tytu\u0142 strony","content":{"title":"Uchwa\u0142a zarz\u0105du nr 2677\/299\/IV\/2013 z dnia 2013-12-03"}},{"id":"eba07701-d9a7-11e7-b355-005056b70dba","type":"PageDescription","name":"","description":"Zajawka strony","content":[]},{"id":"1b1a7940-ff78-11e7-b81e-005056b7801d","type":"SectionDescription","name":"","description":"Zajawka sekcji","content":[]}]}

Uchwała zarządu nr 2677/299/IV/2013 z dnia 2013-12-03

Urząd Marszałkowski Województwa Śląskiego

Uchwała Zarządu

wyrażenia zgody na zbycie aparatury i sprzętu medycznego przez 
Szpital Wojewódzki w Bielsku-Białej

Numer uchwały

Numer posiedzenia zarządu

art. 41 ust. 1 ustawy z dnia 5 czerwca 1998 r. o samorządzie województwa (tekst jednolity: 
Dz. U. z 2013 r. poz. 596) w związku z art. 54 ust. 2 ustawy z dnia 15 kwietnia 2011 roku o działalności leczniczej (tekst jednolity: Dz. U. z 2013 r., poz. 217) i § 6 ust. 1 pkt 1 zasad zbywania, wydzierżawiania, wynajmowania, oddania w użytkowanie lub użyczenie aktywów trwałych samodzielnych publicznych zakładów opieki zdrowotnej, dla których podmiotem tworzącym jest Województwo Śląskie określonych w uchwale 
nr 1784/277/IV/2013 Zarządu Województwa Śląskiego z dnia 13 sierpnia 2013 r.

Treść

Treść strony

Załączniki

Załączniki do strony

Tytuł strony
