{"id":108869,"name":"uchwala-zarzadu-nr-2691417iii2010-z-dnia-2010-10-12","title":"Uchwa\u0142a zarz\u0105du nr 2691\/417\/III\/2010 z dnia 2010-10-12","desc":"","header":"Uchwa\u0142a zarz\u0105du nr 2691\/417\/III\/2010 z dnia 2010-10-12","lead":"","keywords":"","changes":"Migracja danych","menu":"","path":"\/samorzad_wojewodztwa\/zarzad_wojewodztwa\/uchwaly_zarzadu\/uchwala-zarzadu-nr-2691417iii2010-z-dnia-2010-10-12.html","url":"\/samorzad_wojewodztwa\/zarzad_wojewodztwa\/uchwaly_zarzadu\/uchwala-zarzadu-nr-2691417iii2010-z-dnia-2010-10-12.html","infoOwner":"Urz\u0105d Marsza\u0142kowski Wojew\u00f3dztwa \u015al\u0105skiego","dateFirstPublicate":"2010-10-26 12:59:41","dateLastVersionPublicate":"2010-10-26 12:59:41","dateAvailableFrom":"","dateAvailableTo":"","type":"Uchwa\u0142a Zarz\u0105du","pageParams":[{"id":"263","name":"Data posiedzenia","description":"Data posiedzenia","value":"2010-10-12 12:59:41"},{"id":"235","name":"W sprawie","description":"W sprawie","value":"\r\nzatwierdzenia Listy rankingowej i przyznania dofinansowania dla projektu z Listy wniosk\u00f3w spe\u0142niaj\u0105cych minimum punktowe, kt\u00f3re zosta\u0142y ocenione przez Komisj\u0119 Oceny Projekt\u00f3w w zwi\u0105zku z pozytywnym rozpatrzeniem protestu w zakresie oceny merytorycznej w ramach konkursu 1\/POKL\/9.1.1\/2010 dla Poddzia\u0142ania 9.1.1 \r\nZmniejszanie nier\u00f3wno\u015bci w stopniu upowszechnienia edukacji przedszkolnej \r\nPriorytetu IX Programu Operacyjnego Kapita\u0142 Ludzki w wojew\u00f3dztwie \u015bl\u0105skim.\r\n\r\n"},{"id":"273","name":"NUMER_UCHWALY_ZARZADU","description":"Numer uchwa\u0142y","value":"2691\/417\/III\/2010"},{"id":"278","name":"Numer posiedzenia zarz\u0105du","description":"Numer posiedzenia zarz\u0105du","value":"417"},{"id":"261","name":"Na podstawie","description":"podstawa prawna","value":"Art. 41 ust. 1 ustawy z dnia 5 czerwca 1998 roku o samorz\u0105dzie wojew\u00f3dztwa (tekst jedn. Dz. U.  z 2001r. Nr 142 poz. 1590 z p\u00f3\u017an. zm.); Art. 27 ust. 1 pkt. 3 oraz  art. 30a ustawy z dnia 6 grudnia 2006r. \r\no zasadach prowadzenia polityki rozwoju (tekst jedn. Dz. U. z 2009r. Nr 84, poz. 712 z p\u00f3\u017an. zm.).\r\n\r\n"}],"components":[{"id":"bf6d5eba-d119-11e7-80a9-005056b46601","type":"ContentWYSIWYG","name":"Tre\u015b\u0107","description":"Tre\u015b\u0107 strony","content":{"content":"","promotion":false}},{"id":"bf6dbc25-d119-11e7-80a9-005056b46601","type":"Gallery","name":"Galeria","description":"Galeria"},{"id":"bf6e1f6b-d119-11e7-80a9-005056b46601","type":"Attachment","name":"Za\u0142\u0105czniki","description":"Za\u0142\u0105czniki do strony","content":[{"src":"\/resource\/161447\/Tre%25C5%259B%25C4%2587+uchwa%25C5%2582y.rtf","extension":"RTF","name":"7365ac2e9b4bf9ab1bf9b4d9df8832f4.rtf","size":"59.15 KB"},{"src":"\/resource\/161450\/Za%25C5%2582%25C4%2585cznik+do+uchwa%25C5%2582y.rtf","extension":"RTF","name":"dff0b7d09ee19ee42b04bcd9a7e558af.rtf","size":"4.1 MB"},{"src":"\/resource\/161453\/Za%25C5%2582%25C4%2585cznik+do+uchwa%25C5%2582y.rtf","extension":"RTF","name":"1a1df4d7147cd313d87b0e332650a630.rtf","size":"2.44 MB"}]},{"id":"eba03b25-d9a7-11e7-b355-005056b70dba","type":"PageTitle","name":"","description":"Tytu\u0142 strony","content":{"title":"Uchwa\u0142a zarz\u0105du nr 2691\/417\/III\/2010 z dnia 2010-10-12"}},{"id":"eba07701-d9a7-11e7-b355-005056b70dba","type":"PageDescription","name":"","description":"Zajawka strony","content":[]},{"id":"1b1a7940-ff78-11e7-b81e-005056b7801d","type":"SectionDescription","name":"","description":"Zajawka sekcji","content":[]}]}

Uchwała zarządu nr 2691/417/III/2010 z dnia 2010-10-12

Urząd Marszałkowski Województwa Śląskiego

Uchwała Zarządu

zatwierdzenia Listy rankingowej i przyznania dofinansowania dla projektu z Listy wniosków spełniających minimum punktowe, które zostały ocenione przez Komisję Oceny Projektów w związku z pozytywnym rozpatrzeniem protestu w zakresie oceny merytorycznej w ramach konkursu 1/POKL/9.1.1/2010 dla Poddziałania 9.1.1 
Zmniejszanie nierówności w stopniu upowszechnienia edukacji przedszkolnej 
Priorytetu IX Programu Operacyjnego Kapitał Ludzki w województwie śląskim.

Numer uchwały

Numer posiedzenia zarządu

Art. 41 ust. 1 ustawy z dnia 5 czerwca 1998 roku o samorządzie województwa (tekst jedn. Dz. U.  z 2001r. Nr 142 poz. 1590 z późn. zm.); Art. 27 ust. 1 pkt. 3 oraz  art. 30a ustawy z dnia 6 grudnia 2006r. 
o zasadach prowadzenia polityki rozwoju (tekst jedn. Dz. U. z 2009r. Nr 84, poz. 712 z późn. zm.).

Treść

Treść strony

Załączniki

Załączniki do strony

Tytuł strony
