{"id":41980,"name":"uchwala-zarzadu-nr-279400vi2023-z-dnia-2023-02-15","title":"Uchwa\u0142a zarz\u0105du nr 279\/400\/VI\/2023 z dnia 2023-02-15","desc":"","header":"Uchwa\u0142a zarz\u0105du nr 279\/400\/VI\/2023 z dnia 2023-02-15","lead":"","keywords":"","changes":"Dodanie artyku\u0142u","menu":"","path":"\/samorzad_wojewodztwa\/zarzad_wojewodztwa\/uchwaly_zarzadu\/uchwala-zarzadu-nr-279400vi2023-z-dnia-2023-02-15.html","url":"\/samorzad_wojewodztwa\/zarzad_wojewodztwa\/uchwaly_zarzadu\/uchwala-zarzadu-nr-279400vi2023-z-dnia-2023-02-15.html","infoOwner":"Urz\u0105d Marsza\u0142kowski Wojew\u00f3dztwa \u015al\u0105skiego","dateFirstPublicate":"2023-02-21 13:24:52","dateLastVersionPublicate":"2023-02-21 13:24:52","dateAvailableFrom":"","dateAvailableTo":"","type":"Uchwa\u0142a Zarz\u0105du","pageParams":[{"id":"263","name":"Data posiedzenia","description":"Data posiedzenia","value":"2023-02-15"},{"id":"235","name":"W sprawie","description":"W sprawie","value":"przyj\u0119cia projektu uchwa\u0142y Sejmiku Wojew\u00f3dztwa \u015al\u0105skiego w sprawie zmiany uchwa\u0142y Nr III\/13\/4\/2007 z dnia 19 wrze\u015bnia 2007 roku (z p\u00f3\u017an.zm.)"},{"id":"273","name":"NUMER_UCHWALY_ZARZADU","description":"Numer uchwa\u0142y","value":"279\/400\/VI\/2023"},{"id":"278","name":"Numer posiedzenia zarz\u0105du","description":"Numer posiedzenia zarz\u0105du","value":"400"},{"id":"261","name":"Na podstawie","description":"podstawa prawna","value":"art. 41 ust. 1 ustawy z dnia 5 czerwca 1998 r. o samorz\u0105dzie wojew\u00f3dztwa (t.j Dz. U. z 2022 r. poz. 2094)"}],"components":[{"id":"bf6d5eba-d119-11e7-80a9-005056b46601","type":"ContentWYSIWYG","name":"Tre\u015b\u0107","description":"Tre\u015b\u0107 strony","content":{"content":"","promotion":false}},{"id":"bf6dbc25-d119-11e7-80a9-005056b46601","type":"Gallery","name":"Galeria","description":"Galeria"},{"id":"bf6e1f6b-d119-11e7-80a9-005056b46601","type":"Attachment","name":"Za\u0142\u0105czniki","description":"Za\u0142\u0105czniki do strony","content":[{"src":"\/resource\/62312\/Uchwa%25C5%2582a+nr+279_400_VI_2023+Zarz%25C4%2585du+Wojew%25C3%25B3dztwa+%25C5%259Al%25C4%2585skiego+z+dnia+15.02.2023+r..docx","extension":"DOCX","name":"90de76cf012d2035809cdb8377332d8a.docx","size":"24.95 KB"},{"src":"\/resource\/62312\/Za%25C5%2582%25C4%2585cznik+nr+1+do+Uchwa%25C5%2582y+nr+279_400_VI_2023+Zarz%25C4%2585du+Wojew%25C3%25B3dztwa+%25C5%259Al%25C4%2585skiego+z+dnia+15.02.2023+r..docx","extension":"DOCX","name":"40b1ea63f472f0080e7c37447862fb6e.docx","size":"19.38 KB"},{"src":"\/resource\/62312\/Za%25C5%2582%25C4%2585cznik+nr+2+do+Uchwa%25C5%2582y+nr+279_400_VI_2023+Zarz%25C4%2585du+Wojew%25C3%25B3dztwa+%25C5%259Al%25C4%2585skiego+z+dnia+15.02.2023+r..rtf","extension":"RTF","name":"3f622c63958eced3418b5de75471daa8.rtf","size":"109.29 KB"},{"src":"\/resource\/62312\/Za%25C5%2582%25C4%2585cznik+nr+3+do+Uchwa%25C5%2582y+nr+279_400_VI_2023+Zarz%25C4%2585du+Wojew%25C3%25B3dztwa+%25C5%259Al%25C4%2585skiego+z+dnia+15.02.2023+r..rtf","extension":"RTF","name":"fa97c63f5ad5c91d387e07477878bc2f.rtf","size":"141.78 KB"}]},{"id":"eba03b25-d9a7-11e7-b355-005056b70dba","type":"PageTitle","name":"","description":"Tytu\u0142 strony","content":{"title":"Uchwa\u0142a zarz\u0105du nr 279\/400\/VI\/2023 z dnia 2023-02-15"}},{"id":"eba07701-d9a7-11e7-b355-005056b70dba","type":"PageDescription","name":"","description":"Zajawka strony","content":[]},{"id":"1b1a7940-ff78-11e7-b81e-005056b7801d","type":"SectionDescription","name":"","description":"Zajawka sekcji","content":[]}]}

Uchwała zarządu nr 279/400/VI/2023 z dnia 2023-02-15

Dodanie artykułu

Urząd Marszałkowski Województwa Śląskiego

Uchwała Zarządu

przyjęcia projektu uchwały Sejmiku Województwa Śląskiego w sprawie zmiany uchwały Nr III/13/4/2007 z dnia 19 września 2007 roku (z późn.zm.)

Numer uchwały

Numer posiedzenia zarządu

art. 41 ust. 1 ustawy z dnia 5 czerwca 1998 r. o samorządzie województwa (t.j Dz. U. z 2022 r. poz. 2094)

Treść

Treść strony

Załączniki

Załączniki do strony

Tytuł strony
