{"id":88583,"name":"uchwala-zarzadu-nr-2802194iv2012-z-dnia-2012-10-09","title":"Uchwa\u0142a zarz\u0105du nr 2802\/194\/IV\/2012 z dnia 2012-10-09","desc":"","header":"Uchwa\u0142a zarz\u0105du nr 2802\/194\/IV\/2012 z dnia 2012-10-09","lead":"","keywords":"","changes":"Migracja danych","menu":"","path":"\/samorzad_wojewodztwa\/zarzad_wojewodztwa\/uchwaly_zarzadu\/uchwala-zarzadu-nr-2802194iv2012-z-dnia-2012-10-09.html","url":"\/samorzad_wojewodztwa\/zarzad_wojewodztwa\/uchwaly_zarzadu\/uchwala-zarzadu-nr-2802194iv2012-z-dnia-2012-10-09.html","infoOwner":"Urz\u0105d Marsza\u0142kowski Wojew\u00f3dztwa \u015al\u0105skiego","dateFirstPublicate":"2012-10-15 09:18:05","dateLastVersionPublicate":"2012-10-15 09:18:05","dateAvailableFrom":"","dateAvailableTo":"","type":"Uchwa\u0142a Zarz\u0105du","pageParams":[{"id":"263","name":"Data posiedzenia","description":"Data posiedzenia","value":"2012-10-09 09:18:04"},{"id":"235","name":"W sprawie","description":"W sprawie","value":"udzielenia pe\u0142nomocnictwa Panu Tomaszowi Macio\u0142 - zast\u0119pcy dyrektora Wydzia\u0142u Europejskiego Funduszu Spo\u0142ecznego Urz\u0119du Marsza\u0142kowskiego Wojew\u00f3dztwa \u015al\u0105skiego"},{"id":"273","name":"NUMER_UCHWALY_ZARZADU","description":"Numer uchwa\u0142y","value":"2802\/194\/IV\/2012"},{"id":"278","name":"Numer posiedzenia zarz\u0105du","description":"Numer posiedzenia zarz\u0105du","value":"194"},{"id":"261","name":"Na podstawie","description":"podstawa prawna","value":"art. 57 ust. 5 ustawy z dnia 5 czerwca 1998 roku o samorz\u0105dzie wojew\u00f3dztwa (tekst jednolity: \r\nDz. U. z 2001 roku Nr 142 poz. 1590 z p\u00f3\u017an. zm.), art. 27 ust. 1 Ustawy z dnia 6 grudnia 2006 r. o zasadach prowadzenia polityki rozwoju (tekst jednolity Dz. U. z 2009 roku., Nr 84, poz. 712 z p\u00f3\u017an. zm.) w zwi\u0105zku \r\nz \u00a7 3 Porozumienia z dnia 22 czerwca 2007 r. w sprawie realizacji komponentu regionalnego w ramach Programu Operacyjnego Kapita\u0142 Ludzki oraz \u00a7 3 Porozumienia z dnia 10 lipca 2008 r. w sprawie powierzenia przetwarzania danych osobowych w ramach realizacji Programu Operacyjnego Kapita\u0142 Ludzki\r\n"}],"components":[{"id":"bf6d5eba-d119-11e7-80a9-005056b46601","type":"ContentWYSIWYG","name":"Tre\u015b\u0107","description":"Tre\u015b\u0107 strony","content":{"content":"","promotion":false}},{"id":"bf6dbc25-d119-11e7-80a9-005056b46601","type":"Gallery","name":"Galeria","description":"Galeria"},{"id":"bf6e1f6b-d119-11e7-80a9-005056b46601","type":"Attachment","name":"Za\u0142\u0105czniki","description":"Za\u0142\u0105czniki do strony","content":[{"src":"\/resource\/129284\/Tre%25C5%259B%25C4%2587+uchwa%25C5%2582y.rtf","extension":"RTF","name":"40494433222b730e2e3c258777601729.rtf","size":"68.27 KB"},{"src":"\/resource\/129287\/Za%25C5%2582%25C4%2585cznik+do+uchwa%25C5%2582y.rtf","extension":"RTF","name":"a557331bbacc323efa29b6c38c50f240.rtf","size":"55.86 KB"}]},{"id":"eba03b25-d9a7-11e7-b355-005056b70dba","type":"PageTitle","name":"","description":"Tytu\u0142 strony","content":{"title":"Uchwa\u0142a zarz\u0105du nr 2802\/194\/IV\/2012 z dnia 2012-10-09"}},{"id":"eba07701-d9a7-11e7-b355-005056b70dba","type":"PageDescription","name":"","description":"Zajawka strony","content":[]},{"id":"1b1a7940-ff78-11e7-b81e-005056b7801d","type":"SectionDescription","name":"","description":"Zajawka sekcji","content":[]}]}

Uchwała zarządu nr 2802/194/IV/2012 z dnia 2012-10-09

Urząd Marszałkowski Województwa Śląskiego

Uchwała Zarządu

udzielenia pełnomocnictwa Panu Tomaszowi Macioł - zastępcy dyrektora Wydziału Europejskiego Funduszu Społecznego Urzędu Marszałkowskiego Województwa Śląskiego

Numer uchwały

Numer posiedzenia zarządu

art. 57 ust. 5 ustawy z dnia 5 czerwca 1998 roku o samorządzie województwa (tekst jednolity: 
Dz. U. z 2001 roku Nr 142 poz. 1590 z późn. zm.), art. 27 ust. 1 Ustawy z dnia 6 grudnia 2006 r. o zasadach prowadzenia polityki rozwoju (tekst jednolity Dz. U. z 2009 roku., Nr 84, poz. 712 z późn. zm.) w związku 
z § 3 Porozumienia z dnia 22 czerwca 2007 r. w sprawie realizacji komponentu regionalnego w ramach Programu Operacyjnego Kapitał Ludzki oraz § 3 Porozumienia z dnia 10 lipca 2008 r. w sprawie powierzenia przetwarzania danych osobowych w ramach realizacji Programu Operacyjnego Kapitał Ludzki

Treść

Treść strony

Załączniki

Załączniki do strony

Tytuł strony
