{"id":41952,"name":"uchwala-zarzadu-nr-281400vi2023-z-dnia-2023-02-15","title":"Uchwa\u0142a zarz\u0105du nr 281\/400\/VI\/2023 z dnia 2023-02-15","desc":"","header":"Uchwa\u0142a zarz\u0105du nr 281\/400\/VI\/2023 z dnia 2023-02-15","lead":"","keywords":"","changes":"Dodanie artyku\u0142u","menu":"","path":"\/samorzad_wojewodztwa\/zarzad_wojewodztwa\/uchwaly_zarzadu\/uchwala-zarzadu-nr-281400vi2023-z-dnia-2023-02-15.html","url":"\/samorzad_wojewodztwa\/zarzad_wojewodztwa\/uchwaly_zarzadu\/uchwala-zarzadu-nr-281400vi2023-z-dnia-2023-02-15.html","infoOwner":"Urz\u0105d Marsza\u0142kowski Wojew\u00f3dztwa \u015al\u0105skiego","dateFirstPublicate":"2023-02-21 08:41:01","dateLastVersionPublicate":"2023-02-21 08:41:01","dateAvailableFrom":"","dateAvailableTo":"","type":"Uchwa\u0142a Zarz\u0105du","pageParams":[{"id":"263","name":"Data posiedzenia","description":"Data posiedzenia","value":"2023-02-15"},{"id":"235","name":"W sprawie","description":"W sprawie","value":"przyj\u0119cia Modelu Wdra\u017cania Instrument\u00f3w Finansowych w ramach FE SL 2021-2027 i wyra\u017cenia zgody na rozpocz\u0119cie rozm\u00f3w z kandydatami do roli Funduszy Powierniczych"},{"id":"273","name":"NUMER_UCHWALY_ZARZADU","description":"Numer uchwa\u0142y","value":"281\/400\/VI\/2023"},{"id":"278","name":"Numer posiedzenia zarz\u0105du","description":"Numer posiedzenia zarz\u0105du","value":"400"},{"id":"261","name":"Na podstawie","description":"podstawa prawna","value":"art. 41 ust. 2 pkt 4 ustawy z dnia 5 czerwca 1998 r. o samorz\u0105dzie wojew\u00f3dztwa  (tekst jednolity Dz. U. z 2022 r. poz. 2094), art. 59 ust. 1, ust. 2 oraz ust. 3 lit. a) i lit. c) Rozporz\u0105dzenia Parlamentu Europejskiego i Rady (UE) 2021\/1060 z dnia 24 czerwca 2021 r. ustanawiaj\u0105cego wsp\u00f3lne przepisy dotycz\u0105ce Europejskiego Funduszu Rozwoju Regionalnego, Europejskiego Funduszu Spo\u0142ecznego Plus, Funduszu Sp\u00f3jno\u015bci, Funduszu na rzecz Sprawiedliwej Transformacji i Europejskiego Funduszu Morskiego, Rybackiego i Akwakultury, a tak\u017ce przepisy finansowe na potrzeby tych funduszy oraz na potrzeby Funduszu Azylu, Migracji i Integracji, Funduszu Bezpiecze\u0144stwa Wewn\u0119trznego i Instrumentu Wsparcia Finansowego na rzecz Zarz\u0105dzania Granicami i Polityki Wizowej (Dz. U. UE L 231\/159) (dalej: rozporz\u0105dzenie ramowe)"}],"components":[{"id":"bf6d5eba-d119-11e7-80a9-005056b46601","type":"ContentWYSIWYG","name":"Tre\u015b\u0107","description":"Tre\u015b\u0107 strony","content":{"content":"","promotion":false}},{"id":"bf6dbc25-d119-11e7-80a9-005056b46601","type":"Gallery","name":"Galeria","description":"Galeria"},{"id":"bf6e1f6b-d119-11e7-80a9-005056b46601","type":"Attachment","name":"Za\u0142\u0105czniki","description":"Za\u0142\u0105czniki do strony","content":[{"src":"\/resource\/62282\/2+Uchwa%25C5%2582a+nr+281_400_VI_2023+z+dnia+15_02_2023r..docx","extension":"DOCX","name":"972869d6683f023d62d49967985c2466.docx","size":"22.27 KB"},{"src":"\/resource\/62282\/3+Za%25C5%2582%25C4%2585cznik+do+Uchwa%25C5%2582y+-+Model+wdra%25C5%25BCania+IF+w+ramach+FE+2021-2027.docx","extension":"DOCX","name":"963d14aef9f13ecad2c0701ac18c825f.docx","size":"20.84 KB"}]},{"id":"eba03b25-d9a7-11e7-b355-005056b70dba","type":"PageTitle","name":"","description":"Tytu\u0142 strony","content":{"title":"Uchwa\u0142a zarz\u0105du nr 281\/400\/VI\/2023 z dnia 2023-02-15"}},{"id":"eba07701-d9a7-11e7-b355-005056b70dba","type":"PageDescription","name":"","description":"Zajawka strony","content":[]},{"id":"1b1a7940-ff78-11e7-b81e-005056b7801d","type":"SectionDescription","name":"","description":"Zajawka sekcji","content":[]}]}

Uchwała zarządu nr 281/400/VI/2023 z dnia 2023-02-15

Dodanie artykułu

Urząd Marszałkowski Województwa Śląskiego

Uchwała Zarządu

przyjęcia Modelu Wdrażania Instrumentów Finansowych w ramach FE SL 2021-2027 i wyrażenia zgody na rozpoczęcie rozmów z kandydatami do roli Funduszy Powierniczych

Numer uchwały

Numer posiedzenia zarządu

art. 41 ust. 2 pkt 4 ustawy z dnia 5 czerwca 1998 r. o samorządzie województwa  (tekst jednolity Dz. U. z 2022 r. poz. 2094), art. 59 ust. 1, ust. 2 oraz ust. 3 lit. a) i lit. c) Rozporządzenia Parlamentu Europejskiego i Rady (UE) 2021/1060 z dnia 24 czerwca 2021 r. ustanawiającego wspólne przepisy dotyczące Europejskiego Funduszu Rozwoju Regionalnego, Europejskiego Funduszu Społecznego Plus, Funduszu Spójności, Funduszu na rzecz Sprawiedliwej Transformacji i Europejskiego Funduszu Morskiego, Rybackiego i Akwakultury, a także przepisy finansowe na potrzeby tych funduszy oraz na potrzeby Funduszu Azylu, Migracji i Integracji, Funduszu Bezpieczeństwa Wewnętrznego i Instrumentu Wsparcia Finansowego na rzecz Zarządzania Granicami i Polityki Wizowej (Dz. U. UE L 231/159) (dalej: rozporządzenie ramowe)

Treść

Treść strony

Załączniki

Załączniki do strony

Tytuł strony
