{"id":16308,"name":"uchwala-zarzadu-nr-2819-192-vi-2020-z-dnia-2020-12-02","title":"Uchwa\u0142a zarz\u0105du nr 2819\/192\/VI\/2020 z dnia 2020-12-02","desc":"","header":"Uchwa\u0142a zarz\u0105du nr 2819\/192\/VI\/2020 z dnia 2020-12-02","lead":"","keywords":"","changes":"Publikacja Uchwa\u0142y Zarz\u0105du","menu":"","path":"\/samorzad_wojewodztwa\/zarzad_wojewodztwa\/uchwaly_zarzadu\/uchwala-zarzadu-nr-2819-192-vi-2020-z-dnia-2020-12-02.html","url":"\/samorzad_wojewodztwa\/zarzad_wojewodztwa\/uchwaly_zarzadu\/uchwala-zarzadu-nr-2819-192-vi-2020-z-dnia-2020-12-02.html","infoOwner":"Urz\u0105d Marsza\u0142kowski Wojew\u00f3dztwa \u015al\u0105skiego","dateFirstPublicate":"2020-12-08 14:33:06","dateLastVersionPublicate":"2020-12-08 14:34:20","dateAvailableFrom":"2020-12-08 14:33:01","dateAvailableTo":"","type":"Uchwa\u0142a Zarz\u0105du","pageParams":[{"id":"263","name":"Data posiedzenia","description":"Data posiedzenia","value":"2020-12-02"},{"id":"235","name":"W sprawie","description":"W sprawie","value":"odst\u0105pienia od realizacji zadania pod nazw\u0105 \u201ePostaw na zdrowy tryb \u017cycia - regionalny dzie\u0144 zdrowia dla mieszka\u0144c\u00f3w powiatu raciborskiego i wodzis\u0142awskiego\u201d wybranego przez mieszka\u0144c\u00f3w i zatwierdzonego do realizacji w ramach I edycji Marsza\u0142kowskiego Bud\u017cetu Obywatelskiego Wojew\u00f3dztwa \u015al\u0105skiego."},{"id":"273","name":"NUMER_UCHWALY_ZARZADU","description":"Numer uchwa\u0142y","value":"2819\/192\/VI\/2020"},{"id":"278","name":"Numer posiedzenia zarz\u0105du","description":"Numer posiedzenia zarz\u0105du","value":"192"},{"id":"261","name":"Na podstawie","description":"podstawa prawna","value":"art. 41 ust. 1 ustawy z 5 czerwca 1998 roku o samorz\u0105dzie wojew\u00f3dztwa (t.j. Dz. U. z 2020 poz. 1668 z p\u00f3\u017an zm.), \u00a7 5 ust. 8 Regulaminu Marsza\u0142kowskiego Bud\u017cetu Obywatelskiego Wojew\u00f3dztwa \u015al\u0105skiego stanowi\u0105cy za\u0142\u0105cznik do uchwa\u0142y nr V\/59\/2\/2018 Sejmiku Wojew\u00f3dztwa \u015al\u0105skiego z dnia 18 pa\u017adziernika 2018 r. w sprawie okre\u015blenia wymaga\u0144, jakie powinien spe\u0142nia\u0107 projekt bud\u017cetu obywatelskiego Wojew\u00f3dztwa \u015al\u0105skiego (t.j. Dz. Urz. Woj. \u015al. z 2019 r. poz. 5919, z p\u00f3\u017an. zm.), rozporz\u0105dzenia Ministra Zdrowia z dnia 20 marca 2020 r. w sprawie og\u0142oszenia na terenie Rzeczypospolitej Polskiej stanu epidemii (t.j. Dz. U z 2020 r. poz. 491 z p\u00f3\u017an. zm.), ustawy z dnia 2 marca 2020 r. o szczeg\u00f3lnych rozwi\u0105zaniach zwi\u0105zanych z zapobieganiem, przeciwdzia\u0142aniem i zwalczaniem COVID-19, innych chor\u00f3b zaka\u017anych oraz wywo\u0142anych nimi sytuacji kryzysowych (t.j. Dz. U. z 2020 r., poz. 1842), ustawy z dnia 5 grudnia 2008 r. o zapobieganiu oraz zwalczaniu zaka\u017ce\u0144 i chor\u00f3b zaka\u017anych u ludzi (t.j. Dz. U. z 2020 r. poz. 1845)."}],"components":[{"id":"bf6d5eba-d119-11e7-80a9-005056b46601","type":"ContentWYSIWYG","name":"Tre\u015b\u0107","description":"Tre\u015b\u0107 strony","content":{"content":"","promotion":false}},{"id":"bf6dbc25-d119-11e7-80a9-005056b46601","type":"Gallery","name":"Galeria","description":"Galeria"},{"id":"bf6e1f6b-d119-11e7-80a9-005056b46601","type":"Attachment","name":"Za\u0142\u0105czniki","description":"Za\u0142\u0105czniki do strony","content":[{"src":"\/resource\/32600\/2819.rtf","extension":"RTF","name":"b829a293b137373d3f7d58f9efbb00be.rtf","size":"317.22 KB"}]},{"id":"eba03b25-d9a7-11e7-b355-005056b70dba","type":"PageTitle","name":"","description":"Tytu\u0142 strony","content":{"title":"Uchwa\u0142a zarz\u0105du nr 2819\/192\/VI\/2020 z dnia 2020-12-02"}},{"id":"eba07701-d9a7-11e7-b355-005056b70dba","type":"PageDescription","name":"","description":"Zajawka strony","content":[]},{"id":"1b1a7940-ff78-11e7-b81e-005056b7801d","type":"SectionDescription","name":"","description":"Zajawka sekcji","content":[]}]}

Uchwała zarządu nr 2819/192/VI/2020 z dnia 2020-12-02

Publikacja Uchwały Zarządu

Urząd Marszałkowski Województwa Śląskiego

Uchwała Zarządu

odstąpienia od realizacji zadania pod nazwą „Postaw na zdrowy tryb życia - regionalny dzień zdrowia dla mieszkańców powiatu raciborskiego i wodzisławskiego” wybranego przez mieszkańców i zatwierdzonego do realizacji w ramach I edycji Marszałkowskiego Budżetu Obywatelskiego Województwa Śląskiego.

Numer uchwały

Numer posiedzenia zarządu

art. 41 ust. 1 ustawy z 5 czerwca 1998 roku o samorządzie województwa (t.j. Dz. U. z 2020 poz. 1668 z późn zm.), § 5 ust. 8 Regulaminu Marszałkowskiego Budżetu Obywatelskiego Województwa Śląskiego stanowiący załącznik do uchwały nr V/59/2/2018 Sejmiku Województwa Śląskiego z dnia 18 października 2018 r. w sprawie określenia wymagań, jakie powinien spełniać projekt budżetu obywatelskiego Województwa Śląskiego (t.j. Dz. Urz. Woj. Śl. z 2019 r. poz. 5919, z późn. zm.), rozporządzenia Ministra Zdrowia z dnia 20 marca 2020 r. w sprawie ogłoszenia na terenie Rzeczypospolitej Polskiej stanu epidemii (t.j. Dz. U z 2020 r. poz. 491 z późn. zm.), ustawy z dnia 2 marca 2020 r. o szczególnych rozwiązaniach związanych z zapobieganiem, przeciwdziałaniem i zwalczaniem COVID-19, innych chorób zakaźnych oraz wywołanych nimi sytuacji kryzysowych (t.j. Dz. U. z 2020 r., poz. 1842), ustawy z dnia 5 grudnia 2008 r. o zapobieganiu oraz zwalczaniu zakażeń i chorób zakaźnych u ludzi (t.j. Dz. U. z 2020 r. poz. 1845).

Treść

Treść strony

Załączniki

Załączniki do strony

Tytuł strony
