{"id":38153,"name":"uchwala-zarzadu-nr-2829301iv2013-z-dnia-2013-12-17","title":"Uchwa\u0142a zarz\u0105du nr 2829\/301\/IV\/2013 z dnia 2013-12-17","desc":"","header":"Uchwa\u0142a zarz\u0105du nr 2829\/301\/IV\/2013 z dnia 2013-12-17","lead":"","keywords":"","changes":"Migracja danych","menu":"","path":"\/samorzad_wojewodztwa\/zarzad_wojewodztwa\/uchwaly_zarzadu\/uchwala-zarzadu-nr-2829301iv2013-z-dnia-2013-12-17.html","url":"\/samorzad_wojewodztwa\/zarzad_wojewodztwa\/uchwaly_zarzadu\/uchwala-zarzadu-nr-2829301iv2013-z-dnia-2013-12-17.html","infoOwner":"Urz\u0105d Marsza\u0142kowski Wojew\u00f3dztwa \u015al\u0105skiego","dateFirstPublicate":"2022-09-19 10:27:56","dateLastVersionPublicate":"2022-09-19 10:27:56","dateAvailableFrom":"2013-12-23 00:00:00","dateAvailableTo":"","type":"Uchwa\u0142a Zarz\u0105du","pageParams":[{"id":"263","name":"Data posiedzenia","description":"Data posiedzenia","value":"2013-12-17"},{"id":"235","name":"W sprawie","description":"W sprawie","value":"przyznania dofinansowania dla projektu systemowego Instytucji Po\u015brednicz\u0105cej pt. \u201eSie\u0107 Regionalnych Obserwatori\u00f3w Specjalistycznych\u201d realizowanego przez Wojew\u00f3dztwo \u015al\u0105skie\/Wydzia\u0142 EFS\/Zesp\u00f3\u0142 ds. RIS w partnerstwie z G\u0142\u00f3wnym Instytutem G\u00f3rnictwa, Parkiem Naukowo\u2013Technologicznym \u201eTECHNOPARK GLIWICE\u201d Sp. z o.o., Konsorcjum: G\u00f3rno\u015bl\u0105ska Agencja Promocji Przedsi\u0119biorczo\u015bci S.A., Fundacja Rozwoju Kardiochirurgii im. Prof. Zbigniewa Religi; Instytut Technologii i Aparatury Medycznej; Lider Konsorcjum GAPP S.A. oraz Parkiem Naukowo\u2013Technologicznym Euro\u2013Centrum Sp. z o.o. w ramach Programu Operacyjnego Kapita\u0142 Ludzki 2007-2013, Priorytetu VIII \u201eRegionalne kadry gospodarki\u201d, Dzia\u0142ania 8.1 \u201eRozw\u00f3j pracownik\u00f3w i przedsi\u0119biorstw w regionie\u201d, Poddzia\u0142ania 8.1.2 \u201eWsparcie proces\u00f3w adaptacyjnych i modernizacyjnych w regionie\u201d."},{"id":"273","name":"NUMER_UCHWALY_ZARZADU","description":"Numer uchwa\u0142y","value":"2829\/301\/IV\/2013"},{"id":"278","name":"Numer posiedzenia zarz\u0105du","description":"Numer posiedzenia zarz\u0105du","value":"301"},{"id":"261","name":"Na podstawie","description":"podstawa prawna","value":"art. 41 ust. 1 ustawy z dnia 5 czerwca 1998 r. o samorz\u0105dzie wojew\u00f3dztwa (tekst jednolity: Dz. U. z 2013 r. poz. 596 z p\u00f3zn. zm.); art. 5 pkt 9 oraz 28 ust. 1 pkt 2 oraz ust. 2 ustawy z dnia 6 grudnia 2006 r. o zasadach prowadzenia polityki rozwoju (tekst jednolity: Dz. U. z 2009 r., Nr 84, poz. 712 z p\u00f3zn. zm.); \u00a7 3 ust. 2 pkt b Porozumienia nr 4\/2007 w sprawie dofinansowania Dzia\u0142ania 8.1 \u201eRozw\u00f3j pracownik\u00f3w i przedsi\u0119biorstw w regionie\u201d w ramach Programu Operacyjnego Kapita\u0142 Ludzki z dnia 24 wrze\u015bnia 2007 r. z p\u00f3zn. zm., \u00a7 16 i 17 Regulaminu dokonywania oceny merytorycznej projekt\u00f3w w ramach komponentu regionalnego Programu Operacyjnego Kapita\u0142 Ludzki w Wojew\u00f3dztwie \u015al\u0105skim stanowi\u0105cego za\u0142\u0105cznik do Uchwa\u0142y Nr 879\/252\/IV\/2013 Zarz\u0105du Wojew\u00f3dztwa \u015al\u0105skiego z dnia 30 kwietnia 2013 r."}],"components":[{"id":"bf6d5eba-d119-11e7-80a9-005056b46601","type":"ContentWYSIWYG","name":"Tre\u015b\u0107","description":"Tre\u015b\u0107 strony","content":{"content":"","promotion":false}},{"id":"bf6dbc25-d119-11e7-80a9-005056b46601","type":"Gallery","name":"Galeria","description":"Galeria"},{"id":"bf6e1f6b-d119-11e7-80a9-005056b46601","type":"Attachment","name":"Za\u0142\u0105czniki","description":"Za\u0142\u0105czniki do strony","content":[{"src":"\/resource\/58166\/Uchwa%25C5%2582a+nr+2829+301+IV+2013.rtf","extension":"RTF","name":"09a23678496efa0320b99de210298a62.rtf","size":"187.7 KB"}]},{"id":"eba03b25-d9a7-11e7-b355-005056b70dba","type":"PageTitle","name":"","description":"Tytu\u0142 strony","content":{"title":"Uchwa\u0142a zarz\u0105du nr 2829\/301\/IV\/2013 z dnia 2013-12-17"}},{"id":"eba07701-d9a7-11e7-b355-005056b70dba","type":"PageDescription","name":"","description":"Zajawka strony","content":[]},{"id":"1b1a7940-ff78-11e7-b81e-005056b7801d","type":"SectionDescription","name":"","description":"Zajawka sekcji","content":[]}]}

Uchwała zarządu nr 2829/301/IV/2013 z dnia 2013-12-17

Urząd Marszałkowski Województwa Śląskiego

Uchwała Zarządu

przyznania dofinansowania dla projektu systemowego Instytucji Pośredniczącej pt. „Sieć Regionalnych Obserwatoriów Specjalistycznych” realizowanego przez Województwo Śląskie/Wydział EFS/Zespół ds. RIS w partnerstwie z Głównym Instytutem Górnictwa, Parkiem Naukowo–Technologicznym „TECHNOPARK GLIWICE” Sp. z o.o., Konsorcjum: Górnośląska Agencja Promocji Przedsiębiorczości S.A., Fundacja Rozwoju Kardiochirurgii im. Prof. Zbigniewa Religi; Instytut Technologii i Aparatury Medycznej; Lider Konsorcjum GAPP S.A. oraz Parkiem Naukowo–Technologicznym Euro–Centrum Sp. z o.o. w ramach Programu Operacyjnego Kapitał Ludzki 2007-2013, Priorytetu VIII „Regionalne kadry gospodarki”, Działania 8.1 „Rozwój pracowników i przedsiębiorstw w regionie”, Poddziałania 8.1.2 „Wsparcie procesów adaptacyjnych i modernizacyjnych w regionie”.

Numer uchwały

Numer posiedzenia zarządu

art. 41 ust. 1 ustawy z dnia 5 czerwca 1998 r. o samorządzie województwa (tekst jednolity: Dz. U. z 2013 r. poz. 596 z pózn. zm.); art. 5 pkt 9 oraz 28 ust. 1 pkt 2 oraz ust. 2 ustawy z dnia 6 grudnia 2006 r. o zasadach prowadzenia polityki rozwoju (tekst jednolity: Dz. U. z 2009 r., Nr 84, poz. 712 z pózn. zm.); § 3 ust. 2 pkt b Porozumienia nr 4/2007 w sprawie dofinansowania Działania 8.1 „Rozwój pracowników i przedsiębiorstw w regionie” w ramach Programu Operacyjnego Kapitał Ludzki z dnia 24 września 2007 r. z pózn. zm., § 16 i 17 Regulaminu dokonywania oceny merytorycznej projektów w ramach komponentu regionalnego Programu Operacyjnego Kapitał Ludzki w Województwie Śląskim stanowiącego załącznik do Uchwały Nr 879/252/IV/2013 Zarządu Województwa Śląskiego z dnia 30 kwietnia 2013 r.

Treść

Treść strony

Załączniki

Załączniki do strony

Tytuł strony
