{"id":16421,"name":"uchwala-zarzadu-nr-2891-194-vi-2020-z-dnia-2020-12-09","title":"Uchwa\u0142a zarz\u0105du nr 2891\/194\/VI\/2020 z dnia 2020-12-09","desc":"","header":"Uchwa\u0142a zarz\u0105du nr 2891\/194\/VI\/2020 z dnia 2020-12-09","lead":"","keywords":"","changes":"Publikacja Uchwa\u0142y Zarz\u0105du","menu":"","path":"\/samorzad_wojewodztwa\/zarzad_wojewodztwa\/uchwaly_zarzadu\/uchwala-zarzadu-nr-2891-194-vi-2020-z-dnia-2020-12-09.html","url":"\/samorzad_wojewodztwa\/zarzad_wojewodztwa\/uchwaly_zarzadu\/uchwala-zarzadu-nr-2891-194-vi-2020-z-dnia-2020-12-09.html","infoOwner":"Urz\u0105d Marsza\u0142kowski Wojew\u00f3dztwa \u015al\u0105skiego","dateFirstPublicate":"2020-12-15 12:35:33","dateLastVersionPublicate":"2020-12-15 12:39:47","dateAvailableFrom":"2020-12-15 12:35:27","dateAvailableTo":"","type":"Uchwa\u0142a Zarz\u0105du","pageParams":[{"id":"263","name":"Data posiedzenia","description":"Data posiedzenia","value":"2020-12-09"},{"id":"235","name":"W sprawie","description":"W sprawie","value":"zawarcia Aneksu Nr 9 do Umowy Nr 3705\/ZD\/2017 z dnia 20 listopada 2017 r. zawartej pomi\u0119dzy Wojew\u00f3dztwem \u015al\u0105skim a Regionaln\u0105 Fundacj\u0105 Pomocy Niewidomym z siedzib\u0105 w Chorzowie"},{"id":"273","name":"NUMER_UCHWALY_ZARZADU","description":"Numer uchwa\u0142y","value":"2891\/194\/VI\/2020"},{"id":"278","name":"Numer posiedzenia zarz\u0105du","description":"Numer posiedzenia zarz\u0105du","value":"194"},{"id":"261","name":"Na podstawie","description":"podstawa prawna","value":"art. 41 ust. 1 ustawy z dnia 5 czerwca 1998 r. o samorz\u0105dzie wojew\u00f3dztwa (tekst jednolity: Dz. U. z 2020 r. poz. 1668 z p\u00f3\u017an. zm.), art. 35 ust.1 pkt 6 ustawy z dnia 27 sierpnia 1997 r. o rehabilitacji zawodowej i spo\u0142ecznej oraz zatrudnianiu os\u00f3b niepe\u0142nosprawnych (tekst jednolity: Dz. U. z 2020 r., poz. 426 z p\u00f3\u017an. zm.), przepis\u00f3w rozporz\u0105dzenia Ministra Pracy i Polityki Spo\u0142ecznej z dnia 17 lipca 2012 r. w sprawie zak\u0142ad\u00f3w aktywno\u015bci zawodowej (Dz. U. z 2012 r., poz. 850)"}],"components":[{"id":"bf6d5eba-d119-11e7-80a9-005056b46601","type":"ContentWYSIWYG","name":"Tre\u015b\u0107","description":"Tre\u015b\u0107 strony","content":{"content":"","promotion":false}},{"id":"bf6dbc25-d119-11e7-80a9-005056b46601","type":"Gallery","name":"Galeria","description":"Galeria"},{"id":"bf6e1f6b-d119-11e7-80a9-005056b46601","type":"Attachment","name":"Za\u0142\u0105czniki","description":"Za\u0142\u0105czniki do strony","content":[{"src":"\/resource\/32835\/2891.rtf","extension":"RTF","name":"029111db3506a0369852a1908e362d4c.rtf","size":"90.91 KB"},{"src":"\/resource\/32835\/2891+za%25C5%2582.rtf","extension":"RTF","name":"cf6db04a3d7d9bdf7713508cb22334d2.rtf","size":"165.32 KB"}]},{"id":"eba03b25-d9a7-11e7-b355-005056b70dba","type":"PageTitle","name":"","description":"Tytu\u0142 strony","content":{"title":"Uchwa\u0142a zarz\u0105du nr 2891\/194\/VI\/2020 z dnia 2020-12-09"}},{"id":"eba07701-d9a7-11e7-b355-005056b70dba","type":"PageDescription","name":"","description":"Zajawka strony","content":[]},{"id":"1b1a7940-ff78-11e7-b81e-005056b7801d","type":"SectionDescription","name":"","description":"Zajawka sekcji","content":[]}]}

Uchwała zarządu nr 2891/194/VI/2020 z dnia 2020-12-09

Publikacja Uchwały Zarządu

Urząd Marszałkowski Województwa Śląskiego

Uchwała Zarządu

zawarcia Aneksu Nr 9 do Umowy Nr 3705/ZD/2017 z dnia 20 listopada 2017 r. zawartej pomiędzy Województwem Śląskim a Regionalną Fundacją Pomocy Niewidomym z siedzibą w Chorzowie

Numer uchwały

Numer posiedzenia zarządu

art. 41 ust. 1 ustawy z dnia 5 czerwca 1998 r. o samorządzie województwa (tekst jednolity: Dz. U. z 2020 r. poz. 1668 z późn. zm.), art. 35 ust.1 pkt 6 ustawy z dnia 27 sierpnia 1997 r. o rehabilitacji zawodowej i społecznej oraz zatrudnianiu osób niepełnosprawnych (tekst jednolity: Dz. U. z 2020 r., poz. 426 z późn. zm.), przepisów rozporządzenia Ministra Pracy i Polityki Społecznej z dnia 17 lipca 2012 r. w sprawie zakładów aktywności zawodowej (Dz. U. z 2012 r., poz. 850)

Treść

Treść strony

Załączniki

Załączniki do strony

Tytuł strony
