{"id":38005,"name":"uchwala-zarzadu-nr-2898302iv2013-z-dnia-2013-12-23","title":"Uchwa\u0142a zarz\u0105du nr 2898\/302\/IV\/2013 z dnia 2013-12-23","desc":"","header":"Uchwa\u0142a zarz\u0105du nr 2898\/302\/IV\/2013 z dnia 2013-12-23","lead":"","keywords":"","changes":"Migracja danych","menu":"","path":"\/samorzad_wojewodztwa\/zarzad_wojewodztwa\/uchwaly_zarzadu\/uchwala-zarzadu-nr-2898302iv2013-z-dnia-2013-12-23.html","url":"\/samorzad_wojewodztwa\/zarzad_wojewodztwa\/uchwaly_zarzadu\/uchwala-zarzadu-nr-2898302iv2013-z-dnia-2013-12-23.html","infoOwner":"Urz\u0105d Marsza\u0142kowski Wojew\u00f3dztwa \u015al\u0105skiego","dateFirstPublicate":"2022-09-14 12:02:12","dateLastVersionPublicate":"2022-09-14 12:02:12","dateAvailableFrom":"2014-01-03 00:00:00","dateAvailableTo":"","type":"Uchwa\u0142a Zarz\u0105du","pageParams":[{"id":"263","name":"Data posiedzenia","description":"Data posiedzenia","value":"2013-12-23"},{"id":"235","name":"W sprawie","description":"W sprawie","value":"zawarcia aneksu nr 1 do umowy nr 5468\/ZD\/2012 z dnia 10.12.2012 roku z Wojewod\u0105 \u015al\u0105skim (nr 805.19.14.2012) o dofinansowanie ze \u015brodk\u00f3w dotacji celowej bud\u017cetu pa\u0144stwa zadania pn. \u201eKompleksowa modernizacja oddzia\u0142\u00f3w \u0142\u00f3\u017ckowych celem dostosowania pomieszcze\u0144 do obowi\u0105zuj\u0105cych przepis\u00f3w i standard\u00f3w w Wojew\u00f3dzkim Szpitalu Specjalistycznym nr 5 im. \u015bw. Barbary w Sosnowcu\u201d"},{"id":"273","name":"NUMER_UCHWALY_ZARZADU","description":"Numer uchwa\u0142y","value":"2898\/302\/IV\/2013"},{"id":"278","name":"Numer posiedzenia zarz\u0105du","description":"Numer posiedzenia zarz\u0105du","value":"302"},{"id":"261","name":"Na podstawie","description":"podstawa prawna","value":"art. 41 ust. 1 ustawy z dnia 5 czerwca 1998 r. o samorz\u0105dzie wojew\u00f3dztwa (tekst jednolity; Dz. U. 2013 r. poz. 596 z p\u00f3zn. zm.) oraz art. 20a ust. 2 ustawy z dnia 6 grudnia 2006 r. o zasadach prowadzenia polityki rozwoju (Dz. U. z 2009 r. Nr 84, poz. 712 z p\u00f3zn. zm.) oraz w zwi\u0105zku z art. 150 i art. 153 ust. 1 ustawy z dnia 27 sierpnia 2009 r. o finansach publicznych (Dz. U. 2013 r. poz. 885 z p\u00f3zn. zm.)"}],"components":[{"id":"bf6d5eba-d119-11e7-80a9-005056b46601","type":"ContentWYSIWYG","name":"Tre\u015b\u0107","description":"Tre\u015b\u0107 strony","content":{"content":"","promotion":false}},{"id":"bf6dbc25-d119-11e7-80a9-005056b46601","type":"Gallery","name":"Galeria","description":"Galeria"},{"id":"bf6e1f6b-d119-11e7-80a9-005056b46601","type":"Attachment","name":"Za\u0142\u0105czniki","description":"Za\u0142\u0105czniki do strony","content":[{"src":"\/resource\/57995\/Uchwa%25C5%2582a+nr+2898+302+IV+2013.rtf","extension":"RTF","name":"47d4bfe3c65c5a69aceaa50b0d534065.rtf","size":"63.27 KB"}]},{"id":"eba03b25-d9a7-11e7-b355-005056b70dba","type":"PageTitle","name":"","description":"Tytu\u0142 strony","content":{"title":"Uchwa\u0142a zarz\u0105du nr 2898\/302\/IV\/2013 z dnia 2013-12-23"}},{"id":"eba07701-d9a7-11e7-b355-005056b70dba","type":"PageDescription","name":"","description":"Zajawka strony","content":[]},{"id":"1b1a7940-ff78-11e7-b81e-005056b7801d","type":"SectionDescription","name":"","description":"Zajawka sekcji","content":[]}]}

Uchwała zarządu nr 2898/302/IV/2013 z dnia 2013-12-23

Urząd Marszałkowski Województwa Śląskiego

Uchwała Zarządu

zawarcia aneksu nr 1 do umowy nr 5468/ZD/2012 z dnia 10.12.2012 roku z Wojewodą Śląskim (nr 805.19.14.2012) o dofinansowanie ze środków dotacji celowej budżetu państwa zadania pn. „Kompleksowa modernizacja oddziałów łóżkowych celem dostosowania pomieszczeń do obowiązujących przepisów i standardów w Wojewódzkim Szpitalu Specjalistycznym nr 5 im. św. Barbary w Sosnowcu”

Numer uchwały

Numer posiedzenia zarządu

art. 41 ust. 1 ustawy z dnia 5 czerwca 1998 r. o samorządzie województwa (tekst jednolity; Dz. U. 2013 r. poz. 596 z pózn. zm.) oraz art. 20a ust. 2 ustawy z dnia 6 grudnia 2006 r. o zasadach prowadzenia polityki rozwoju (Dz. U. z 2009 r. Nr 84, poz. 712 z pózn. zm.) oraz w związku z art. 150 i art. 153 ust. 1 ustawy z dnia 27 sierpnia 2009 r. o finansach publicznych (Dz. U. 2013 r. poz. 885 z pózn. zm.)

Treść

Treść strony

Załączniki

Załączniki do strony

Tytuł strony
