{"id":95216,"name":"uchwala-zarzadu-nr-305120iv2012-z-dnia-2012-02-07","title":"Uchwa\u0142a zarz\u0105du nr 305\/120\/IV\/2012 z dnia 2012-02-07","desc":"","header":"Uchwa\u0142a zarz\u0105du nr 305\/120\/IV\/2012 z dnia 2012-02-07","lead":"","keywords":"","changes":"Migracja danych","menu":"","path":"\/samorzad_wojewodztwa\/zarzad_wojewodztwa\/uchwaly_zarzadu\/uchwala-zarzadu-nr-305120iv2012-z-dnia-2012-02-07.html","url":"\/samorzad_wojewodztwa\/zarzad_wojewodztwa\/uchwaly_zarzadu\/uchwala-zarzadu-nr-305120iv2012-z-dnia-2012-02-07.html","infoOwner":"Urz\u0105d Marsza\u0142kowski Wojew\u00f3dztwa \u015al\u0105skiego","dateFirstPublicate":"2012-02-20 10:59:07","dateLastVersionPublicate":"2012-02-20 10:59:07","dateAvailableFrom":"","dateAvailableTo":"","type":"Uchwa\u0142a Zarz\u0105du","pageParams":[{"id":"263","name":"Data posiedzenia","description":"Data posiedzenia","value":"2012-02-07 11:01:00"},{"id":"235","name":"W sprawie","description":"W sprawie","value":"zawarcia Aneks\u00f3w do Porozumie\u0144 z dnia 24 wrze\u015bnia 2007 r. z Wojew\u00f3dzkim Urz\u0119dem Pracy, Instytucj\u0105 Wdra\u017caj\u0105c\u0105 (Po\u015brednicz\u0105c\u0105 II stopnia ) dla komponentu regionalnego Programu Operacyjnego Kapita\u0142 Ludzki w sprawie dofinansowania Dzia\u0142a\u0144: \r\n6.1 Poprawa dost\u0119pu do zatrudnienia oraz wspieranie aktywno\u015bci zawodowej \r\nw regionie, 6.2 Wsparcie oraz promocja przedsi\u0119biorczo\u015bci i samozatrudnienia \r\nw regionie, 6.3 Inicjatywy lokalne na rzecz podnoszenia poziomu aktywno\u015bci zawodowej na obszarach wiejskich, 8.1 Rozw\u00f3j pracownik\u00f3w i przedsi\u0119biorstw w regionie\r\n i 9.3 Upowszechnianie kszta\u0142cenia ustawicznego w formach szkolnych.\r\n"},{"id":"273","name":"NUMER_UCHWALY_ZARZADU","description":"Numer uchwa\u0142y","value":"305\/120\/IV\/2012"},{"id":"278","name":"Numer posiedzenia zarz\u0105du","description":"Numer posiedzenia zarz\u0105du","value":"120"},{"id":"261","name":"Na podstawie","description":"podstawa prawna","value":"Art. 41 ust.1 Ustawy z dnia 05 czerwca 1998 roku o samorz\u0105dzie wojew\u00f3dztwa ( t.j. Dz. U. z 2001r. Nr 142 \r\n poz. 1590 z p\u00f3\u017an. zm.); art. 32 ust. 1 Ustawy z dnia 06 grudnia 2006 r. o zasadach prowadzenia polityki rozwoju (t.j. Dz. U. z 2009 r. Nr 84, poz.712 z p\u00f3\u017an. zm.); w zwi\u0105zku z \u00a7 4 Porozumienia z dnia 22 czerwca \r\n2007 r., Nr KL\/\u015aL\/2007\/1 w sprawie realizacji komponentu regionalnego w ramach Programu Operacyjnego Kapita\u0142 Ludzki z p\u00f3\u017an. zm.\r\n\r\n"}],"components":[{"id":"bf6d5eba-d119-11e7-80a9-005056b46601","type":"ContentWYSIWYG","name":"Tre\u015b\u0107","description":"Tre\u015b\u0107 strony","content":{"content":"","promotion":false}},{"id":"bf6dbc25-d119-11e7-80a9-005056b46601","type":"Gallery","name":"Galeria","description":"Galeria"},{"id":"bf6e1f6b-d119-11e7-80a9-005056b46601","type":"Attachment","name":"Za\u0142\u0105czniki","description":"Za\u0142\u0105czniki do strony","content":[{"src":"\/resource\/139667\/Tre%25C5%259B%25C4%2587+uchwa%25C5%2582y.doc","extension":"DOC","name":"b3111975a392673fd5174e69ba5a1817.doc","size":"36.5 KB"},{"src":"\/resource\/139670\/Za%25C5%2582%25C4%2585cznik+do+uchwa%25C5%2582y.doc","extension":"DOC","name":"5fb89dcb666c2ddeba9963c394a676a6.doc","size":"121.5 KB"},{"src":"\/resource\/139673\/Za%25C5%2582%25C4%2585cznik+do+uchwa%25C5%2582y.doc","extension":"DOC","name":"ae9a7bd284344a1a6b4d091419b58ed0.doc","size":"122 KB"},{"src":"\/resource\/139676\/Za%25C5%2582%25C4%2585cznik+do+uchwa%25C5%2582y.doc","extension":"DOC","name":"15d0086332c1729aa1b86cfc04dccc1e.doc","size":"124 KB"},{"src":"\/resource\/139679\/Za%25C5%2582%25C4%2585cznik+do+uchwa%25C5%2582y.doc","extension":"DOC","name":"4d9ba6a2ec931a9cf30f440f0c6ca7c7.doc","size":"123 KB"},{"src":"\/resource\/139682\/Za%25C5%2582%25C4%2585cznik+do+uchwa%25C5%2582y.doc","extension":"DOC","name":"1f221419b23b5a4f649901c7c1fd954d.doc","size":"122.5 KB"}]},{"id":"eba03b25-d9a7-11e7-b355-005056b70dba","type":"PageTitle","name":"","description":"Tytu\u0142 strony","content":{"title":"Uchwa\u0142a zarz\u0105du nr 305\/120\/IV\/2012 z dnia 2012-02-07"}},{"id":"eba07701-d9a7-11e7-b355-005056b70dba","type":"PageDescription","name":"","description":"Zajawka strony","content":[]},{"id":"1b1a7940-ff78-11e7-b81e-005056b7801d","type":"SectionDescription","name":"","description":"Zajawka sekcji","content":[]}]}

Uchwała zarządu nr 305/120/IV/2012 z dnia 2012-02-07

Urząd Marszałkowski Województwa Śląskiego

Uchwała Zarządu

zawarcia Aneksów do Porozumień z dnia 24 września 2007 r. z Wojewódzkim Urzędem Pracy, Instytucją Wdrażającą (Pośredniczącą II stopnia ) dla komponentu regionalnego Programu Operacyjnego Kapitał Ludzki w sprawie dofinansowania Działań: 
6.1 Poprawa dostępu do zatrudnienia oraz wspieranie aktywności zawodowej 
w regionie, 6.2 Wsparcie oraz promocja przedsiębiorczości i samozatrudnienia 
w regionie, 6.3 Inicjatywy lokalne na rzecz podnoszenia poziomu aktywności zawodowej na obszarach wiejskich, 8.1 Rozwój pracowników i przedsiębiorstw w regionie
 i 9.3 Upowszechnianie kształcenia ustawicznego w formach szkolnych.

Numer uchwały

Numer posiedzenia zarządu

Art. 41 ust.1 Ustawy z dnia 05 czerwca 1998 roku o samorządzie województwa ( t.j. Dz. U. z 2001r. Nr 142 
 poz. 1590 z późn. zm.); art. 32 ust. 1 Ustawy z dnia 06 grudnia 2006 r. o zasadach prowadzenia polityki rozwoju (t.j. Dz. U. z 2009 r. Nr 84, poz.712 z późn. zm.); w związku z § 4 Porozumienia z dnia 22 czerwca 
2007 r., Nr KL/ŚL/2007/1 w sprawie realizacji komponentu regionalnego w ramach Programu Operacyjnego Kapitał Ludzki z późn. zm.

Treść

Treść strony

Załączniki

Załączniki do strony

Tytuł strony
