{"id":87107,"name":"uchwala-zarzadu-nr-3303206iv2012-z-dnia-2012-11-22","title":"Uchwa\u0142a zarz\u0105du nr 3303\/206\/IV\/2012 z dnia 2012-11-22","desc":"","header":"Uchwa\u0142a zarz\u0105du nr 3303\/206\/IV\/2012 z dnia 2012-11-22","lead":"","keywords":"","changes":"Migracja danych","menu":"","path":"\/samorzad_wojewodztwa\/zarzad_wojewodztwa\/uchwaly_zarzadu\/uchwala-zarzadu-nr-3303206iv2012-z-dnia-2012-11-22.html","url":"\/samorzad_wojewodztwa\/zarzad_wojewodztwa\/uchwaly_zarzadu\/uchwala-zarzadu-nr-3303206iv2012-z-dnia-2012-11-22.html","infoOwner":"Urz\u0105d Marsza\u0142kowski Wojew\u00f3dztwa \u015al\u0105skiego","dateFirstPublicate":"2012-11-23 12:15:45","dateLastVersionPublicate":"2012-11-23 12:15:45","dateAvailableFrom":"","dateAvailableTo":"","type":"Uchwa\u0142a Zarz\u0105du","pageParams":[{"id":"263","name":"Data posiedzenia","description":"Data posiedzenia","value":"2012-11-22 12:16:43"},{"id":"235","name":"W sprawie","description":"W sprawie","value":"Zatwierdzenia Zasad realizacji projektu systemowego Instytucji Po\u015brednicz\u0105cej PO KL pt. \u0022Nauczyciel z ImPETem\u0022, realizowanego w latach 2012-2014 w ramach Programu Operacyjnego Kapita\u0142 Ludzki 2007-2013, Priorytetu IX Rozw\u00f3j wykszta\u0142cenia i kompetencji w regionach, Dzia\u0142ania 9.4 Wysoko wykwalifikowane kadry systemu o\u015bwiaty, stanowi\u0105cych za\u0142\u0105cznik do niniejszej uchwa\u0142y."},{"id":"273","name":"NUMER_UCHWALY_ZARZADU","description":"Numer uchwa\u0142y","value":"3303\/206\/IV\/2012"},{"id":"278","name":"Numer posiedzenia zarz\u0105du","description":"Numer posiedzenia zarz\u0105du","value":"206"},{"id":"261","name":"Na podstawie","description":"podstawa prawna","value":"art. 41 ust. 1 ustawy z dnia 05 czerwca 1998 r. o samorz\u0105dzie wojew\u00f3dztwa (t.j. Dz. U. Nr 142 z 2001 r. poz. 1590 z p\u00f3\u017an. zm.); art. 28 ust. 1 pkt 2 oraz ust. 2 Ustawy  z dnia 6 grudnia 2006r. o zasadach prowadzenia polityki rozwoju (t.j. Dz.U. z 2009 r. Nr 84 poz. 712 z p\u00f3\u017an. zm.); \u00a7 3 ust 2 Porozumienia w sprawie realizacji komponentu regionalnego w ramach Programu Operacyjnego Kapita\u0142 Ludzki nr KL\/\u015aL\/2007\/1 z dnia 22 czerwca 2007 r.\r\n"}],"components":[{"id":"bf6d5eba-d119-11e7-80a9-005056b46601","type":"ContentWYSIWYG","name":"Tre\u015b\u0107","description":"Tre\u015b\u0107 strony","content":{"content":"","promotion":false}},{"id":"bf6dbc25-d119-11e7-80a9-005056b46601","type":"Gallery","name":"Galeria","description":"Galeria"},{"id":"bf6e1f6b-d119-11e7-80a9-005056b46601","type":"Attachment","name":"Za\u0142\u0105czniki","description":"Za\u0142\u0105czniki do strony","content":[{"src":"\/resource\/127061\/Tre%25C5%259B%25C4%2587+uchwa%25C5%2582y.rtf","extension":"RTF","name":"f4527cc66268e84ce9d520263b22348b.rtf","size":"49.81 KB"},{"src":"\/resource\/127064\/Za%25C5%2582%25C4%2585cznik+do+uchwa%25C5%2582y.rtf","extension":"RTF","name":"c71eb624dacb60d4127afe9cff9d4fa6.rtf","size":"1.67 MB"}]},{"id":"eba03b25-d9a7-11e7-b355-005056b70dba","type":"PageTitle","name":"","description":"Tytu\u0142 strony","content":{"title":"Uchwa\u0142a zarz\u0105du nr 3303\/206\/IV\/2012 z dnia 2012-11-22"}},{"id":"eba07701-d9a7-11e7-b355-005056b70dba","type":"PageDescription","name":"","description":"Zajawka strony","content":[]},{"id":"1b1a7940-ff78-11e7-b81e-005056b7801d","type":"SectionDescription","name":"","description":"Zajawka sekcji","content":[]}]}

Uchwała zarządu nr 3303/206/IV/2012 z dnia 2012-11-22

Urząd Marszałkowski Województwa Śląskiego

Uchwała Zarządu

Zatwierdzenia Zasad realizacji projektu systemowego Instytucji Pośredniczącej PO KL pt. "Nauczyciel z ImPETem", realizowanego w latach 2012-2014 w ramach Programu Operacyjnego Kapitał Ludzki 2007-2013, Priorytetu IX Rozwój wykształcenia i kompetencji w regionach, Działania 9.4 Wysoko wykwalifikowane kadry systemu oświaty, stanowiących załącznik do niniejszej uchwały.

Numer uchwały

Numer posiedzenia zarządu

art. 41 ust. 1 ustawy z dnia 05 czerwca 1998 r. o samorządzie województwa (t.j. Dz. U. Nr 142 z 2001 r. poz. 1590 z późn. zm.); art. 28 ust. 1 pkt 2 oraz ust. 2 Ustawy  z dnia 6 grudnia 2006r. o zasadach prowadzenia polityki rozwoju (t.j. Dz.U. z 2009 r. Nr 84 poz. 712 z późn. zm.); § 3 ust 2 Porozumienia w sprawie realizacji komponentu regionalnego w ramach Programu Operacyjnego Kapitał Ludzki nr KL/ŚL/2007/1 z dnia 22 czerwca 2007 r.

Treść

Treść strony

Załączniki

Załączniki do strony

Tytuł strony
