{"id":68657,"name":"uchwala-zarzadu-nr-349172v2017-z-dnia-2017-02-21","title":"Uchwa\u0142a zarz\u0105du nr 349\/172\/V\/2017 z dnia 2017-02-21","desc":"","header":"Uchwa\u0142a zarz\u0105du nr 349\/172\/V\/2017 z dnia 2017-02-21","lead":"","keywords":"","changes":"Migracja danych","menu":"","path":"\/samorzad_wojewodztwa\/zarzad_wojewodztwa\/uchwaly_zarzadu\/uchwala-zarzadu-nr-349172v2017-z-dnia-2017-02-21.html","url":"\/samorzad_wojewodztwa\/zarzad_wojewodztwa\/uchwaly_zarzadu\/uchwala-zarzadu-nr-349172v2017-z-dnia-2017-02-21.html","infoOwner":"Urz\u0105d Marsza\u0142kowski Wojew\u00f3dztwa \u015al\u0105skiego","dateFirstPublicate":"2017-02-24 10:39:25","dateLastVersionPublicate":"2017-02-24 10:39:25","dateAvailableFrom":"","dateAvailableTo":"","type":"Uchwa\u0142a Zarz\u0105du","pageParams":[{"id":"263","name":"Data posiedzenia","description":"Data posiedzenia","value":"2017-02-21 10:39:25"},{"id":"235","name":"W sprawie","description":"W sprawie","value":"przyj\u0119cia Pakietu aplikacyjnego w ramach konkursu nr RPSL.09.02.04-IZ.01-24-152\/17 Regionalnego Programu Operacyjnego Wojew\u00f3dztwa \u015al\u0105skiego na lata 2014-2020 dla Osi Priorytetowej IX W\u0142\u0105czenie spo\u0142eczne, Dzia\u0142ania 9.2 Dost\u0119pne i efektywne us\u0142ugi zdrowotne, Poddzia\u0142ania 9.2.4 Rozw\u00f3j us\u0142ug spo\u0142ecznych - wsparcie dzia\u0142a\u0144 wynikaj\u0105cych \r\nz LSR obejmuj\u0105cych obszary wiejskie i rybackie\r\n"},{"id":"273","name":"NUMER_UCHWALY_ZARZADU","description":"Numer uchwa\u0142y","value":"349\/172\/V\/2017"},{"id":"278","name":"Numer posiedzenia zarz\u0105du","description":"Numer posiedzenia zarz\u0105du","value":"172"},{"id":"261","name":"Na podstawie","description":"podstawa prawna","value":"art. 41 ust. 2 pkt. 4 ustawy z dnia 5 czerwca 1998 r. o samorz\u0105dzie wojew\u00f3dztwa (t.j. Dz. U. z 2016 r. poz. 486); art. 9 ust. 1 pkt 2 oraz ust. 2 pkt 2; art. 38 ust. 1 pkt. 1; art. 41 ustawy z dnia 11 lipca 2014 r.                                o zasadach realizacji program\u00f3w w zakresie polityki sp\u00f3jno\u015bci finansowanych  w perspektywie finansowej                   2014-2020 (t.j. Dz. U z 2016 r., poz. 217).\r\n\r\n"}],"components":[{"id":"bf6d5eba-d119-11e7-80a9-005056b46601","type":"ContentWYSIWYG","name":"Tre\u015b\u0107","description":"Tre\u015b\u0107 strony","content":{"content":"","promotion":false}},{"id":"bf6dbc25-d119-11e7-80a9-005056b46601","type":"Gallery","name":"Galeria","description":"Galeria"},{"id":"bf6e1f6b-d119-11e7-80a9-005056b46601","type":"Attachment","name":"Za\u0142\u0105czniki","description":"Za\u0142\u0105czniki do strony","content":[{"src":"\/resource\/95504\/Tre%25C5%259B%25C4%2587+uchwa%25C5%2582y.rtf","extension":"RTF","name":"0ab3e3b324b47abe181a544ed3a28421.rtf","size":"134.94 KB"},{"src":"\/resource\/95507\/Za%25C5%2582%25C4%2585cznik+do+uchwa%25C5%2582y.rar","extension":"RAR","name":"8568b623c5c312523141cf186d5c0767.rar","size":"1.39 MB"},{"src":"\/resource\/95510\/Za%25C5%2582%25C4%2585cznik+do+uchwa%25C5%2582y.rar","extension":"RAR","name":"c03bb175e7cd62ca0bafcb3a9b56b3a4.rar","size":"7.54 MB"}]},{"id":"eba03b25-d9a7-11e7-b355-005056b70dba","type":"PageTitle","name":"","description":"Tytu\u0142 strony","content":{"title":"Uchwa\u0142a zarz\u0105du nr 349\/172\/V\/2017 z dnia 2017-02-21"}},{"id":"eba07701-d9a7-11e7-b355-005056b70dba","type":"PageDescription","name":"","description":"Zajawka strony","content":[]},{"id":"1b1a7940-ff78-11e7-b81e-005056b7801d","type":"SectionDescription","name":"","description":"Zajawka sekcji","content":[]}]}

Uchwała zarządu nr 349/172/V/2017 z dnia 2017-02-21

Urząd Marszałkowski Województwa Śląskiego

Uchwała Zarządu

przyjęcia Pakietu aplikacyjnego w ramach konkursu nr RPSL.09.02.04-IZ.01-24-152/17 Regionalnego Programu Operacyjnego Województwa Śląskiego na lata 2014-2020 dla Osi Priorytetowej IX Włączenie społeczne, Działania 9.2 Dostępne i efektywne usługi zdrowotne, Poddziałania 9.2.4 Rozwój usług społecznych - wsparcie działań wynikających 
z LSR obejmujących obszary wiejskie i rybackie

Numer uchwały

Numer posiedzenia zarządu

art. 41 ust. 2 pkt. 4 ustawy z dnia 5 czerwca 1998 r. o samorządzie województwa (t.j. Dz. U. z 2016 r. poz. 486); art. 9 ust. 1 pkt 2 oraz ust. 2 pkt 2; art. 38 ust. 1 pkt. 1; art. 41 ustawy z dnia 11 lipca 2014 r.                                o zasadach realizacji programów w zakresie polityki spójności finansowanych  w perspektywie finansowej                   2014-2020 (t.j. Dz. U z 2016 r., poz. 217).

Treść

Treść strony

Załączniki

Załączniki do strony

Tytuł strony
