{"id":68624,"name":"uchwala-zarzadu-nr-358172v2017-z-dnia-2017-02-21","title":"Uchwa\u0142a zarz\u0105du nr 358\/172\/V\/2017 z dnia 2017-02-21","desc":"","header":"Uchwa\u0142a zarz\u0105du nr 358\/172\/V\/2017 z dnia 2017-02-21","lead":"","keywords":"","changes":"Migracja danych","menu":"","path":"\/samorzad_wojewodztwa\/zarzad_wojewodztwa\/uchwaly_zarzadu\/uchwala-zarzadu-nr-358172v2017-z-dnia-2017-02-21.html","url":"\/samorzad_wojewodztwa\/zarzad_wojewodztwa\/uchwaly_zarzadu\/uchwala-zarzadu-nr-358172v2017-z-dnia-2017-02-21.html","infoOwner":"Urz\u0105d Marsza\u0142kowski Wojew\u00f3dztwa \u015al\u0105skiego","dateFirstPublicate":"2017-02-27 14:28:14","dateLastVersionPublicate":"2017-02-27 14:28:14","dateAvailableFrom":"","dateAvailableTo":"","type":"Uchwa\u0142a Zarz\u0105du","pageParams":[{"id":"263","name":"Data posiedzenia","description":"Data posiedzenia","value":"2017-02-21 14:28:13"},{"id":"235","name":"W sprawie","description":"W sprawie","value":"przyj\u0119cia przez Zarz\u0105d Wojew\u00f3dztwa \u015al\u0105skiego projektu uchwa\u0142y Sejmiku Wojew\u00f3dztwa \u015al\u0105skiego w sprawie zawarcia porozumienia z Wojew\u00f3dztwem Opolskim dotycz\u0105cego powierzenia\/przyj\u0119cia zadania publicznego w zakresie planowania gospodarki odpadami komunalnymi oraz projekt porozumienia"},{"id":"273","name":"NUMER_UCHWALY_ZARZADU","description":"Numer uchwa\u0142y","value":"358\/172\/V\/2017"},{"id":"278","name":"Numer posiedzenia zarz\u0105du","description":"Numer posiedzenia zarz\u0105du","value":"172"},{"id":"261","name":"Na podstawie","description":"podstawa prawna","value":"art. 41 ust 1 i ust. 2 pkt. 5 w zwi\u0105zku z art. 14. ust. 1 pkt. 8 ustawy z dnia 5 czerwca 1998 roku o samorz\u0105dzie wojew\u00f3dztwa (tekst jednolity: Dz. U. 2016 r., poz. 486)."}],"components":[{"id":"bf6d5eba-d119-11e7-80a9-005056b46601","type":"ContentWYSIWYG","name":"Tre\u015b\u0107","description":"Tre\u015b\u0107 strony","content":{"content":"","promotion":false}},{"id":"bf6dbc25-d119-11e7-80a9-005056b46601","type":"Gallery","name":"Galeria","description":"Galeria"},{"id":"bf6e1f6b-d119-11e7-80a9-005056b46601","type":"Attachment","name":"Za\u0142\u0105czniki","description":"Za\u0142\u0105czniki do strony","content":[{"src":"\/resource\/95432\/Tre%25C5%259B%25C4%2587+uchwa%25C5%2582y.doc","extension":"DOC","name":"4b5962b802824794117193586530b34b.doc","size":"36 KB"},{"src":"\/resource\/95435\/Za%25C5%2582%25C4%2585cznik+do+uchwa%25C5%2582y.doc","extension":"DOC","name":"a259e0f4d0583900fa654fbc624b892d.doc","size":"46 KB"},{"src":"\/resource\/95438\/Za%25C5%2582%25C4%2585cznik+do+uchwa%25C5%2582y.doc","extension":"DOC","name":"77e33e081e13480bfc051dcaf8d3b83d.doc","size":"49 KB"}]},{"id":"eba03b25-d9a7-11e7-b355-005056b70dba","type":"PageTitle","name":"","description":"Tytu\u0142 strony","content":{"title":"Uchwa\u0142a zarz\u0105du nr 358\/172\/V\/2017 z dnia 2017-02-21"}},{"id":"eba07701-d9a7-11e7-b355-005056b70dba","type":"PageDescription","name":"","description":"Zajawka strony","content":[]},{"id":"1b1a7940-ff78-11e7-b81e-005056b7801d","type":"SectionDescription","name":"","description":"Zajawka sekcji","content":[]}]}

Uchwała zarządu nr 358/172/V/2017 z dnia 2017-02-21

Urząd Marszałkowski Województwa Śląskiego

Uchwała Zarządu

przyjęcia przez Zarząd Województwa Śląskiego projektu uchwały Sejmiku Województwa Śląskiego w sprawie zawarcia porozumienia z Województwem Opolskim dotyczącego powierzenia/przyjęcia zadania publicznego w zakresie planowania gospodarki odpadami komunalnymi oraz projekt porozumienia

Numer uchwały

Numer posiedzenia zarządu

art. 41 ust 1 i ust. 2 pkt. 5 w związku z art. 14. ust. 1 pkt. 8 ustawy z dnia 5 czerwca 1998 roku o samorządzie województwa (tekst jednolity: Dz. U. 2016 r., poz. 486).

Treść

Treść strony

Załączniki

Załączniki do strony

Tytuł strony
