{"id":71378,"name":"uchwala-zarzadu-nr-366242v2018-z-dnia-2018-02-21","title":"Uchwa\u0142a zarz\u0105du nr 366\/242\/V\/2018 z dnia 2018-02-21","desc":"","header":"Uchwa\u0142a zarz\u0105du nr 366\/242\/V\/2018 z dnia 2018-02-21","lead":"","keywords":"","changes":"Migracja danych","menu":"","path":"\/samorzad_wojewodztwa\/zarzad_wojewodztwa\/uchwaly_zarzadu\/uchwala-zarzadu-nr-366242v2018-z-dnia-2018-02-21.html","url":"\/samorzad_wojewodztwa\/zarzad_wojewodztwa\/uchwaly_zarzadu\/uchwala-zarzadu-nr-366242v2018-z-dnia-2018-02-21.html","infoOwner":"Urz\u0105d Marsza\u0142kowski Wojew\u00f3dztwa \u015al\u0105skiego","dateFirstPublicate":"2018-02-27 09:41:12","dateLastVersionPublicate":"2018-02-27 09:41:12","dateAvailableFrom":"","dateAvailableTo":"","type":"Uchwa\u0142a Zarz\u0105du","pageParams":[{"id":"263","name":"Data posiedzenia","description":"Data posiedzenia","value":"2018-02-21 09:41:12"},{"id":"235","name":"W sprawie","description":"W sprawie","value":"planu dofinansowania form doskonalenia zawodowego nauczycieli na rok 2018"},{"id":"273","name":"NUMER_UCHWALY_ZARZADU","description":"Numer uchwa\u0142y","value":"366\/242\/V\/2018"},{"id":"278","name":"Numer posiedzenia zarz\u0105du","description":"Numer posiedzenia zarz\u0105du","value":"242"},{"id":"261","name":"Na podstawie","description":"podstawa prawna","value":"art. 41 ust. 2 pkt 3 ustawy  z dnia 5 czerwca 1998 r. o samorz\u0105dzie wojew\u00f3dztwa (tekst jednolity: Dz. U.  z 2016 r. poz. 486 z p\u00f3\u017an. zm.) w zwi\u0105zku z art. 70a ust. 1 ustawy z dnia 26 stycznia 1982 r. Karta Nauczyciela (tekst jednolity: Dz. U. z 2016 r.  poz. 1379 z p\u00f3\u017an. zm.) oraz \u00a7 6 ust. 2  i \u00a7 7 rozporz\u0105dzenia Ministra Edukacji Narodowej i Sportu z dnia 29 marca 2002 r. w sprawie sposobu podzia\u0142u \u015brodk\u00f3w na wspieranie doskonalenia zawodowego nauczycieli pomi\u0119dzy bud\u017cety poszczeg\u00f3lnych wojewod\u00f3w, form doskonalenia zawodowego dofinansowywanych ze \u015brodk\u00f3w wyodr\u0119bnionych w bud\u017cetach organ\u00f3w prowadz\u0105cych szko\u0142y, wojewod\u00f3w, ministra w\u0142a\u015bciwego do spraw o\u015bwiaty  i wychowania oraz szczeg\u00f3\u0142owych kryteri\u00f3w i trybu przyznawania tych \u015brodk\u00f3w (Dz. U. Nr 46 poz. 430 z p\u00f3\u017an. zm.)"}],"components":[{"id":"bf6d5eba-d119-11e7-80a9-005056b46601","type":"ContentWYSIWYG","name":"Tre\u015b\u0107","description":"Tre\u015b\u0107 strony","content":{"content":"","promotion":false}},{"id":"bf6dbc25-d119-11e7-80a9-005056b46601","type":"Gallery","name":"Galeria","description":"Galeria"},{"id":"bf6e1f6b-d119-11e7-80a9-005056b46601","type":"Attachment","name":"Za\u0142\u0105czniki","description":"Za\u0142\u0105czniki do strony","content":[{"src":"\/resource\/100496\/Tre%25C5%259B%25C4%2587+uchwa%25C5%2582y.docx","extension":"DOCX","name":"a145145273e8cf391756adbf4d410064.docx","size":"21.64 KB"},{"src":"\/resource\/100499\/Za%25C5%2582%25C4%2585cznik+do+uchwa%25C5%2582y.xls","extension":"XLS","name":"9416734e26494965369f2bcc62972d1b.xls","size":"51 KB"}]},{"id":"eba03b25-d9a7-11e7-b355-005056b70dba","type":"PageTitle","name":"","description":"Tytu\u0142 strony","content":{"title":"Uchwa\u0142a zarz\u0105du nr 366\/242\/V\/2018 z dnia 2018-02-21"}},{"id":"eba07701-d9a7-11e7-b355-005056b70dba","type":"PageDescription","name":"","description":"Zajawka strony","content":[]},{"id":"1b1a7940-ff78-11e7-b81e-005056b7801d","type":"SectionDescription","name":"","description":"Zajawka sekcji","content":[]}]}

Uchwała zarządu nr 366/242/V/2018 z dnia 2018-02-21

Urząd Marszałkowski Województwa Śląskiego

Uchwała Zarządu

Numer uchwały

Numer posiedzenia zarządu

art. 41 ust. 2 pkt 3 ustawy  z dnia 5 czerwca 1998 r. o samorządzie województwa (tekst jednolity: Dz. U.  z 2016 r. poz. 486 z późn. zm.) w związku z art. 70a ust. 1 ustawy z dnia 26 stycznia 1982 r. Karta Nauczyciela (tekst jednolity: Dz. U. z 2016 r.  poz. 1379 z późn. zm.) oraz § 6 ust. 2  i § 7 rozporządzenia Ministra Edukacji Narodowej i Sportu z dnia 29 marca 2002 r. w sprawie sposobu podziału środków na wspieranie doskonalenia zawodowego nauczycieli pomiędzy budżety poszczególnych wojewodów, form doskonalenia zawodowego dofinansowywanych ze środków wyodrębnionych w budżetach organów prowadzących szkoły, wojewodów, ministra właściwego do spraw oświaty  i wychowania oraz szczegółowych kryteriów i trybu przyznawania tych środków (Dz. U. Nr 46 poz. 430 z późn. zm.)

Treść

Treść strony

Załączniki

Załączniki do strony

Tytuł strony
