{"id":95279,"name":"uchwala-zarzadu-nr-376123iv2012-z-dnia-2012-02-14","title":"Uchwa\u0142a zarz\u0105du nr 376\/123\/IV\/2012 z dnia 2012-02-14","desc":"","header":"Uchwa\u0142a zarz\u0105du nr 376\/123\/IV\/2012 z dnia 2012-02-14","lead":"","keywords":"","changes":"Migracja danych","menu":"","path":"\/samorzad_wojewodztwa\/zarzad_wojewodztwa\/uchwaly_zarzadu\/uchwala-zarzadu-nr-376123iv2012-z-dnia-2012-02-14.html","url":"\/samorzad_wojewodztwa\/zarzad_wojewodztwa\/uchwaly_zarzadu\/uchwala-zarzadu-nr-376123iv2012-z-dnia-2012-02-14.html","infoOwner":"Urz\u0105d Marsza\u0142kowski Wojew\u00f3dztwa \u015al\u0105skiego","dateFirstPublicate":"2012-02-15 13:48:06","dateLastVersionPublicate":"2012-02-15 13:48:06","dateAvailableFrom":"","dateAvailableTo":"","type":"Uchwa\u0142a Zarz\u0105du","pageParams":[{"id":"263","name":"Data posiedzenia","description":"Data posiedzenia","value":"2012-02-14 13:48:05"},{"id":"235","name":"W sprawie","description":"W sprawie","value":"og\u0142oszenia otwartego konkursu ofert na wy\u0142onienie podmiotu koordynuj\u0105cego organizacj\u0119 spotka\u0144 Szczytu M\u0142odzie\u017cy Regionalnego Tr\u00f3jk\u0105ta Weimarskiego \r\nw latach 2012 - 2014"},{"id":"273","name":"NUMER_UCHWALY_ZARZADU","description":"Numer uchwa\u0142y","value":"376\/123\/IV\/2012"},{"id":"278","name":"Numer posiedzenia zarz\u0105du","description":"Numer posiedzenia zarz\u0105du","value":"123"},{"id":"261","name":"Na podstawie","description":"podstawa prawna","value":"art. 41 ust. 2 pkt 1 ustawy z dnia 5 czerwca 1998 roku o samorz\u0105dzie wojew\u00f3dztwa (tekst jednolity: Dz. U. z 2001 r. Nr 142 poz. 1590 z p\u00f3\u017an. zm.), art. 11 ust. 2 ustawy z dnia 24 kwietnia 2003 roku o dzia\u0142alno\u015bci po\u017cytku publicznego i o wolontariacie (tekst jednolity: Dz. U. z 2010 r. Nr 234 poz. 1536 z p\u00f3\u017an. zm.), art. 221 ust. 2 ustawy z dnia 27 sierpnia 2009 roku o finansach publicznych (Dz. U. Nr 157 poz. 1240 z p\u00f3\u017an. zm.), uchwa\u0142y Nr IV\/15\/27\/2011 Sejmiku Wojew\u00f3dztwa \u015al\u0105skiego z dnia 14 listopada 2011 roku w sprawie przyj\u0119cia \u0022Programu wsp\u00f3\u0142pracy Wojew\u00f3dztwa \u015al\u0105skiego z organizacjami pozarz\u0105dowymi na rok 2012\u0022"}],"components":[{"id":"bf6d5eba-d119-11e7-80a9-005056b46601","type":"ContentWYSIWYG","name":"Tre\u015b\u0107","description":"Tre\u015b\u0107 strony","content":{"content":"","promotion":false}},{"id":"bf6dbc25-d119-11e7-80a9-005056b46601","type":"Gallery","name":"Galeria","description":"Galeria"},{"id":"bf6e1f6b-d119-11e7-80a9-005056b46601","type":"Attachment","name":"Za\u0142\u0105czniki","description":"Za\u0142\u0105czniki do strony","content":[{"src":"\/resource\/139799\/Tre%25C5%259B%25C4%2587+uchwa%25C5%2582y.rtf","extension":"RTF","name":"71066da76db1b57dc78f7684d1165016.rtf","size":"25.76 KB"}]},{"id":"eba03b25-d9a7-11e7-b355-005056b70dba","type":"PageTitle","name":"","description":"Tytu\u0142 strony","content":{"title":"Uchwa\u0142a zarz\u0105du nr 376\/123\/IV\/2012 z dnia 2012-02-14"}},{"id":"eba07701-d9a7-11e7-b355-005056b70dba","type":"PageDescription","name":"","description":"Zajawka strony","content":[]},{"id":"1b1a7940-ff78-11e7-b81e-005056b7801d","type":"SectionDescription","name":"","description":"Zajawka sekcji","content":[]}]}

Uchwała zarządu nr 376/123/IV/2012 z dnia 2012-02-14

Urząd Marszałkowski Województwa Śląskiego

Uchwała Zarządu

ogłoszenia otwartego konkursu ofert na wyłonienie podmiotu koordynującego organizację spotkań Szczytu Młodzieży Regionalnego Trójkąta Weimarskiego 
w latach 2012 - 2014

Numer uchwały

Numer posiedzenia zarządu

art. 41 ust. 2 pkt 1 ustawy z dnia 5 czerwca 1998 roku o samorządzie województwa (tekst jednolity: Dz. U. z 2001 r. Nr 142 poz. 1590 z późn. zm.), art. 11 ust. 2 ustawy z dnia 24 kwietnia 2003 roku o działalności pożytku publicznego i o wolontariacie (tekst jednolity: Dz. U. z 2010 r. Nr 234 poz. 1536 z późn. zm.), art. 221 ust. 2 ustawy z dnia 27 sierpnia 2009 roku o finansach publicznych (Dz. U. Nr 157 poz. 1240 z późn. zm.), uchwały Nr IV/15/27/2011 Sejmiku Województwa Śląskiego z dnia 14 listopada 2011 roku w sprawie przyjęcia "Programu współpracy Województwa Śląskiego z organizacjami pozarządowymi na rok 2012"

Treść

Treść strony

Załączniki

Załączniki do strony

Tytuł strony
