{"id":42244,"name":"uchwala-zarzadu-nr-378404vi2023-z-dnia-2023-02-27","title":"Uchwa\u0142a zarz\u0105du nr 378\/404\/VI\/2023 z dnia 2023-02-27","desc":"","header":"Uchwa\u0142a zarz\u0105du nr 378\/404\/VI\/2023 z dnia 2023-02-27","lead":"","keywords":"","changes":"Publikacja Uchwa\u0142y Zarz\u0105du.","menu":"","path":"\/samorzad_wojewodztwa\/zarzad_wojewodztwa\/uchwaly_zarzadu\/uchwala-zarzadu-nr-378404vi2023-z-dnia-2023-02-27.html","url":"\/samorzad_wojewodztwa\/zarzad_wojewodztwa\/uchwaly_zarzadu\/uchwala-zarzadu-nr-378404vi2023-z-dnia-2023-02-27.html","infoOwner":"Urz\u0105d Marsza\u0142kowski Wojew\u00f3dztwa \u015al\u0105skiego","dateFirstPublicate":"2023-03-02 14:08:27","dateLastVersionPublicate":"2023-03-02 14:12:22","dateAvailableFrom":"2023-03-02 14:08:06","dateAvailableTo":"","type":"Uchwa\u0142a Zarz\u0105du","pageParams":[{"id":"263","name":"Data posiedzenia","description":"Data posiedzenia","value":"2023-02-27"},{"id":"235","name":"W sprawie","description":"W sprawie","value":"wyra\u017cenia zgody na przekazanie darowizny w postaci ruchomych \u015brodk\u00f3w trwa\u0142ych przez 18 SPZOZ dla kt\u00f3rych podmiotem tworz\u0105cym jest Wojew\u00f3dztwo \u015al\u0105skie na rzecz Fundacji \u201eMoc Przysz\u0142o\u015bci\u201d w Wierzchos\u0142awicach."},{"id":"273","name":"NUMER_UCHWALY_ZARZADU","description":"Numer uchwa\u0142y","value":"378\/404\/VI\/2023"},{"id":"278","name":"Numer posiedzenia zarz\u0105du","description":"Numer posiedzenia zarz\u0105du","value":"404"},{"id":"261","name":"Na podstawie","description":"podstawa prawna","value":"art. 41 ust. 1 ustawy z dnia 5 czerwca 1998 r. o samorz\u0105dzie wojew\u00f3dztwa (t.j.: Dz. U. z 2022 r., poz. 2094) w zwi\u0105zku z art. 54 ust. 2 ustawy z dnia 15 kwietnia 2011 roku o dzia\u0142alno\u015bci leczniczej (t.j.: Dz. U. z 2022 r., poz. 633 z p\u00f3\u017an. zm.), Rozdzia\u0142em II \u00a7 7 pkt 3 w zwi\u0105zku z  \u00a7 5 ust. 2  Zasad gospodarowania aktywami trwa\u0142ymi samodzielnych publicznych zak\u0142ad\u00f3w opieki zdrowotnej, dla kt\u00f3rych podmiotem tworz\u0105cym jest Wojew\u00f3dztwo \u015al\u0105skie, stanowi\u0105cych za\u0142\u0105cznik do Uchwa\u0142y Zarz\u0105du Wojew\u00f3dztwa \u015al\u0105skiego nr 686\/326\/VI\/2022 z dnia 20 kwietnia 2022 r."}],"components":[{"id":"bf6d5eba-d119-11e7-80a9-005056b46601","type":"ContentWYSIWYG","name":"Tre\u015b\u0107","description":"Tre\u015b\u0107 strony","content":{"content":"","promotion":false}},{"id":"bf6dbc25-d119-11e7-80a9-005056b46601","type":"Gallery","name":"Galeria","description":"Galeria"},{"id":"bf6e1f6b-d119-11e7-80a9-005056b46601","type":"Attachment","name":"Za\u0142\u0105czniki","description":"Za\u0142\u0105czniki do strony","content":[{"src":"\/resource\/62581\/378.rtf","extension":"RTF","name":"0b009cf258b660bb5f893ec8bb6deee4.rtf","size":"104.38 KB"},{"src":"\/resource\/62581\/Za%25C5%2582%25C4%2585cznik+do+uchwa%25C5%2582y+378_404_VI_2023%25281%2529.xlsx","extension":"XLSX","name":"103434d3b4d1e5540a92783016c44d81.xlsx","size":"29.56 KB"}]},{"id":"eba03b25-d9a7-11e7-b355-005056b70dba","type":"PageTitle","name":"","description":"Tytu\u0142 strony","content":{"title":"Uchwa\u0142a zarz\u0105du nr 378\/404\/VI\/2023 z dnia 2023-02-27"}},{"id":"eba07701-d9a7-11e7-b355-005056b70dba","type":"PageDescription","name":"","description":"Zajawka strony","content":[]},{"id":"1b1a7940-ff78-11e7-b81e-005056b7801d","type":"SectionDescription","name":"","description":"Zajawka sekcji","content":[]}]}

Uchwała zarządu nr 378/404/VI/2023 z dnia 2023-02-27

Publikacja Uchwały Zarządu.

Urząd Marszałkowski Województwa Śląskiego

Uchwała Zarządu

wyrażenia zgody na przekazanie darowizny w postaci ruchomych środków trwałych przez 18 SPZOZ dla których podmiotem tworzącym jest Województwo Śląskie na rzecz Fundacji „Moc Przyszłości” w Wierzchosławicach.

Numer uchwały

Numer posiedzenia zarządu

art. 41 ust. 1 ustawy z dnia 5 czerwca 1998 r. o samorządzie województwa (t.j.: Dz. U. z 2022 r., poz. 2094) w związku z art. 54 ust. 2 ustawy z dnia 15 kwietnia 2011 roku o działalności leczniczej (t.j.: Dz. U. z 2022 r., poz. 633 z późn. zm.), Rozdziałem II § 7 pkt 3 w związku z  § 5 ust. 2  Zasad gospodarowania aktywami trwałymi samodzielnych publicznych zakładów opieki zdrowotnej, dla których podmiotem tworzącym jest Województwo Śląskie, stanowiących załącznik do Uchwały Zarządu Województwa Śląskiego nr 686/326/VI/2022 z dnia 20 kwietnia 2022 r.

Treść

Treść strony

Załączniki

Załączniki do strony

Tytuł strony
