{"id":162452,"name":"uchwala-zarzadu-nr-487152vii2026-z-dnia-2026-03-13","title":"Uchwa\u0142a zarz\u0105du nr 487\/152\/VII\/2026 z dnia 2026-03-13","desc":"","header":"Uchwa\u0142a zarz\u0105du nr 487\/152\/VII\/2026 z dnia 2026-03-13","lead":"","keywords":"","changes":"dodanie artyku\u0142u","menu":"","path":"\/samorzad_wojewodztwa\/zarzad_wojewodztwa\/uchwaly_zarzadu\/uchwala-zarzadu-nr-487152vii2026-z-dnia-2026-03-13.html","url":"\/samorzad_wojewodztwa\/zarzad_wojewodztwa\/uchwaly_zarzadu\/uchwala-zarzadu-nr-487152vii2026-z-dnia-2026-03-13.html","infoOwner":"Urz\u0105d Marsza\u0142kowski Wojew\u00f3dztwa \u015al\u0105skiego","dateFirstPublicate":"2026-03-13 13:00:36","dateLastVersionPublicate":"2026-03-13 13:00:36","dateAvailableFrom":"","dateAvailableTo":"","type":"Uchwa\u0142a Zarz\u0105du","pageParams":[{"id":"263","name":"Data posiedzenia","description":"Data posiedzenia","value":"2026-03-13"},{"id":"235","name":"W sprawie","description":"W sprawie","value":"przyst\u0105pienia do wsp\u00f3\u0142organizacji i wsp\u00f3\u0142finansowania w 2026 roku przedsi\u0119wzi\u0119cia pn.  Rozpocz\u0119cie sezonu pasterskiego w wojew\u00f3dztwie \u015bl\u0105skim."},{"id":"273","name":"NUMER_UCHWALY_ZARZADU","description":"Numer uchwa\u0142y","value":"487\/152\/VII\/2026"},{"id":"278","name":"Numer posiedzenia zarz\u0105du","description":"Numer posiedzenia zarz\u0105du","value":"152"},{"id":"261","name":"Na podstawie","description":"podstawa prawna","value":"art. 41 ust.1 w zwi\u0105zku z art. 11 ust. 2 pkt 7 ustawy z dnia 5 czerwca 1998 r. o samorz\u0105dzie wojew\u00f3dztwa (t.j. Dz. U. z 2025 r., poz. 581 z p\u00f3\u017an zm.); art.216 ust. 2 pkt 4 ustawy z  dnia 27 sierpnia 2009 r. o finansach publicznych (tekst jednolity: Dz.U. z 2025 r. poz.1483 z p\u00f3\u017an. zm.)."}],"components":[{"id":"bf6d5eba-d119-11e7-80a9-005056b46601","type":"ContentWYSIWYG","name":"Tre\u015b\u0107","description":"Tre\u015b\u0107 strony","content":{"content":"","promotion":false}},{"id":"bf6dbc25-d119-11e7-80a9-005056b46601","type":"Gallery","name":"Galeria","description":"Galeria"},{"id":"bf6e1f6b-d119-11e7-80a9-005056b46601","type":"Attachment","name":"Za\u0142\u0105czniki","description":"Za\u0142\u0105czniki do strony","content":[{"src":"\/resource\/236801\/UCHWA%25C5%2581A+ZARZ%25C4%2584DU_487_152_VII_2026.rtf","extension":"RTF","name":"e50a2d9edd7741400c4f6ec65222c8b7.rtf","size":"83.43 KB"},{"src":"\/resource\/236801\/Za%25C5%2582%25C4%2585cznik+do+uchwa%25C5%2582y+487+WZ%25C3%2593R_UMOWY.rtf","extension":"RTF","name":"2f6c696caa61217f8774818479e5631a.rtf","size":"276.4 KB"},{"src":"\/resource\/236801\/Za%25C5%2582%25C4%2585cznik+do+Umowy.rtf","extension":"RTF","name":"cc28a9bd048e7b09f83b85a634349f60.rtf","size":"95.86 KB"}]},{"id":"eba03b25-d9a7-11e7-b355-005056b70dba","type":"PageTitle","name":"","description":"Tytu\u0142 strony","content":{"title":"Uchwa\u0142a zarz\u0105du nr 487\/152\/VII\/2026 z dnia 2026-03-13"}},{"id":"eba07701-d9a7-11e7-b355-005056b70dba","type":"PageDescription","name":"","description":"Zajawka strony","content":[]},{"id":"1b1a7940-ff78-11e7-b81e-005056b7801d","type":"SectionDescription","name":"","description":"Zajawka sekcji","content":[]}]}

Uchwała zarządu nr 487/152/VII/2026 z dnia 2026-03-13

dodanie artykułu

Urząd Marszałkowski Województwa Śląskiego

Uchwała Zarządu

przystąpienia do współorganizacji i współfinansowania w 2026 roku przedsięwzięcia pn.  Rozpoczęcie sezonu pasterskiego w województwie śląskim.

Numer uchwały

Numer posiedzenia zarządu

art. 41 ust.1 w związku z art. 11 ust. 2 pkt 7 ustawy z dnia 5 czerwca 1998 r. o samorządzie województwa (t.j. Dz. U. z 2025 r., poz. 581 z późn zm.); art.216 ust. 2 pkt 4 ustawy z  dnia 27 sierpnia 2009 r. o finansach publicznych (tekst jednolity: Dz.U. z 2025 r. poz.1483 z późn. zm.).

Treść

Treść strony

Załączniki

Załączniki do strony

Tytuł strony
