{"id":105194,"name":"uchwala-zarzadu-nr-52126iv2011-z-dnia-2011-03-03","title":"Uchwa\u0142a zarz\u0105du nr 521\/26\/IV\/2011 z dnia 2011-03-03","desc":"","header":"Uchwa\u0142a zarz\u0105du nr 521\/26\/IV\/2011 z dnia 2011-03-03","lead":"","keywords":"","changes":"Migracja danych","menu":"","path":"\/samorzad_wojewodztwa\/zarzad_wojewodztwa\/uchwaly_zarzadu\/uchwala-zarzadu-nr-52126iv2011-z-dnia-2011-03-03.html","url":"\/samorzad_wojewodztwa\/zarzad_wojewodztwa\/uchwaly_zarzadu\/uchwala-zarzadu-nr-52126iv2011-z-dnia-2011-03-03.html","infoOwner":"Urz\u0105d Marsza\u0142kowski Wojew\u00f3dztwa \u015al\u0105skiego","dateFirstPublicate":"2011-03-07 07:54:31","dateLastVersionPublicate":"2011-03-07 07:54:31","dateAvailableFrom":"","dateAvailableTo":"","type":"Uchwa\u0142a Zarz\u0105du","pageParams":[{"id":"263","name":"Data posiedzenia","description":"Data posiedzenia","value":"2011-03-03 07:54:30"},{"id":"235","name":"W sprawie","description":"W sprawie","value":"przyj\u0119cia projektu uchwa\u0142y Sejmiku Wojew\u00f3dztwa \u015al\u0105skiego w sprawie zmian Wieloletniej Prognozy Finansowej Wojew\u00f3dztwa \u015al\u0105skiego na lata 2011-2020"},{"id":"273","name":"NUMER_UCHWALY_ZARZADU","description":"Numer uchwa\u0142y","value":"521\/26\/IV\/2011"},{"id":"278","name":"Numer posiedzenia zarz\u0105du","description":"Numer posiedzenia zarz\u0105du","value":"26"},{"id":"261","name":"Na podstawie","description":"podstawa prawna","value":"art. 41 ust. 2 pkt 3 ustawy z dnia 5 czerwca 1998 roku o samorz\u0105dzie wojew\u00f3dztwa (tekst jedn. Dz. U. z 2001 r., nr 142, poz. 1590 ze zm.) oraz art. 230 ust. 1 ustawy z dnia 27 sierpnia 2009 roku o finansach publicznych   (Dz. U. nr 157, poz. 1240 ze zm.)"}],"components":[{"id":"bf6d5eba-d119-11e7-80a9-005056b46601","type":"ContentWYSIWYG","name":"Tre\u015b\u0107","description":"Tre\u015b\u0107 strony","content":{"content":"","promotion":false}},{"id":"bf6dbc25-d119-11e7-80a9-005056b46601","type":"Gallery","name":"Galeria","description":"Galeria"},{"id":"bf6e1f6b-d119-11e7-80a9-005056b46601","type":"Attachment","name":"Za\u0142\u0105czniki","description":"Za\u0142\u0105czniki do strony","content":[{"src":"\/resource\/155456\/Tre%25C5%259B%25C4%2587+uchwa%25C5%2582y.rtf","extension":"RTF","name":"0a5f556c1451fc504cbeeb4351ffd8cc.rtf","size":"63.6 KB"},{"src":"\/resource\/155459\/Za%25C5%2582%25C4%2585cznik+do+uchwa%25C5%2582y.rtf","extension":"RTF","name":"724f6405acbf9db2eb6d765343b0f997.rtf","size":"170.1 KB"},{"src":"\/resource\/155468\/Za%25C5%2582%25C4%2585cznik+do+uchwa%25C5%2582y.rtf","extension":"RTF","name":"20d7de55a7c2e2eecbac13dc81b02353.rtf","size":"208.5 KB"},{"src":"\/resource\/155465\/Za%25C5%2582%25C4%2585cznik+do+uchwa%25C5%2582y.xls","extension":"XLS","name":"f25bb6d04490892ba5865fd50fb94dcf.xls","size":"35.5 KB"},{"src":"\/resource\/155462\/Za%25C5%2582%25C4%2585cznik+do+uchwa%25C5%2582y.xlsx","extension":"XLSX","name":"b6615894b4fa147700f9a552d587a671.xlsx","size":"17.84 KB"}]},{"id":"eba03b25-d9a7-11e7-b355-005056b70dba","type":"PageTitle","name":"","description":"Tytu\u0142 strony","content":{"title":"Uchwa\u0142a zarz\u0105du nr 521\/26\/IV\/2011 z dnia 2011-03-03"}},{"id":"eba07701-d9a7-11e7-b355-005056b70dba","type":"PageDescription","name":"","description":"Zajawka strony","content":[]},{"id":"1b1a7940-ff78-11e7-b81e-005056b7801d","type":"SectionDescription","name":"","description":"Zajawka sekcji","content":[]}]}

Uchwała zarządu nr 521/26/IV/2011 z dnia 2011-03-03

Urząd Marszałkowski Województwa Śląskiego

Uchwała Zarządu

przyjęcia projektu uchwały Sejmiku Województwa Śląskiego w sprawie zmian Wieloletniej Prognozy Finansowej Województwa Śląskiego na lata 2011-2020

Numer uchwały

Numer posiedzenia zarządu

art. 41 ust. 2 pkt 3 ustawy z dnia 5 czerwca 1998 roku o samorządzie województwa (tekst jedn. Dz. U. z 2001 r., nr 142, poz. 1590 ze zm.) oraz art. 230 ust. 1 ustawy z dnia 27 sierpnia 2009 roku o finansach publicznych   (Dz. U. nr 157, poz. 1240 ze zm.)

Treść

Treść strony

Załączniki

Załączniki do strony

Tytuł strony
