{"id":12211,"name":"uchwala-zarzadu-nr-552-106-vi-2020-z-dnia-2020-02-26","title":"Uchwa\u0142a zarz\u0105du nr 552\/106\/VI\/2020 z dnia 2020-02-26","desc":"","header":"Uchwa\u0142a zarz\u0105du nr 552\/106\/VI\/2020 z dnia 2020-02-26","lead":"","keywords":"","changes":"wprowadzenie artyku\u0142u","menu":"","path":"\/samorzad_wojewodztwa\/zarzad_wojewodztwa\/uchwaly_zarzadu\/uchwala-zarzadu-nr-552-106-vi-2020-z-dnia-2020-02-26.html","url":"\/samorzad_wojewodztwa\/zarzad_wojewodztwa\/uchwaly_zarzadu\/uchwala-zarzadu-nr-552-106-vi-2020-z-dnia-2020-02-26.html","infoOwner":"Urz\u0105d Marsza\u0142kowski Wojew\u00f3dztwa \u015al\u0105skiego","dateFirstPublicate":"2020-03-06 12:33:57","dateLastVersionPublicate":"2020-03-06 12:33:57","dateAvailableFrom":"","dateAvailableTo":"","type":"Uchwa\u0142a Zarz\u0105du","pageParams":[{"id":"263","name":"Data posiedzenia","description":"Data posiedzenia","value":"2020-02-26"},{"id":"235","name":"W sprawie","description":"W sprawie","value":"Przyj\u0119cia zasad dofinansowania doskonalenia zawodowego dyrektor\u00f3w szk\u00f3\u0142 i plac\u00f3wek o\u015bwiatowych, dla kt\u00f3rych organem prowadz\u0105cym jest Wojew\u00f3dztwo \u015al\u0105skie."},{"id":"273","name":"NUMER_UCHWALY_ZARZADU","description":"Numer uchwa\u0142y","value":"552\/106\/VI\/2020"},{"id":"278","name":"Numer posiedzenia zarz\u0105du","description":"Numer posiedzenia zarz\u0105du","value":"106"},{"id":"261","name":"Na podstawie","description":"podstawa prawna","value":"art. 41 ust. 1 ustawy z dnia 5 czerwca 1998 roku o samorz\u0105dzie wojew\u00f3dztwa (tekst jednolity: Dz. U. z 2019 r. poz. 512 z p\u00f3\u017an. zm.), art. 70 a ustawy z dnia 26 stycznia 1982 r. Karta Nauczyciela (tekst jednolity: Dz. U. z 2019 r., poz. 2215 z p\u00f3\u017an. zm.), rozporz\u0105dzenia Ministra Edukacji Narodowej z dnia 23 sierpnia 2019 r. w sprawie dofinansowania doskonalenia zawodowego nauczycieli, szczeg\u00f3\u0142owych cel\u00f3w szkolenia bran\u017cowego oraz trybu i warunk\u00f3w kierowania nauczycieli na szkolenia bran\u017cowe (Dz.U. z 2019 r. poz. 1653)."}],"components":[{"id":"bf6d5eba-d119-11e7-80a9-005056b46601","type":"ContentWYSIWYG","name":"Tre\u015b\u0107","description":"Tre\u015b\u0107 strony","content":{"content":"","promotion":false}},{"id":"bf6dbc25-d119-11e7-80a9-005056b46601","type":"Gallery","name":"Galeria","description":"Galeria"},{"id":"bf6e1f6b-d119-11e7-80a9-005056b46601","type":"Attachment","name":"Za\u0142\u0105czniki","description":"Za\u0142\u0105czniki do strony","content":[{"src":"\/resource\/24163\/552u.doc","extension":"DOC","name":"ad8ec66a121683543f1c3d9406118f06.doc","size":"60 KB"},{"src":"\/resource\/24163\/552z.doc","extension":"DOC","name":"514ae24a41e66a7433cf3f135bcab16b.doc","size":"55 KB"},{"src":"\/resource\/24163\/552zz1.doc","extension":"DOC","name":"837af6890bb91632ab9d1ed17c5677a4.doc","size":"45 KB"},{"src":"\/resource\/24163\/552zz2.doc","extension":"DOC","name":"19db5c383c757c0113cad70981c0a82c.doc","size":"77 KB"}]},{"id":"eba03b25-d9a7-11e7-b355-005056b70dba","type":"PageTitle","name":"","description":"Tytu\u0142 strony","content":{"title":"Uchwa\u0142a zarz\u0105du nr 552\/106\/VI\/2020 z dnia 2020-02-26"}},{"id":"eba07701-d9a7-11e7-b355-005056b70dba","type":"PageDescription","name":"","description":"Zajawka strony","content":[]},{"id":"1b1a7940-ff78-11e7-b81e-005056b7801d","type":"SectionDescription","name":"","description":"Zajawka sekcji","content":[]}]}

Uchwała zarządu nr 552/106/VI/2020 z dnia 2020-02-26

wprowadzenie artykułu

Urząd Marszałkowski Województwa Śląskiego

Uchwała Zarządu

Przyjęcia zasad dofinansowania doskonalenia zawodowego dyrektorów szkół i placówek oświatowych, dla których organem prowadzącym jest Województwo Śląskie.

Numer uchwały

Numer posiedzenia zarządu

art. 41 ust. 1 ustawy z dnia 5 czerwca 1998 roku o samorządzie województwa (tekst jednolity: Dz. U. z 2019 r. poz. 512 z późn. zm.), art. 70 a ustawy z dnia 26 stycznia 1982 r. Karta Nauczyciela (tekst jednolity: Dz. U. z 2019 r., poz. 2215 z późn. zm.), rozporządzenia Ministra Edukacji Narodowej z dnia 23 sierpnia 2019 r. w sprawie dofinansowania doskonalenia zawodowego nauczycieli, szczegółowych celów szkolenia branżowego oraz trybu i warunków kierowania nauczycieli na szkolenia branżowe (Dz.U. z 2019 r. poz. 1653).

Treść

Treść strony

Załączniki

Załączniki do strony

Tytuł strony
