{"id":12212,"name":"uchwala-zarzadu-nr-553-106-vi-2020-z-dnia-2020-02-26","title":"Uchwa\u0142a zarz\u0105du nr 553\/106\/VI\/2020 z dnia 2020-02-26","desc":"","header":"Uchwa\u0142a zarz\u0105du nr 553\/106\/VI\/2020 z dnia 2020-02-26","lead":"","keywords":"","changes":"wprowadzenie artyku\u0142u","menu":"","path":"\/samorzad_wojewodztwa\/zarzad_wojewodztwa\/uchwaly_zarzadu\/uchwala-zarzadu-nr-553-106-vi-2020-z-dnia-2020-02-26.html","url":"\/samorzad_wojewodztwa\/zarzad_wojewodztwa\/uchwaly_zarzadu\/uchwala-zarzadu-nr-553-106-vi-2020-z-dnia-2020-02-26.html","infoOwner":"Urz\u0105d Marsza\u0142kowski Wojew\u00f3dztwa \u015al\u0105skiego","dateFirstPublicate":"2020-03-06 12:39:09","dateLastVersionPublicate":"2020-03-06 12:39:09","dateAvailableFrom":"","dateAvailableTo":"","type":"Uchwa\u0142a Zarz\u0105du","pageParams":[{"id":"263","name":"Data posiedzenia","description":"Data posiedzenia","value":"2020-02-26"},{"id":"235","name":"W sprawie","description":"W sprawie","value":"og\u0142oszenia konkurs\u00f3w na kandydat\u00f3w  na stanowiska dyrektor\u00f3w szk\u00f3\u0142 i plac\u00f3wek o\u015bwiatowych, dla kt\u00f3rych organem prowadz\u0105cym jest Wojew\u00f3dztwo \u015al\u0105skie"},{"id":"273","name":"NUMER_UCHWALY_ZARZADU","description":"Numer uchwa\u0142y","value":"553\/106\/VI\/2020"},{"id":"278","name":"Numer posiedzenia zarz\u0105du","description":"Numer posiedzenia zarz\u0105du","value":"106"},{"id":"261","name":"Na podstawie","description":"podstawa prawna","value":"art. 41 ust. 1 ustawy z dnia 5 czerwca 1998 roku o samorz\u0105dzie wojew\u00f3dztwa (tekst jednolity: Dz. U. z 2019 r. poz. 512 z p\u00f3\u017an. zm.), art. 63 ust. 10 ustawy z dnia 14 grudnia 2016 r. Prawo o\u015bwiatowe (tekst jednolity: Dz. U. z 2019 r. poz. 1148 z p\u00f3\u017an. zm.), \r\n\u00a7 13 ust. 3 i 5 rozporz\u0105dzenia z dnia 15 wrze\u015bnia 2016 r. Ministra Rodziny, Pracy i Polityki Spo\u0142ecznej w sprawie kolegi\u00f3w pracownik\u00f3w s\u0142u\u017cb spo\u0142ecznych (Dz.U. z 2016 r. poz. 1543)"}],"components":[{"id":"bf6d5eba-d119-11e7-80a9-005056b46601","type":"ContentWYSIWYG","name":"Tre\u015b\u0107","description":"Tre\u015b\u0107 strony","content":{"content":"","promotion":false}},{"id":"bf6dbc25-d119-11e7-80a9-005056b46601","type":"Gallery","name":"Galeria","description":"Galeria"},{"id":"bf6e1f6b-d119-11e7-80a9-005056b46601","type":"Attachment","name":"Za\u0142\u0105czniki","description":"Za\u0142\u0105czniki do strony","content":[{"src":"\/resource\/24165\/553u.doc","extension":"DOC","name":"8817a55c55c3f4df9c578af4fafcd4f1.doc","size":"62 KB"},{"src":"\/resource\/24165\/553z1.doc","extension":"DOC","name":"752ebf1544966dae59ca7dae5d54813b.doc","size":"76 KB"},{"src":"\/resource\/24165\/553z2.doc","extension":"DOC","name":"21034a73fdeff18c6cb8077755c24765.doc","size":"74 KB"},{"src":"\/resource\/24165\/553z3.doc","extension":"DOC","name":"cf25576cb3eda9831734031db6ecbbe5.doc","size":"111.5 KB"}]},{"id":"eba03b25-d9a7-11e7-b355-005056b70dba","type":"PageTitle","name":"","description":"Tytu\u0142 strony","content":{"title":"Uchwa\u0142a zarz\u0105du nr 553\/106\/VI\/2020 z dnia 2020-02-26"}},{"id":"eba07701-d9a7-11e7-b355-005056b70dba","type":"PageDescription","name":"","description":"Zajawka strony","content":[]},{"id":"1b1a7940-ff78-11e7-b81e-005056b7801d","type":"SectionDescription","name":"","description":"Zajawka sekcji","content":[]}]}

Uchwała zarządu nr 553/106/VI/2020 z dnia 2020-02-26

wprowadzenie artykułu

Urząd Marszałkowski Województwa Śląskiego

Uchwała Zarządu

ogłoszenia konkursów na kandydatów  na stanowiska dyrektorów szkół i placówek oświatowych, dla których organem prowadzącym jest Województwo Śląskie

Numer uchwały

Numer posiedzenia zarządu

art. 41 ust. 1 ustawy z dnia 5 czerwca 1998 roku o samorządzie województwa (tekst jednolity: Dz. U. z 2019 r. poz. 512 z późn. zm.), art. 63 ust. 10 ustawy z dnia 14 grudnia 2016 r. Prawo oświatowe (tekst jednolity: Dz. U. z 2019 r. poz. 1148 z późn. zm.), 
§ 13 ust. 3 i 5 rozporządzenia z dnia 15 września 2016 r. Ministra Rodziny, Pracy i Polityki Społecznej w sprawie kolegiów pracowników służb społecznych (Dz.U. z 2016 r. poz. 1543)

Treść

Treść strony

Załączniki

Załączniki do strony

Tytuł strony
