{"id":12213,"name":"uchwala-zarzadu-nr-554-106-vi-2020-z-dnia-2020-02-26","title":"Uchwa\u0142a zarz\u0105du nr 554\/106\/VI\/2020 z dnia 2020-02-26","desc":"","header":"Uchwa\u0142a zarz\u0105du nr 554\/106\/VI\/2020 z dnia 2020-02-26","lead":"","keywords":"","changes":"wprowadzenie artyku\u0142u","menu":"","path":"\/samorzad_wojewodztwa\/zarzad_wojewodztwa\/uchwaly_zarzadu\/uchwala-zarzadu-nr-554-106-vi-2020-z-dnia-2020-02-26.html","url":"\/samorzad_wojewodztwa\/zarzad_wojewodztwa\/uchwaly_zarzadu\/uchwala-zarzadu-nr-554-106-vi-2020-z-dnia-2020-02-26.html","infoOwner":"Urz\u0105d Marsza\u0142kowski Wojew\u00f3dztwa \u015al\u0105skiego","dateFirstPublicate":"2020-03-06 12:41:48","dateLastVersionPublicate":"2020-03-06 12:41:48","dateAvailableFrom":"","dateAvailableTo":"","type":"Uchwa\u0142a Zarz\u0105du","pageParams":[{"id":"263","name":"Data posiedzenia","description":"Data posiedzenia","value":"2020-02-26"},{"id":"235","name":"W sprawie","description":"W sprawie","value":"wyra\u017cenia zgody na inicjowanie projektu pt:. \u201eWe need each other\u201d (Potrzebujemy siebie wzajemnie) w ramach Programu Erasmus+ i udzielenia pe\u0142nomocnictwa Panu Tomaszowi Stule (Stu\u0142a) - dyrektorowi M\u0142odzie\u017cowego O\u015brodka Wychowawczego w Radzionkowie."},{"id":"273","name":"NUMER_UCHWALY_ZARZADU","description":"Numer uchwa\u0142y","value":"554\/106\/VI\/2020"},{"id":"278","name":"Numer posiedzenia zarz\u0105du","description":"Numer posiedzenia zarz\u0105du","value":"106"},{"id":"261","name":"Na podstawie","description":"podstawa prawna","value":"41 ust. 1 i art. 56 ust. 2 ustawy z dnia 5 czerwca 1998 roku o samorz\u0105dzie wojew\u00f3dztwa (tekst jednolity: Dz. U. z 2019 r., poz. 512 z p\u00f3\u017an. zm.); \u00a7 2 ust. 2 uchwa\u0142y nr VI\/16\/2\/2019 Sejmiku Wojew\u00f3dztwa \u015al\u0105skiego z dnia 16 grudnia 2019 r. w sprawie Wieloletniej Prognozy Finansowej Wojew\u00f3dztwa \u015al\u0105skiego na lata 2020-2030 oraz Zasad prowadzenia dzia\u0142a\u0144 projektowych przez jednostki organizacyjne Wojew\u00f3dztwa \u015al\u0105skiego stanowi\u0105cych za\u0142\u0105cznik do uchwa\u0142y nr 2376\/293\/V\/2018 Zarz\u0105du Wojew\u00f3dztwa \u015al\u0105skiego z dnia 16 pa\u017adziernika 2018 roku w sprawie przyj\u0119cia \u201eZasad prowadzenia dzia\u0142a\u0144 projektowych przez jednostki organizacyjne Wojew\u00f3dztwa \u015al\u0105skiego\u201d (z p\u00f3\u017an. zm.)"}],"components":[{"id":"bf6d5eba-d119-11e7-80a9-005056b46601","type":"ContentWYSIWYG","name":"Tre\u015b\u0107","description":"Tre\u015b\u0107 strony","content":{"content":"","promotion":false}},{"id":"bf6dbc25-d119-11e7-80a9-005056b46601","type":"Gallery","name":"Galeria","description":"Galeria"},{"id":"bf6e1f6b-d119-11e7-80a9-005056b46601","type":"Attachment","name":"Za\u0142\u0105czniki","description":"Za\u0142\u0105czniki do strony","content":[{"src":"\/resource\/24167\/554u.doc","extension":"DOC","name":"ae4d58e939fa304fc8afe3fe9949e8d2.doc","size":"57 KB"},{"src":"\/resource\/24167\/554z.doc","extension":"DOC","name":"513d5dfe8791a6368be4f26057530500.doc","size":"88 KB"}]},{"id":"eba03b25-d9a7-11e7-b355-005056b70dba","type":"PageTitle","name":"","description":"Tytu\u0142 strony","content":{"title":"Uchwa\u0142a zarz\u0105du nr 554\/106\/VI\/2020 z dnia 2020-02-26"}},{"id":"eba07701-d9a7-11e7-b355-005056b70dba","type":"PageDescription","name":"","description":"Zajawka strony","content":[]},{"id":"1b1a7940-ff78-11e7-b81e-005056b7801d","type":"SectionDescription","name":"","description":"Zajawka sekcji","content":[]}]}

Uchwała zarządu nr 554/106/VI/2020 z dnia 2020-02-26

wprowadzenie artykułu

Urząd Marszałkowski Województwa Śląskiego

Uchwała Zarządu

wyrażenia zgody na inicjowanie projektu pt:. „We need each other” (Potrzebujemy siebie wzajemnie) w ramach Programu Erasmus+ i udzielenia pełnomocnictwa Panu Tomaszowi Stule (Stuła) - dyrektorowi Młodzieżowego Ośrodka Wychowawczego w Radzionkowie.

Numer uchwały

Numer posiedzenia zarządu

41 ust. 1 i art. 56 ust. 2 ustawy z dnia 5 czerwca 1998 roku o samorządzie województwa (tekst jednolity: Dz. U. z 2019 r., poz. 512 z późn. zm.); § 2 ust. 2 uchwały nr VI/16/2/2019 Sejmiku Województwa Śląskiego z dnia 16 grudnia 2019 r. w sprawie Wieloletniej Prognozy Finansowej Województwa Śląskiego na lata 2020-2030 oraz Zasad prowadzenia działań projektowych przez jednostki organizacyjne Województwa Śląskiego stanowiących załącznik do uchwały nr 2376/293/V/2018 Zarządu Województwa Śląskiego z dnia 16 października 2018 roku w sprawie przyjęcia „Zasad prowadzenia działań projektowych przez jednostki organizacyjne Województwa Śląskiego” (z późn. zm.)

Treść

Treść strony

Załączniki

Załączniki do strony

Tytuł strony
