{"id":135125,"name":"uchwala-zarzadu-nr-561146iii2008-z-dnia-2008-03-20","title":"Uchwa\u0142a zarz\u0105du nr 561\/146\/III\/2008 z dnia 2008-03-20","desc":"","header":"Uchwa\u0142a zarz\u0105du nr 561\/146\/III\/2008 z dnia 2008-03-20","lead":"","keywords":"","changes":"Migracja danych","menu":"","path":"\/samorzad_wojewodztwa\/zarzad_wojewodztwa\/uchwaly_zarzadu\/uchwala-zarzadu-nr-561146iii2008-z-dnia-2008-03-20.html","url":"\/samorzad_wojewodztwa\/zarzad_wojewodztwa\/uchwaly_zarzadu\/uchwala-zarzadu-nr-561146iii2008-z-dnia-2008-03-20.html","infoOwner":"Urz\u0105d Marsza\u0142kowski Wojew\u00f3dztwa \u015al\u0105skiego","dateFirstPublicate":"2008-03-27 13:50:34","dateLastVersionPublicate":"2008-03-27 13:50:34","dateAvailableFrom":"","dateAvailableTo":"","type":"Uchwa\u0142a Zarz\u0105du","pageParams":[{"id":"263","name":"Data posiedzenia","description":"Data posiedzenia","value":"2008-03-20 13:50:33"},{"id":"235","name":"W sprawie","description":"W sprawie","value":"zawarcia umowy po\u017cyczki z G\u00f3rno\u015bl\u0105skim O\u015brodkiem Rehabilitacji Dzieci im. dr Adama Szebesty w Rabce"},{"id":"273","name":"NUMER_UCHWALY_ZARZADU","description":"Numer uchwa\u0142y","value":"561\/146\/III\/2008"},{"id":"278","name":"Numer posiedzenia zarz\u0105du","description":"Numer posiedzenia zarz\u0105du","value":"146"},{"id":"261","name":"Na podstawie","description":"podstawa prawna","value":"art. 41 ustawy z dnia 5 czerwca 1998 roku o samorz\u0105dzie wojew\u00f3dztwa (Dz. U. Nr 142 poz. 1590 z 2001 r. z p\u00f3\u017an. zm.) "}],"components":[{"id":"bf6d5eba-d119-11e7-80a9-005056b46601","type":"ContentWYSIWYG","name":"Tre\u015b\u0107","description":"Tre\u015b\u0107 strony","content":{"content":"","promotion":false}},{"id":"bf6dbc25-d119-11e7-80a9-005056b46601","type":"Gallery","name":"Galeria","description":"Galeria"},{"id":"bf6e1f6b-d119-11e7-80a9-005056b46601","type":"Attachment","name":"Za\u0142\u0105czniki","description":"Za\u0142\u0105czniki do strony","content":[{"src":"\/resource\/202274\/Tre%25C5%259B%25C4%2587+uchwa%25C5%2582y.rtf","extension":"RTF","name":"3a617bd6b0394f97db4600a54b201b1f.rtf","size":"27.15 KB"},{"src":"\/resource\/202277\/Za%25C5%2582%25C4%2585cznik+do+uchwa%25C5%2582y.rtf","extension":"RTF","name":"579676ede3528fae9f2cf53f38505c76.rtf","size":"53.1 KB"}]},{"id":"eba03b25-d9a7-11e7-b355-005056b70dba","type":"PageTitle","name":"","description":"Tytu\u0142 strony","content":{"title":"Uchwa\u0142a zarz\u0105du nr 561\/146\/III\/2008 z dnia 2008-03-20"}},{"id":"eba07701-d9a7-11e7-b355-005056b70dba","type":"PageDescription","name":"","description":"Zajawka strony","content":[]},{"id":"1b1a7940-ff78-11e7-b81e-005056b7801d","type":"SectionDescription","name":"","description":"Zajawka sekcji","content":[]}]}

Uchwała zarządu nr 561/146/III/2008 z dnia 2008-03-20

Urząd Marszałkowski Województwa Śląskiego

Uchwała Zarządu

zawarcia umowy pożyczki z Górnośląskim Ośrodkiem Rehabilitacji Dzieci im. dr Adama Szebesty w Rabce

Numer uchwały

Numer posiedzenia zarządu

art. 41 ustawy z dnia 5 czerwca 1998 roku o samorządzie województwa (Dz. U. Nr 142 poz. 1590 z 2001 r. z późn. zm.)

Treść

Treść strony

Załączniki

Załączniki do strony

Tytuł strony
