{"id":43465,"name":"uchwala-zarzadu-nr-631411vi2023-z-dnia-2023-03-24","title":"Uchwa\u0142a zarz\u0105du nr 631\/411\/VI\/2023 z dnia 2023-03-24","desc":"","header":"Uchwa\u0142a zarz\u0105du nr 631\/411\/VI\/2023 z dnia 2023-03-24","lead":"","keywords":"","changes":"zamieszczenie uchwa\u0142y","menu":"","path":"\/samorzad_wojewodztwa\/zarzad_wojewodztwa\/uchwaly_zarzadu\/uchwala-zarzadu-nr-631411vi2023-z-dnia-2023-03-24.html","url":"\/samorzad_wojewodztwa\/zarzad_wojewodztwa\/uchwaly_zarzadu\/uchwala-zarzadu-nr-631411vi2023-z-dnia-2023-03-24.html","infoOwner":"Urz\u0105d Marsza\u0142kowski Wojew\u00f3dztwa \u015al\u0105skiego","dateFirstPublicate":"2023-03-28 11:21:08","dateLastVersionPublicate":"2023-03-28 11:21:08","dateAvailableFrom":"2023-03-28 11:19:25","dateAvailableTo":"","type":"Uchwa\u0142a Zarz\u0105du","pageParams":[{"id":"263","name":"Data posiedzenia","description":"Data posiedzenia","value":"2023-03-24"},{"id":"235","name":"W sprawie","description":"W sprawie","value":"zmiany sk\u0142adu Rady Programowej Instytucji Kultury Ars Cameralis Silesiae Superioris \u2013 G\u00f3rno\u015bl\u0105ski Festiwal Sztuki Kameralnej w Katowicach"},{"id":"273","name":"NUMER_UCHWALY_ZARZADU","description":"Numer uchwa\u0142y","value":"631\/411\/VI\/2023"},{"id":"278","name":"Numer posiedzenia zarz\u0105du","description":"Numer posiedzenia zarz\u0105du","value":"411"},{"id":"261","name":"Na podstawie","description":"podstawa prawna","value":"art. 41 ust. 1 ustawy z dnia 5 czerwca 1998 r. o samorz\u0105dzie wojew\u00f3dztwa (tekst jednolity: Dz. U. z 2022 r., poz. 2094), w zwi\u0105zku z \u00a7 9 ust. 2 statutu Instytucji Kultury Ars Cameralis Silesiae Superioris \u2013 G\u00f3rno\u015bl\u0105ski Festiwal Sztuki Kameralnej w Katowicach nadanego uchwa\u0142\u0105 nr VI\/22\/25\/2012 Sejmiku Wojew\u00f3dztwa \u015al\u0105skiego z dnia 18 czerwca 2012 roku"}],"components":[{"id":"bf6d5eba-d119-11e7-80a9-005056b46601","type":"ContentWYSIWYG","name":"Tre\u015b\u0107","description":"Tre\u015b\u0107 strony","content":{"content":"","promotion":false}},{"id":"bf6dbc25-d119-11e7-80a9-005056b46601","type":"Gallery","name":"Galeria","description":"Galeria"},{"id":"bf6e1f6b-d119-11e7-80a9-005056b46601","type":"Attachment","name":"Za\u0142\u0105czniki","description":"Za\u0142\u0105czniki do strony","content":[{"src":"\/resource\/63824\/Uchwa%25C5%2582a+RP+ACSS.docx","extension":"DOCX","name":"c248cad4be4f1580b76bc0377f511a5c.docx","size":"29.39 KB"},{"src":"\/resource\/63824\/sk%25C5%2582ad+RP+ACSS.docx","extension":"DOCX","name":"3efa451fd8c95c564052bec5a68b7606.docx","size":"21.85 KB"}]},{"id":"eba03b25-d9a7-11e7-b355-005056b70dba","type":"PageTitle","name":"","description":"Tytu\u0142 strony","content":{"title":"Uchwa\u0142a zarz\u0105du nr 631\/411\/VI\/2023 z dnia 2023-03-24"}},{"id":"eba07701-d9a7-11e7-b355-005056b70dba","type":"PageDescription","name":"","description":"Zajawka strony","content":[]},{"id":"1b1a7940-ff78-11e7-b81e-005056b7801d","type":"SectionDescription","name":"","description":"Zajawka sekcji","content":[]}]}

Uchwała zarządu nr 631/411/VI/2023 z dnia 2023-03-24

zamieszczenie uchwały

Urząd Marszałkowski Województwa Śląskiego

Uchwała Zarządu

zmiany składu Rady Programowej Instytucji Kultury Ars Cameralis Silesiae Superioris – Górnośląski Festiwal Sztuki Kameralnej w Katowicach

Numer uchwały

Numer posiedzenia zarządu

art. 41 ust. 1 ustawy z dnia 5 czerwca 1998 r. o samorządzie województwa (tekst jednolity: Dz. U. z 2022 r., poz. 2094), w związku z § 9 ust. 2 statutu Instytucji Kultury Ars Cameralis Silesiae Superioris – Górnośląski Festiwal Sztuki Kameralnej w Katowicach nadanego uchwałą nr VI/22/25/2012 Sejmiku Województwa Śląskiego z dnia 18 czerwca 2012 roku

Treść

Treść strony

Załączniki

Załączniki do strony

Tytuł strony
