{"id":5152,"name":"uchwala-zarzadu-nr-7-1-vi-2018-z-dnia-2018-11-28","title":"Uchwa\u0142a zarz\u0105du nr 7\/1\/VI\/2018 z dnia 2018-11-28","desc":"","header":"Uchwa\u0142a zarz\u0105du nr 7\/1\/VI\/2018 z dnia 2018-11-28","lead":"","keywords":"","changes":"edycja numeru","menu":"","path":"\/samorzad_wojewodztwa\/zarzad_wojewodztwa\/uchwaly_zarzadu\/uchwala-zarzadu-nr-7-1-vi-2018-z-dnia-2018-11-28.html","url":"\/samorzad_wojewodztwa\/zarzad_wojewodztwa\/uchwaly_zarzadu\/uchwala-zarzadu-nr-7-1-vi-2018-z-dnia-2018-11-28.html","infoOwner":"Urz\u0105d Marsza\u0142kowski Wojew\u00f3dztwa \u015al\u0105skiego","dateFirstPublicate":"2018-12-06 07:46:04","dateLastVersionPublicate":"2018-12-06 07:56:37","dateAvailableFrom":"","dateAvailableTo":"","type":"Uchwa\u0142a Zarz\u0105du","pageParams":[{"id":"263","name":"Data posiedzenia","description":"Data posiedzenia","value":"2018-11-28"},{"id":"235","name":"W sprawie","description":"W sprawie","value":"Zmiany uchwa\u0142y Zarz\u0105du Wojew\u00f3dztwa \u015al\u0105skiego nr 693\/250\/V\/2018 z dn. 27.03.2018 r. (z p\u00f3\u017an. zm.) w sprawie przyj\u0119cia pakiet\u00f3w aplikacyjnych w ramach konkurs\u00f3w: RPSL.04.05.01-IZ.01-24-243\/18, RPSL.10.02.02-IZ.01-24-244\/18, RPSL.12.02.01-IZ.01-24-245\/18, RPSL.12.02.02-IZ.01-24-246\/18nr 934\/254\/V\/2018."},{"id":"273","name":"NUMER_UCHWALY_ZARZADU","description":"Numer uchwa\u0142y","value":"07\/1\/VI\/2018"},{"id":"278","name":"Numer posiedzenia zarz\u0105du","description":"Numer posiedzenia zarz\u0105du","value":"1"},{"id":"261","name":"Na podstawie","description":"podstawa prawna","value":"art. 41 ust. 2 pkt. 4 ustawy z dnia 5 czerwca 1998 r. o samorz\u0105dzie wojew\u00f3dztwa (tekst jednolity Dz. U. z 2018 r. poz. 913 z p\u00f3\u017an. zm.), art. 9 ust. 1 pkt 2, art. 39, art. 40, art. 41 ustawy z dnia 11 lipca 2014 r. o zasadach realizacji program\u00f3w w zakresie polityki sp\u00f3jno\u015bci finansowanych w perspektywie finansowej 2014-2020 (tekst jednolity Dz. U. z 2018 r. poz. 1431)"}],"components":[{"id":"bf6d5eba-d119-11e7-80a9-005056b46601","type":"ContentWYSIWYG","name":"Tre\u015b\u0107","description":"Tre\u015b\u0107 strony","content":{"content":"","promotion":false}},{"id":"bf6dbc25-d119-11e7-80a9-005056b46601","type":"Gallery","name":"Galeria","description":"Galeria"},{"id":"bf6e1f6b-d119-11e7-80a9-005056b46601","type":"Attachment","name":"Za\u0142\u0105czniki","description":"Za\u0142\u0105czniki do strony","content":[{"src":"\/resource\/9440\/Uchwa%25C5%2582a+Zarz%25C4%2585du+nr+7_1_VI_2018+z+dnia+28.11.2018+r.rtf","extension":"RTF","name":"8fc0a5494b36cafe27cc348748aace9f.rtf","size":"79.44 KB"},{"src":"\/resource\/9440\/Za%25C5%2582.+nr+1_Uchwa%25C5%2582y+Zarz%25C4%2585du+nr+7_1_VI_2018+z+dnia+28.11.2018+r-1.rtf","extension":"RTF","name":"c5384864f5a33de7b49769048f4ec469.rtf","size":"2.44 MB"},{"src":"\/resource\/9440\/Za%25C5%2582.+nr+2_Uchwa%25C5%2582y+Zarz%25C4%2585du+nr+7_1_VI_2018+z+dnia+28.11.2018+r-1.rtf","extension":"RTF","name":"be8cd0c7235c8e9740deeebe167d83c0.rtf","size":"7.2 MB"},{"src":"\/resource\/9440\/Za%25C5%2582.+nr+3_Uchwa%25C5%2582y+Zarz%25C4%2585du+nr+7_1_VI_2018+z+dnia+28.11.2018+r.rtf","extension":"RTF","name":"45d49bcc2ea6a714897c93866c87d125.rtf","size":"3.88 MB"}]},{"id":"eba03b25-d9a7-11e7-b355-005056b70dba","type":"PageTitle","name":"","description":"Tytu\u0142 strony","content":{"title":"Uchwa\u0142a zarz\u0105du nr 7\/1\/VI\/2018 z dnia 2018-11-28"}},{"id":"eba07701-d9a7-11e7-b355-005056b70dba","type":"PageDescription","name":"","description":"Zajawka strony","content":[]},{"id":"1b1a7940-ff78-11e7-b81e-005056b7801d","type":"SectionDescription","name":"","description":"Zajawka sekcji","content":[]}]}

Uchwała zarządu nr 7/1/VI/2018 z dnia 2018-11-28

Urząd Marszałkowski Województwa Śląskiego

Uchwała Zarządu

Zmiany uchwały Zarządu Województwa Śląskiego nr 693/250/V/2018 z dn. 27.03.2018 r. (z późn. zm.) w sprawie przyjęcia pakietów aplikacyjnych w ramach konkursów: RPSL.04.05.01-IZ.01-24-243/18, RPSL.10.02.02-IZ.01-24-244/18, RPSL.12.02.01-IZ.01-24-245/18, RPSL.12.02.02-IZ.01-24-246/18nr 934/254/V/2018.

Numer uchwały

Numer posiedzenia zarządu

art. 41 ust. 2 pkt. 4 ustawy z dnia 5 czerwca 1998 r. o samorządzie województwa (tekst jednolity Dz. U. z 2018 r. poz. 913 z późn. zm.), art. 9 ust. 1 pkt 2, art. 39, art. 40, art. 41 ustawy z dnia 11 lipca 2014 r. o zasadach realizacji programów w zakresie polityki spójności finansowanych w perspektywie finansowej 2014-2020 (tekst jednolity Dz. U. z 2018 r. poz. 1431)

Treść

Treść strony

Załączniki

Załączniki do strony

Tytuł strony
