{"id":12457,"name":"uchwala-zarzadu-nr-743-114-vi-2020-z-dnia-2020-03-25","title":"Uchwa\u0142a zarz\u0105du nr 743\/114\/VI\/2020 z dnia 2020-03-25","desc":"","header":"Uchwa\u0142a zarz\u0105du nr 743\/114\/VI\/2020 z dnia 2020-03-25","lead":"","keywords":"","changes":"Dodanie Uchwa\u0142y","menu":"","path":"\/samorzad_wojewodztwa\/zarzad_wojewodztwa\/uchwaly_zarzadu\/uchwala-zarzadu-nr-743-114-vi-2020-z-dnia-2020-03-25.html","url":"\/samorzad_wojewodztwa\/zarzad_wojewodztwa\/uchwaly_zarzadu\/uchwala-zarzadu-nr-743-114-vi-2020-z-dnia-2020-03-25.html","infoOwner":"Urz\u0105d Marsza\u0142kowski Wojew\u00f3dztwa \u015al\u0105skiego","dateFirstPublicate":"2020-03-31 13:24:09","dateLastVersionPublicate":"2020-03-31 13:24:09","dateAvailableFrom":"","dateAvailableTo":"","type":"Uchwa\u0142a Zarz\u0105du","pageParams":[{"id":"263","name":"Data posiedzenia","description":"Data posiedzenia","value":"2020-03-25"},{"id":"235","name":"W sprawie","description":"W sprawie","value":"zmiany Regulaminu konkursu nr RPSL.08.03.02-IZ.01-24-325\/19"},{"id":"273","name":"NUMER_UCHWALY_ZARZADU","description":"Numer uchwa\u0142y","value":"743\/114\/VI\/2020"},{"id":"278","name":"Numer posiedzenia zarz\u0105du","description":"Numer posiedzenia zarz\u0105du","value":"114"},{"id":"261","name":"Na podstawie","description":"podstawa prawna","value":"art. 41 ust. 2 pkt 4 ustawy z dnia 5 czerwca 1998 r. o samorz\u0105dzie wojew\u00f3dztwa  (t.j. Dz. U. z 2019 r. poz. 512), art. 9 ust. 1 pkt 2; art. 38 ust. 1 pkt 1; art. 41 ust. 2 pkt 6 oraz ust. 5 ustawy z dnia 11 lipca 2014 r. o zasadach realizacji program\u00f3w w zakresie polityki sp\u00f3jno\u015bci finansowanych w perspektywie finansowej 2014\u20132020 (t. j. Dz. U. z 2018 r., poz. 1431 z p\u00f3\u017an. zm.), art. 28 ust. 3 i ust. 9 Rozporz\u0105dzenia Parlamentu Europejskiego i Rady (UE) 2016\/679 z dnia 27 kwietnia 2016 r. w sprawie ochrony os\u00f3b fizycznych w zwi\u0105zku z przetwarzaniem danych osobowych i w sprawie swobodnego przep\u0142ywu takich danych oraz uchylenia dyrektywy 95\/46\/WE (Rozporz\u0105dzenie o ochronie danych osobowych - RODO), Dz. U. UE.L. z 2016 r, poz. 119\/1"}],"components":[{"id":"bf6d5eba-d119-11e7-80a9-005056b46601","type":"ContentWYSIWYG","name":"Tre\u015b\u0107","description":"Tre\u015b\u0107 strony","content":{"content":"","promotion":false}},{"id":"bf6dbc25-d119-11e7-80a9-005056b46601","type":"Gallery","name":"Galeria","description":"Galeria"},{"id":"bf6e1f6b-d119-11e7-80a9-005056b46601","type":"Attachment","name":"Za\u0142\u0105czniki","description":"Za\u0142\u0105czniki do strony","content":[{"src":"\/resource\/24704\/Uchwa%25C5%2582a+nr+743_114_vi_2020.rtf","extension":"RTF","name":"e1803162fb07ae488c776845f817fde8.rtf","size":"69.71 KB"},{"src":"\/resource\/24704\/Za%25C5%2582.+nr+1+do+Uchwa%25C5%2582y+nr+743.rtf","extension":"RTF","name":"d6d56d90ef7f9021e88217bb563fa2b2.rtf","size":"2.45 MB"},{"src":"\/resource\/24704\/Za%25C5%2582.+nr+2+do+Uchwa%25C5%2582y+nr+743.docx","extension":"DOCX","name":"1faf15c5b0b723ab17ce93670411c36b.docx","size":"799.21 KB"},{"src":"\/resource\/24704\/Za%25C5%2582.+nr+3+do+Uchwa%25C5%2582y+nr+743.docx","extension":"DOCX","name":"ebaa73668b733b60d73c74996947ca3f.docx","size":"786.01 KB"},{"src":"\/resource\/24704\/Za%25C5%2582.+nr+4+do+Uchwa%25C5%2582y+nr+743.rtf","extension":"RTF","name":"3820a00675302ed19a77def044c8233c.rtf","size":"2.7 MB"}]},{"id":"eba03b25-d9a7-11e7-b355-005056b70dba","type":"PageTitle","name":"","description":"Tytu\u0142 strony","content":{"title":"Uchwa\u0142a zarz\u0105du nr 743\/114\/VI\/2020 z dnia 2020-03-25"}},{"id":"eba07701-d9a7-11e7-b355-005056b70dba","type":"PageDescription","name":"","description":"Zajawka strony","content":[]},{"id":"1b1a7940-ff78-11e7-b81e-005056b7801d","type":"SectionDescription","name":"","description":"Zajawka sekcji","content":[]}]}

Uchwała zarządu nr 743/114/VI/2020 z dnia 2020-03-25

Dodanie Uchwały

Urząd Marszałkowski Województwa Śląskiego

Uchwała Zarządu

Numer uchwały

Numer posiedzenia zarządu

art. 41 ust. 2 pkt 4 ustawy z dnia 5 czerwca 1998 r. o samorządzie województwa  (t.j. Dz. U. z 2019 r. poz. 512), art. 9 ust. 1 pkt 2; art. 38 ust. 1 pkt 1; art. 41 ust. 2 pkt 6 oraz ust. 5 ustawy z dnia 11 lipca 2014 r. o zasadach realizacji programów w zakresie polityki spójności finansowanych w perspektywie finansowej 2014–2020 (t. j. Dz. U. z 2018 r., poz. 1431 z późn. zm.), art. 28 ust. 3 i ust. 9 Rozporządzenia Parlamentu Europejskiego i Rady (UE) 2016/679 z dnia 27 kwietnia 2016 r. w sprawie ochrony osób fizycznych w związku z przetwarzaniem danych osobowych i w sprawie swobodnego przepływu takich danych oraz uchylenia dyrektywy 95/46/WE (Rozporządzenie o ochronie danych osobowych - RODO), Dz. U. UE.L. z 2016 r, poz. 119/1

Treść

Treść strony

Załączniki

Załączniki do strony

Tytuł strony
