{"id":93899,"name":"uchwala-zarzadu-nr-762137iv2012-z-dnia-2012-03-27","title":"Uchwa\u0142a zarz\u0105du nr 762\/137\/IV\/2012 z dnia 2012-03-27","desc":"","header":"Uchwa\u0142a zarz\u0105du nr 762\/137\/IV\/2012 z dnia 2012-03-27","lead":"","keywords":"","changes":"Migracja danych","menu":"","path":"\/samorzad_wojewodztwa\/zarzad_wojewodztwa\/uchwaly_zarzadu\/uchwala-zarzadu-nr-762137iv2012-z-dnia-2012-03-27.html","url":"\/samorzad_wojewodztwa\/zarzad_wojewodztwa\/uchwaly_zarzadu\/uchwala-zarzadu-nr-762137iv2012-z-dnia-2012-03-27.html","infoOwner":"Urz\u0105d Marsza\u0142kowski Wojew\u00f3dztwa \u015al\u0105skiego","dateFirstPublicate":"2012-04-04 12:46:02","dateLastVersionPublicate":"2012-04-04 12:46:02","dateAvailableFrom":"","dateAvailableTo":"","type":"Uchwa\u0142a Zarz\u0105du","pageParams":[{"id":"263","name":"Data posiedzenia","description":"Data posiedzenia","value":"2012-03-27 12:46:01"},{"id":"235","name":"W sprawie","description":"W sprawie","value":"zawarcie Porozumienia na rzecz partnerskiej wsp\u00f3\u0142pracy przy realizacji projektu systemowego pt. \u0022Zarz\u0105dzanie, wdra\u017canie i monitorowanie Regionalnej Strategii Innowacji Wojew\u00f3dztwa \u015al\u0105skiego\u0022 w ramach Poddzia\u0142ania 8.2.2 Regionalne Strategie Innowacji Programu Operacyjnego Kapita\u0142 Ludzki w Wojew\u00f3dztwie \u015al\u0105skim wsp\u00f3\u0142finansowanego ze \u015brodk\u00f3w Europejskiego Funduszu Spo\u0142ecznego."},{"id":"273","name":"NUMER_UCHWALY_ZARZADU","description":"Numer uchwa\u0142y","value":"762\/137\/IV\/2012"},{"id":"278","name":"Numer posiedzenia zarz\u0105du","description":"Numer posiedzenia zarz\u0105du","value":"137"},{"id":"261","name":"Na podstawie","description":"podstawa prawna","value":"art. 41 ust. 1 Ustawy z dnia 5 czerwca 1998 roku o samorz\u0105dzie wojew\u00f3dztwa (tekst jednolity Dz. U. z 2001 r., Nr 142, poz. 1590 z po\u017an. zm.), art. 28 ust. 1 pkt. 2 ustawy z dnia 6 grudnia 2006r. o zasadach prowadzenia polityki rozwoju (tekst jedn. Dz. U. Nr 84 z 2009 r., poz. 712 z po\u017an. zm.), \u00a7 20 pkt. 1 Porozumienia w sprawie realizacji komponentu regionalnego w ramach Programu Operacyjnego Kapita\u0142 Ludzki nr KL\/\u015aL\/2007\/1 z dnia 22 czerwca 2007 r."}],"components":[{"id":"bf6d5eba-d119-11e7-80a9-005056b46601","type":"ContentWYSIWYG","name":"Tre\u015b\u0107","description":"Tre\u015b\u0107 strony","content":{"content":"","promotion":false}},{"id":"bf6dbc25-d119-11e7-80a9-005056b46601","type":"Gallery","name":"Galeria","description":"Galeria"},{"id":"bf6e1f6b-d119-11e7-80a9-005056b46601","type":"Attachment","name":"Za\u0142\u0105czniki","description":"Za\u0142\u0105czniki do strony","content":[{"src":"\/resource\/137531\/Tre%25C5%259B%25C4%2587+uchwa%25C5%2582y.rtf","extension":"RTF","name":"1ecac251ab865c7565b8236ce3fc421d.rtf","size":"89.29 KB"}]},{"id":"eba03b25-d9a7-11e7-b355-005056b70dba","type":"PageTitle","name":"","description":"Tytu\u0142 strony","content":{"title":"Uchwa\u0142a zarz\u0105du nr 762\/137\/IV\/2012 z dnia 2012-03-27"}},{"id":"eba07701-d9a7-11e7-b355-005056b70dba","type":"PageDescription","name":"","description":"Zajawka strony","content":[]},{"id":"1b1a7940-ff78-11e7-b81e-005056b7801d","type":"SectionDescription","name":"","description":"Zajawka sekcji","content":[]}]}

Uchwała zarządu nr 762/137/IV/2012 z dnia 2012-03-27

Urząd Marszałkowski Województwa Śląskiego

Uchwała Zarządu

zawarcie Porozumienia na rzecz partnerskiej współpracy przy realizacji projektu systemowego pt. "Zarządzanie, wdrażanie i monitorowanie Regionalnej Strategii Innowacji Województwa Śląskiego" w ramach Poddziałania 8.2.2 Regionalne Strategie Innowacji Programu Operacyjnego Kapitał Ludzki w Województwie Śląskim współfinansowanego ze środków Europejskiego Funduszu Społecznego.

Numer uchwały

Numer posiedzenia zarządu

art. 41 ust. 1 Ustawy z dnia 5 czerwca 1998 roku o samorządzie województwa (tekst jednolity Dz. U. z 2001 r., Nr 142, poz. 1590 z poźn. zm.), art. 28 ust. 1 pkt. 2 ustawy z dnia 6 grudnia 2006r. o zasadach prowadzenia polityki rozwoju (tekst jedn. Dz. U. Nr 84 z 2009 r., poz. 712 z poźn. zm.), § 20 pkt. 1 Porozumienia w sprawie realizacji komponentu regionalnego w ramach Programu Operacyjnego Kapitał Ludzki nr KL/ŚL/2007/1 z dnia 22 czerwca 2007 r.

Treść

Treść strony

Załączniki

Załączniki do strony

Tytuł strony
