{"id":59277,"name":"uchwala-zarzadu-nr-78076vii2025-z-dnia-2025-04-16","title":"Uchwa\u0142a zarz\u0105du nr 780\/76\/VII\/2025 z dnia 2025-04-16","desc":"","header":"Uchwa\u0142a zarz\u0105du nr 780\/76\/VII\/2025 z dnia 2025-04-16","lead":"","keywords":"","changes":"publikacja","menu":"","path":"\/samorzad_wojewodztwa\/zarzad_wojewodztwa\/uchwaly_zarzadu\/uchwala-zarzadu-nr-78076vii2025-z-dnia-2025-04-16.html","url":"\/samorzad_wojewodztwa\/zarzad_wojewodztwa\/uchwaly_zarzadu\/uchwala-zarzadu-nr-78076vii2025-z-dnia-2025-04-16.html","infoOwner":"Urz\u0105d Marsza\u0142kowski Wojew\u00f3dztwa \u015al\u0105skiego","dateFirstPublicate":"2025-04-18 07:08:39","dateLastVersionPublicate":"2025-04-18 07:08:39","dateAvailableFrom":"","dateAvailableTo":"","type":"Uchwa\u0142a Zarz\u0105du","pageParams":[{"id":"263","name":"Data posiedzenia","description":"Data posiedzenia","value":"2025-04-16"},{"id":"235","name":"W sprawie","description":"W sprawie","value":"przyj\u0119cia wykazu um\u00f3w wieloletnich, kt\u00f3rych realizacja jest niezb\u0119dna do zapewnienia ci\u0105g\u0142o\u015bci dzia\u0142ania Wojew\u00f3dztwa \u015al\u0105skiego i z kt\u00f3rych wynikaj\u0105ce p\u0142atno\u015bci wykraczaj\u0105 poza rok bud\u017cetowy"},{"id":"273","name":"NUMER_UCHWALY_ZARZADU","description":"Numer uchwa\u0142y","value":"780\/76\/VII\/2025"},{"id":"278","name":"Numer posiedzenia zarz\u0105du","description":"Numer posiedzenia zarz\u0105du","value":"76"},{"id":"261","name":"Na podstawie","description":"podstawa prawna","value":"art. 41 ust. 1 oraz ust. 2 pkt 1 ustawy z dnia 5 czerwca 1998 r. o samorz\u0105dzie wojew\u00f3dztwa (tekst jednolity: Dz. U. z 2024 r. poz. 566 z p\u00f3\u017an. zm.) w zwi\u0105zku z art. 228 ust. 1 pkt 2 ustawy z dnia 27 sierpnia 2009 r. o finansach publicznych (tekst jednolity: Dz. U. z 2024 r. poz. 1530 z p\u00f3\u017an. zm.) i \u00a7 2 ust. 4 oraz ust. 5 Uchwa\u0142y Nr VII\/9\/1\/2024 Sejmiku Wojew\u00f3dztwa \u015al\u0105skiego z dnia 16 grudnia 2024 roku w sprawie Wieloletniej Prognozy Finansowej Wojew\u00f3dztwa \u015al\u0105skiego na lata 2025\u20132035 z p\u00f3\u017an. zm."}],"components":[{"id":"bf6d5eba-d119-11e7-80a9-005056b46601","type":"ContentWYSIWYG","name":"Tre\u015b\u0107","description":"Tre\u015b\u0107 strony","content":{"content":"","promotion":false}},{"id":"bf6dbc25-d119-11e7-80a9-005056b46601","type":"Gallery","name":"Galeria","description":"Galeria"},{"id":"bf6e1f6b-d119-11e7-80a9-005056b46601","type":"Attachment","name":"Za\u0142\u0105czniki","description":"Za\u0142\u0105czniki do strony","content":[{"src":"\/resource\/79888\/02.+Uchwa%25C5%2582a+Zarz%25C4%2585du.rtf","extension":"RTF","name":"7bf1a3c5df615d1e0c5a9b4b459e8e9e.rtf","size":"102.38 KB"},{"src":"\/resource\/79888\/03.+Za%25C5%2582%25C4%2585cznik+do+uchwa%25C5%2582y.xls","extension":"XLS","name":"193938183f8985249a1cfd341b4d78dc.xls","size":"152 KB"}]},{"id":"eba03b25-d9a7-11e7-b355-005056b70dba","type":"PageTitle","name":"","description":"Tytu\u0142 strony","content":{"title":"Uchwa\u0142a zarz\u0105du nr 780\/76\/VII\/2025 z dnia 2025-04-16"}},{"id":"eba07701-d9a7-11e7-b355-005056b70dba","type":"PageDescription","name":"","description":"Zajawka strony","content":[]},{"id":"1b1a7940-ff78-11e7-b81e-005056b7801d","type":"SectionDescription","name":"","description":"Zajawka sekcji","content":[]}]}

Uchwała zarządu nr 780/76/VII/2025 z dnia 2025-04-16

Urząd Marszałkowski Województwa Śląskiego

Uchwała Zarządu

przyjęcia wykazu umów wieloletnich, których realizacja jest niezbędna do zapewnienia ciągłości działania Województwa Śląskiego i z których wynikające płatności wykraczają poza rok budżetowy

Numer uchwały

Numer posiedzenia zarządu

art. 41 ust. 1 oraz ust. 2 pkt 1 ustawy z dnia 5 czerwca 1998 r. o samorządzie województwa (tekst jednolity: Dz. U. z 2024 r. poz. 566 z późn. zm.) w związku z art. 228 ust. 1 pkt 2 ustawy z dnia 27 sierpnia 2009 r. o finansach publicznych (tekst jednolity: Dz. U. z 2024 r. poz. 1530 z późn. zm.) i § 2 ust. 4 oraz ust. 5 Uchwały Nr VII/9/1/2024 Sejmiku Województwa Śląskiego z dnia 16 grudnia 2024 roku w sprawie Wieloletniej Prognozy Finansowej Województwa Śląskiego na lata 2025–2035 z późn. zm.

Treść

Treść strony

Załączniki

Załączniki do strony

Tytuł strony
