{"id":164350,"name":"uchwala-zarzadu-nr-798160vii2026-z-dnia-2026-04-23","title":"Uchwa\u0142a zarz\u0105du nr 798\/160\/VII\/2026 z dnia 2026-04-23","desc":"","header":"Uchwa\u0142a zarz\u0105du nr 798\/160\/VII\/2026 z dnia 2026-04-23","lead":"","keywords":"","changes":"publikacja uchwa\u0142y","menu":"","path":"\/samorzad_wojewodztwa\/zarzad_wojewodztwa\/uchwaly_zarzadu\/uchwala-zarzadu-nr-798160vii2026-z-dnia-2026-04-23.html","url":"\/samorzad_wojewodztwa\/zarzad_wojewodztwa\/uchwaly_zarzadu\/uchwala-zarzadu-nr-798160vii2026-z-dnia-2026-04-23.html","infoOwner":"Urz\u0105d Marsza\u0142kowski Wojew\u00f3dztwa \u015al\u0105skiego","dateFirstPublicate":"2026-04-28 07:19:01","dateLastVersionPublicate":"2026-04-28 07:19:01","dateAvailableFrom":"2026-04-28 06:58:43","dateAvailableTo":"","type":"Uchwa\u0142a Zarz\u0105du","pageParams":[{"id":"263","name":"Data posiedzenia","description":"Data posiedzenia","value":"2026-04-23"},{"id":"235","name":"W sprawie","description":"W sprawie","value":"zwi\u0119kszenia warto\u015bci projekt\u00f3w nr FESL.07.01-IZ.01-03CG\/23, FESL.07.01-IZ.01-03D0\/23, FESL.07.01-IZ.01-03C8\/23 realizowanych w ramach Programu Fundusze Europejskie dla \u015al\u0105skiego 2021-2027."},{"id":"273","name":"NUMER_UCHWALY_ZARZADU","description":"Numer uchwa\u0142y","value":"798\/160\/VII\/2026"},{"id":"278","name":"Numer posiedzenia zarz\u0105du","description":"Numer posiedzenia zarz\u0105du","value":"160"},{"id":"261","name":"Na podstawie","description":"podstawa prawna","value":"- art. 41 ust. 2 pkt 4 ustawy z dnia 5 czerwca 1998 r. o samorz\u0105dzie wojew\u00f3dztwa (t.j. Dz. U. 2025 r. poz. 581 z p\u00f3\u017an. zm.);\r\n- art. 8 ust. 1 pkt 2 oraz ust. 2 pkt 3, art. 44 ust. 1 i art. 62 pkt 1 i 2 ustawy z dnia 28 kwietnia 2022 r. o zasadach realizacji zada\u0144 finansowanych ze \u015brodk\u00f3w europejskich w perspektywie finansowej 2021\u20132027 (t.j. Dz. U. z 2025 r. poz. 1733 z p\u00f3\u017an. zm.);\r\n- Komunikatu MFiPR w sprawie indeksacji stawki jednostkowej na utworzenie miejsca pracy i stawki jednostkowej na utrzymanie miejsca pracy w przedsi\u0119biorstwach spo\u0142ecznych z 25 marca 2025 r.;\r\n- Komunikatu MFiPR w sprawie indeksacji stawki jednostkowej na utworzenie miejsca pracy i stawki jednostkowej na utrzymanie miejsca pracy w przedsi\u0119biorstwach spo\u0142ecznych z 26 marca 2024 r."}],"components":[{"id":"bf6d5eba-d119-11e7-80a9-005056b46601","type":"ContentWYSIWYG","name":"Tre\u015b\u0107","description":"Tre\u015b\u0107 strony","content":{"content":"","promotion":false}},{"id":"bf6dbc25-d119-11e7-80a9-005056b46601","type":"Gallery","name":"Galeria","description":"Galeria"},{"id":"bf6e1f6b-d119-11e7-80a9-005056b46601","type":"Attachment","name":"Za\u0142\u0105czniki","description":"Za\u0142\u0105czniki do strony","content":[{"src":"\/resource\/238753\/Uchwa%25C5%2582a_Zarzadu_Zwi%25C4%2599kszenie_warto%25C5%259Bci_projekt%25C3%25B3w_FESL.07.01-IZ.01-03CG_2303D0_2303C8_23.pdf","extension":"PDF","name":"9f669c56ca5195ccfed355c2a0012e45.pdf","size":"42.88 KB"}]},{"id":"eba03b25-d9a7-11e7-b355-005056b70dba","type":"PageTitle","name":"","description":"Tytu\u0142 strony","content":{"title":"Uchwa\u0142a zarz\u0105du nr 798\/160\/VII\/2026 z dnia 2026-04-23"}},{"id":"eba07701-d9a7-11e7-b355-005056b70dba","type":"PageDescription","name":"","description":"Zajawka strony","content":[]},{"id":"1b1a7940-ff78-11e7-b81e-005056b7801d","type":"SectionDescription","name":"","description":"Zajawka sekcji","content":[]}]}

Uchwała zarządu nr 798/160/VII/2026 z dnia 2026-04-23

publikacja uchwały

Urząd Marszałkowski Województwa Śląskiego

Uchwała Zarządu

zwiększenia wartości projektów nr FESL.07.01-IZ.01-03CG/23, FESL.07.01-IZ.01-03D0/23, FESL.07.01-IZ.01-03C8/23 realizowanych w ramach Programu Fundusze Europejskie dla Śląskiego 2021-2027.

Numer uchwały

Numer posiedzenia zarządu

- art. 41 ust. 2 pkt 4 ustawy z dnia 5 czerwca 1998 r. o samorządzie województwa (t.j. Dz. U. 2025 r. poz. 581 z późn. zm.);
- art. 8 ust. 1 pkt 2 oraz ust. 2 pkt 3, art. 44 ust. 1 i art. 62 pkt 1 i 2 ustawy z dnia 28 kwietnia 2022 r. o zasadach realizacji zadań finansowanych ze środków europejskich w perspektywie finansowej 2021–2027 (t.j. Dz. U. z 2025 r. poz. 1733 z późn. zm.);
- Komunikatu MFiPR w sprawie indeksacji stawki jednostkowej na utworzenie miejsca pracy i stawki jednostkowej na utrzymanie miejsca pracy w przedsiębiorstwach społecznych z 25 marca 2025 r.;
- Komunikatu MFiPR w sprawie indeksacji stawki jednostkowej na utworzenie miejsca pracy i stawki jednostkowej na utrzymanie miejsca pracy w przedsiębiorstwach społecznych z 26 marca 2024 r.

Treść

Treść strony

Załączniki

Załączniki do strony

Tytuł strony
