{"id":164356,"name":"uchwala-zarzadu-nr-799160vii2026-z-dnia-2026-04-23","title":"Uchwa\u0142a zarz\u0105du nr 799\/160\/VII\/2026 z dnia 2026-04-23","desc":"","header":"Uchwa\u0142a zarz\u0105du nr 799\/160\/VII\/2026 z dnia 2026-04-23","lead":"","keywords":"","changes":"publikacja uchwa\u0142y","menu":"","path":"\/samorzad_wojewodztwa\/zarzad_wojewodztwa\/uchwaly_zarzadu\/uchwala-zarzadu-nr-799160vii2026-z-dnia-2026-04-23.html","url":"\/samorzad_wojewodztwa\/zarzad_wojewodztwa\/uchwaly_zarzadu\/uchwala-zarzadu-nr-799160vii2026-z-dnia-2026-04-23.html","infoOwner":"Urz\u0105d Marsza\u0142kowski Wojew\u00f3dztwa \u015al\u0105skiego","dateFirstPublicate":"2026-04-28 07:39:43","dateLastVersionPublicate":"2026-04-28 07:39:43","dateAvailableFrom":"2026-04-28 07:31:33","dateAvailableTo":"","type":"Uchwa\u0142a Zarz\u0105du","pageParams":[{"id":"263","name":"Data posiedzenia","description":"Data posiedzenia","value":"2026-04-23"},{"id":"235","name":"W sprawie","description":"W sprawie","value":"wyra\u017cenia zgody na zawarcie przez Wojew\u00f3dztwo \u015al\u0105skie z trzema wy\u017cszymi uczelniami publicznymi um\u00f3w o wsp\u00f3\u0142pracy na rzecz realizacji projektu pn.: \u201eZbudowanie systemu koordynacji i monitorowania regionalnych dzia\u0142a\u0144 na rzecz kszta\u0142cenia zawodowego, szkolnictwa wy\u017cszego oraz uczenia si\u0119 przez ca\u0142e \u017cycie, w tym uczenia si\u0119 doros\u0142ych\u201d w ramach inwestycji A3.1.1 Krajowego Planu Odbudowy i Zwi\u0119kszania Odporno\u015bci."},{"id":"273","name":"NUMER_UCHWALY_ZARZADU","description":"Numer uchwa\u0142y","value":"799\/160\/VII\/2026"},{"id":"278","name":"Numer posiedzenia zarz\u0105du","description":"Numer posiedzenia zarz\u0105du","value":"160"},{"id":"261","name":"Na podstawie","description":"podstawa prawna","value":"art. 41 ust. 1 ustawy z dnia 5 czerwca 1998 roku o samorz\u0105dzie wojew\u00f3dztwa (t.j. Dz.U. z 2025 r. poz. 581 z p\u00f3\u017an. zm); art. 250 ustawy z dnia z dnia 27 sierpnia 2009 r. o finansach publicznych (t.j. Dz. U. z 2025 r. poz. 1483 z p\u00f3\u017an. zm.); \u00a7 51 ust. 1 pkt 4 Statutu Wojew\u00f3dztwa \u015al\u0105skiego; Rozporz\u0105dzenia Parlamentu Europejskiego i Rady (UE) 2021\/241 z dnia 12 lutego 2021 r. ustanawiaj\u0105cego Instrument na rzecz Odbudowy i Zwi\u0119kszania Odporno\u015bci (Dz. Urz. UE.L.2021.57.17 z 18.02.2021); Krajowego Planu Odbudowy i Zwi\u0119kszania Odporno\u015bci."}],"components":[{"id":"bf6d5eba-d119-11e7-80a9-005056b46601","type":"ContentWYSIWYG","name":"Tre\u015b\u0107","description":"Tre\u015b\u0107 strony","content":{"content":"","promotion":false}},{"id":"bf6dbc25-d119-11e7-80a9-005056b46601","type":"Gallery","name":"Galeria","description":"Galeria"},{"id":"bf6e1f6b-d119-11e7-80a9-005056b46601","type":"Attachment","name":"Za\u0142\u0105czniki","description":"Za\u0142\u0105czniki do strony","content":[{"src":"\/resource\/238759\/Uchwa%25C5%2582a+Zarz%25C4%2585du.rtf","extension":"RTF","name":"c941fd4beb46534f291fcd2e0ffedaa3.rtf","size":"130.68 KB"},{"src":"\/resource\/238759\/Za%25C5%2582%25C4%2585cznik+nr+1+do+Uchwa%25C5%2582y.rtf","extension":"RTF","name":"c1f0743f7665e84bcbb5868db0f5a9fd.rtf","size":"1.66 MB"},{"src":"\/resource\/238759\/Za%25C5%2582%25C4%2585cznik+nr+2+do+Uchwa%25C5%2582y.rtf","extension":"RTF","name":"1dca4e90521e950046be78cf6ab8085f.rtf","size":"1.73 MB"},{"src":"\/resource\/238759\/Za%25C5%2582%25C4%2585cznik+nr+3+do+Uchwa%25C5%2582y.rtf","extension":"RTF","name":"740c5b61502c27ac53e0987341d92507.rtf","size":"1.76 MB"}]},{"id":"eba03b25-d9a7-11e7-b355-005056b70dba","type":"PageTitle","name":"","description":"Tytu\u0142 strony","content":{"title":"Uchwa\u0142a zarz\u0105du nr 799\/160\/VII\/2026 z dnia 2026-04-23"}},{"id":"eba07701-d9a7-11e7-b355-005056b70dba","type":"PageDescription","name":"","description":"Zajawka strony","content":[]},{"id":"1b1a7940-ff78-11e7-b81e-005056b7801d","type":"SectionDescription","name":"","description":"Zajawka sekcji","content":[]}]}

Uchwała zarządu nr 799/160/VII/2026 z dnia 2026-04-23

publikacja uchwały

Urząd Marszałkowski Województwa Śląskiego

Uchwała Zarządu

wyrażenia zgody na zawarcie przez Województwo Śląskie z trzema wyższymi uczelniami publicznymi umów o współpracy na rzecz realizacji projektu pn.: „Zbudowanie systemu koordynacji i monitorowania regionalnych działań na rzecz kształcenia zawodowego, szkolnictwa wyższego oraz uczenia się przez całe życie, w tym uczenia się dorosłych” w ramach inwestycji A3.1.1 Krajowego Planu Odbudowy i Zwiększania Odporności.

Numer uchwały

Numer posiedzenia zarządu

art. 41 ust. 1 ustawy z dnia 5 czerwca 1998 roku o samorządzie województwa (t.j. Dz.U. z 2025 r. poz. 581 z późn. zm); art. 250 ustawy z dnia z dnia 27 sierpnia 2009 r. o finansach publicznych (t.j. Dz. U. z 2025 r. poz. 1483 z późn. zm.); § 51 ust. 1 pkt 4 Statutu Województwa Śląskiego; Rozporządzenia Parlamentu Europejskiego i Rady (UE) 2021/241 z dnia 12 lutego 2021 r. ustanawiającego Instrument na rzecz Odbudowy i Zwiększania Odporności (Dz. Urz. UE.L.2021.57.17 z 18.02.2021); Krajowego Planu Odbudowy i Zwiększania Odporności.

Treść

Treść strony

Załączniki

Załączniki do strony

Tytuł strony
