{"id":5148,"name":"uchwala-zarzadu-nr-8-1-vi-2018-z-dnia-2018-11-28","title":"Uchwa\u0142a zarz\u0105du nr 8\/1\/VI\/2018 z dnia 2018-11-28","desc":"","header":"Uchwa\u0142a zarz\u0105du nr 8\/1\/VI\/2018 z dnia 2018-11-28","lead":"","keywords":"","changes":"dodanie uchwa\u0142y","menu":"","path":"\/samorzad_wojewodztwa\/zarzad_wojewodztwa\/uchwaly_zarzadu\/uchwala-zarzadu-nr-8-1-vi-2018-z-dnia-2018-11-28.html","url":"\/samorzad_wojewodztwa\/zarzad_wojewodztwa\/uchwaly_zarzadu\/uchwala-zarzadu-nr-8-1-vi-2018-z-dnia-2018-11-28.html","infoOwner":"Urz\u0105d Marsza\u0142kowski Wojew\u00f3dztwa \u015al\u0105skiego","dateFirstPublicate":"2018-12-05 14:16:50","dateLastVersionPublicate":"2018-12-05 14:16:50","dateAvailableFrom":"","dateAvailableTo":"","type":"Uchwa\u0142a Zarz\u0105du","pageParams":[{"id":"263","name":"Data posiedzenia","description":"Data posiedzenia","value":"2018-11-28"},{"id":"235","name":"W sprawie","description":"W sprawie","value":"Zmiany uchwa\u0142y Zarz\u0105du Wojew\u00f3dztwa \u015al\u0105skiego nr 933\/254\/V\/2018 z dn. 24.04.2018 r. (z p\u00f3\u017a\u0144. zm) w sprawie przyj\u0119cia Pakietu aplikacyjnego w ramach konkursu nr RPSL.04.01.01-IZ.01-24-256\/18 w ramach Regionalnego Programu Operacyjnego Wojew\u00f3dztwa \u015al\u0105skiego na lata 2014-2020."},{"id":"273","name":"NUMER_UCHWALY_ZARZADU","description":"Numer uchwa\u0142y","value":"08\/1\/VI\/2018"},{"id":"278","name":"Numer posiedzenia zarz\u0105du","description":"Numer posiedzenia zarz\u0105du","value":"1"},{"id":"261","name":"Na podstawie","description":"podstawa prawna","value":"art. 41 ust. 2 pkt. 4 ustawy z dnia 5 czerwca 1998 r. o samorz\u0105dzie wojew\u00f3dztwa (tekst jednolity Dz. U. z 2018 r. poz. 913 z p\u00f3\u017an. zm.), art. 9 ust. 1 pkt 2, art. 39, art. 40, art. 41 ustawy z dnia 11 lipca 2014 r. o zasadach realizacji program\u00f3w w zakresie polityki sp\u00f3jno\u015bci finansowanych w perspektywie finansowej 2014-2020 (tekst jednolity Dz. U. z 2018 r. poz. 1431)"}],"components":[{"id":"bf6d5eba-d119-11e7-80a9-005056b46601","type":"ContentWYSIWYG","name":"Tre\u015b\u0107","description":"Tre\u015b\u0107 strony","content":{"content":"","promotion":false}},{"id":"bf6dbc25-d119-11e7-80a9-005056b46601","type":"Gallery","name":"Galeria","description":"Galeria"},{"id":"bf6e1f6b-d119-11e7-80a9-005056b46601","type":"Attachment","name":"Za\u0142\u0105czniki","description":"Za\u0142\u0105czniki do strony","content":[{"src":"\/resource\/9432\/Uchwa%25C5%2582a+Zarz%25C4%2585du+nr+8_1_VI_2018+z+dnia+28.11.2018+r..rtf","extension":"RTF","name":"8349f2096765ec95c28061c0ce5ed89e.rtf","size":"82.66 KB"},{"src":"\/resource\/9432\/Za%25C5%2582%25C4%2585cznik+nr+1+do+Uchwa%25C5%2582y+Zarz%25C4%2585du+nr+8_1_VI_2018+z+dnia+28.11.2018+r.rtf","extension":"RTF","name":"0cbe1e1196889a34800bf0560a83d9b9.rtf","size":"2.43 MB"},{"src":"\/resource\/9432\/Za%25C5%2582%25C4%2585cznik+nr+2+do+Uchwa%25C5%2582y+Zarz%25C4%2585du+nr+8_1_VI_2018+z+dnia+28.11.2018+r..rtf","extension":"RTF","name":"32dbe9f077f832f5351ae5c881c687ca.rtf","size":"5.11 MB"},{"src":"\/resource\/9432\/Za%25C5%2582%25C4%2585cznik+nr+3+do+Uchwa%25C5%2582y+Zarz%25C4%2585du+nr+8_1_VI_2018+z+dnia+28.11.2018+r..rtf","extension":"RTF","name":"2a9b9b386177911671ee839dc55708e7.rtf","size":"4.13 MB"}]},{"id":"eba03b25-d9a7-11e7-b355-005056b70dba","type":"PageTitle","name":"","description":"Tytu\u0142 strony","content":{"title":"Uchwa\u0142a zarz\u0105du nr 8\/1\/VI\/2018 z dnia 2018-11-28"}},{"id":"eba07701-d9a7-11e7-b355-005056b70dba","type":"PageDescription","name":"","description":"Zajawka strony","content":[]},{"id":"1b1a7940-ff78-11e7-b81e-005056b7801d","type":"SectionDescription","name":"","description":"Zajawka sekcji","content":[]}]}

Uchwała zarządu nr 8/1/VI/2018 z dnia 2018-11-28

dodanie uchwały

Urząd Marszałkowski Województwa Śląskiego

Uchwała Zarządu

Zmiany uchwały Zarządu Województwa Śląskiego nr 933/254/V/2018 z dn. 24.04.2018 r. (z późń. zm) w sprawie przyjęcia Pakietu aplikacyjnego w ramach konkursu nr RPSL.04.01.01-IZ.01-24-256/18 w ramach Regionalnego Programu Operacyjnego Województwa Śląskiego na lata 2014-2020.

Numer uchwały

Numer posiedzenia zarządu

art. 41 ust. 2 pkt. 4 ustawy z dnia 5 czerwca 1998 r. o samorządzie województwa (tekst jednolity Dz. U. z 2018 r. poz. 913 z późn. zm.), art. 9 ust. 1 pkt 2, art. 39, art. 40, art. 41 ustawy z dnia 11 lipca 2014 r. o zasadach realizacji programów w zakresie polityki spójności finansowanych w perspektywie finansowej 2014-2020 (tekst jednolity Dz. U. z 2018 r. poz. 1431)

Treść

Treść strony

Załączniki

Załączniki do strony

Tytuł strony
