{"id":67478,"name":"uchwala-zarzadu-nr-811187v2017-z-dnia-2017-04-19","title":"Uchwa\u0142a zarz\u0105du nr 811\/187\/V\/2017 z dnia 2017-04-19","desc":"","header":"Uchwa\u0142a zarz\u0105du nr 811\/187\/V\/2017 z dnia 2017-04-19","lead":"","keywords":"","changes":"Migracja danych","menu":"","path":"\/samorzad_wojewodztwa\/zarzad_wojewodztwa\/uchwaly_zarzadu\/uchwala-zarzadu-nr-811187v2017-z-dnia-2017-04-19.html","url":"\/samorzad_wojewodztwa\/zarzad_wojewodztwa\/uchwaly_zarzadu\/uchwala-zarzadu-nr-811187v2017-z-dnia-2017-04-19.html","infoOwner":"Urz\u0105d Marsza\u0142kowski Wojew\u00f3dztwa \u015al\u0105skiego","dateFirstPublicate":"2017-04-20 12:51:21","dateLastVersionPublicate":"2017-04-20 12:51:21","dateAvailableFrom":"","dateAvailableTo":"","type":"Uchwa\u0142a Zarz\u0105du","pageParams":[{"id":"263","name":"Data posiedzenia","description":"Data posiedzenia","value":"2017-04-19 12:51:21"},{"id":"235","name":"W sprawie","description":"W sprawie","value":"powo\u0142ania komisji konkursowej otwartego konkursu ofert na realizacj\u0119 zadania publicznego \r\nWojew\u00f3dztwa \u015al\u0105skiego w dziedzinie dzia\u0142alno\u015bci na rzecz os\u00f3b niepe\u0142nosprawnych w ramach zadania pod nazw\u0105: ,,Piknik Integracyjny Os\u00f3b Niepe\u0142nosprawnych\u0022.\r\n"},{"id":"273","name":"NUMER_UCHWALY_ZARZADU","description":"Numer uchwa\u0142y","value":"811\/187\/V\/2017"},{"id":"278","name":"Numer posiedzenia zarz\u0105du","description":"Numer posiedzenia zarz\u0105du","value":"187"},{"id":"261","name":"Na podstawie","description":"podstawa prawna","value":"art. 41 ust. 1 ustawy z dnia 5 czerwca 1998 r. o samorz\u0105dzie wojew\u00f3dztwa (tekst jednolity: Dz. U. z 2016 r. poz. 486, z p\u00f3\u017an. zm.), art. 15 ust. 2d ustawy z dnia 24 kwietnia 2003 r. o dzia\u0142alno\u015bci po\u017cytku publicznego i o wolontariacie  (tekst jednolity: Dz. U. z 2016 r., poz. 1817 z p\u00f3\u017an. zm.) oraz uchwa\u0142y Nr V\/30\/5\/2016 Sejmiku Wojew\u00f3dztwa \u015al\u0105skiego z dnia 21 listopada 2016 roku w sprawie przyj\u0119cia ,,Programu wsp\u00f3\u0142pracy Wojew\u00f3dztwa \u015al\u0105skiego z organizacjami pozarz\u0105dowymi na rok 2017\u0022\r\n"}],"components":[{"id":"bf6d5eba-d119-11e7-80a9-005056b46601","type":"ContentWYSIWYG","name":"Tre\u015b\u0107","description":"Tre\u015b\u0107 strony","content":{"content":"","promotion":false}},{"id":"bf6dbc25-d119-11e7-80a9-005056b46601","type":"Gallery","name":"Galeria","description":"Galeria"},{"id":"bf6e1f6b-d119-11e7-80a9-005056b46601","type":"Attachment","name":"Za\u0142\u0105czniki","description":"Za\u0142\u0105czniki do strony","content":[{"src":"\/resource\/93179\/Tre%25C5%259B%25C4%2587+uchwa%25C5%2582y.rtf","extension":"RTF","name":"798a8a70665038085528679d690cfc63.rtf","size":"70.08 KB"}]},{"id":"eba03b25-d9a7-11e7-b355-005056b70dba","type":"PageTitle","name":"","description":"Tytu\u0142 strony","content":{"title":"Uchwa\u0142a zarz\u0105du nr 811\/187\/V\/2017 z dnia 2017-04-19"}},{"id":"eba07701-d9a7-11e7-b355-005056b70dba","type":"PageDescription","name":"","description":"Zajawka strony","content":[]},{"id":"1b1a7940-ff78-11e7-b81e-005056b7801d","type":"SectionDescription","name":"","description":"Zajawka sekcji","content":[]}]}

Uchwała zarządu nr 811/187/V/2017 z dnia 2017-04-19

Urząd Marszałkowski Województwa Śląskiego

Uchwała Zarządu

powołania komisji konkursowej otwartego konkursu ofert na realizację zadania publicznego 
Województwa Śląskiego w dziedzinie działalności na rzecz osób niepełnosprawnych w ramach zadania pod nazwą: ,,Piknik Integracyjny Osób Niepełnosprawnych".

Numer uchwały

Numer posiedzenia zarządu

art. 41 ust. 1 ustawy z dnia 5 czerwca 1998 r. o samorządzie województwa (tekst jednolity: Dz. U. z 2016 r. poz. 486, z późn. zm.), art. 15 ust. 2d ustawy z dnia 24 kwietnia 2003 r. o działalności pożytku publicznego i o wolontariacie  (tekst jednolity: Dz. U. z 2016 r., poz. 1817 z późn. zm.) oraz uchwały Nr V/30/5/2016 Sejmiku Województwa Śląskiego z dnia 21 listopada 2016 roku w sprawie przyjęcia ,,Programu współpracy Województwa Śląskiego z organizacjami pozarządowymi na rok 2017"

Treść

Treść strony

Załączniki

Załączniki do strony

Tytuł strony
