{"id":59440,"name":"uchwala-zarzadu-nr-84076vii2025-z-dnia-2025-04-16","title":"Uchwa\u0142a zarz\u0105du nr 840\/76\/VII\/2025 z dnia 2025-04-16","desc":"","header":"Uchwa\u0142a zarz\u0105du nr 840\/76\/VII\/2025 z dnia 2025-04-16","lead":"","keywords":"","changes":"nowy artyku\u0142","menu":"","path":"\/samorzad_wojewodztwa\/zarzad_wojewodztwa\/uchwaly_zarzadu\/uchwala-zarzadu-nr-84076vii2025-z-dnia-2025-04-16.html","url":"\/samorzad_wojewodztwa\/zarzad_wojewodztwa\/uchwaly_zarzadu\/uchwala-zarzadu-nr-84076vii2025-z-dnia-2025-04-16.html","infoOwner":"Urz\u0105d Marsza\u0142kowski Wojew\u00f3dztwa \u015al\u0105skiego","dateFirstPublicate":"2025-04-25 11:03:33","dateLastVersionPublicate":"2025-04-25 11:03:33","dateAvailableFrom":"","dateAvailableTo":"","type":"Uchwa\u0142a Zarz\u0105du","pageParams":[{"id":"263","name":"Data posiedzenia","description":"Data posiedzenia","value":"2025-04-16"},{"id":"235","name":"W sprawie","description":"W sprawie","value":"udzielenia pe\u0142nomocnictwa Pani Barbarze Pepke \u2013 p.o.  zast\u0119pcy dyrektora Departamentu Administracji i Logistyki w Urz\u0119dzie Marsza\u0142kowskim Wojew\u00f3dztwa \u015al\u0105skiego"},{"id":"273","name":"NUMER_UCHWALY_ZARZADU","description":"Numer uchwa\u0142y","value":"840\/76\/VII\/2025"},{"id":"278","name":"Numer posiedzenia zarz\u0105du","description":"Numer posiedzenia zarz\u0105du","value":"76"},{"id":"261","name":"Na podstawie","description":"podstawa prawna","value":"art. 41 ust.1 ustawy z dnia 5 czerwca 1998 r. o samorz\u0105dzie wojew\u00f3dztwa (t.j. Dz. U. z 2024 r. poz. 566 z p\u00f3\u017an.zm.), art. 53 ust. 2 ustawy z dnia 27 sierpnia 2009 r. o finansach  publicznych  (t.j. Dz. U. z 2024 r. poz.1530 z p\u00f3\u017an.zm.) oraz ustawy z dnia 5 wrze\u015bnia 2016 r. o szczeg\u00f3lnych zasadach rozlicze\u0144 podatku od towar\u00f3w i us\u0142ug oraz dokonywania zwrotu \u015brodk\u00f3w publicznych przeznaczonych na realizacj\u0119 projekt\u00f3w finansowanych z udzia\u0142em \u015brodk\u00f3w pochodz\u0105cych z bud\u017cetu Unii Europejskiej lub od pa\u0144stw cz\u0142onkowskich Europejskiego Porozumienia o Wolnym Handlu przez jednostki samorz\u0105du terytorialnego (t.j. Dz.U. z 2018 r. poz. 280)"}],"components":[{"id":"bf6d5eba-d119-11e7-80a9-005056b46601","type":"ContentWYSIWYG","name":"Tre\u015b\u0107","description":"Tre\u015b\u0107 strony","content":{"content":"","promotion":false}},{"id":"bf6dbc25-d119-11e7-80a9-005056b46601","type":"Gallery","name":"Galeria","description":"Galeria"},{"id":"bf6e1f6b-d119-11e7-80a9-005056b46601","type":"Attachment","name":"Za\u0142\u0105czniki","description":"Za\u0142\u0105czniki do strony","content":[{"src":"\/resource\/80060\/Uchwa%25C5%2582a+nr+840-76-VII-2025.docx","extension":"DOCX","name":"e6c7439e18363d439728cb53f2bf35bb.docx","size":"31.9 KB"},{"src":"\/resource\/80060\/Za%25C5%2582%25C4%2585cznik+do+uchwa%25C5%2582y+nr+840-76-VII-2025.docx","extension":"DOCX","name":"9151dc4ff69f3980405de9c79a9701ae.docx","size":"49.88 KB"}]},{"id":"eba03b25-d9a7-11e7-b355-005056b70dba","type":"PageTitle","name":"","description":"Tytu\u0142 strony","content":{"title":"Uchwa\u0142a zarz\u0105du nr 840\/76\/VII\/2025 z dnia 2025-04-16"}},{"id":"eba07701-d9a7-11e7-b355-005056b70dba","type":"PageDescription","name":"","description":"Zajawka strony","content":[]},{"id":"1b1a7940-ff78-11e7-b81e-005056b7801d","type":"SectionDescription","name":"","description":"Zajawka sekcji","content":[]}]}

Uchwała zarządu nr 840/76/VII/2025 z dnia 2025-04-16

nowy artykuł

Urząd Marszałkowski Województwa Śląskiego

Uchwała Zarządu

udzielenia pełnomocnictwa Pani Barbarze Pepke – p.o.  zastępcy dyrektora Departamentu Administracji i Logistyki w Urzędzie Marszałkowskim Województwa Śląskiego

Numer uchwały

Numer posiedzenia zarządu

art. 41 ust.1 ustawy z dnia 5 czerwca 1998 r. o samorządzie województwa (t.j. Dz. U. z 2024 r. poz. 566 z późn.zm.), art. 53 ust. 2 ustawy z dnia 27 sierpnia 2009 r. o finansach  publicznych  (t.j. Dz. U. z 2024 r. poz.1530 z późn.zm.) oraz ustawy z dnia 5 września 2016 r. o szczególnych zasadach rozliczeń podatku od towarów i usług oraz dokonywania zwrotu środków publicznych przeznaczonych na realizację projektów finansowanych z udziałem środków pochodzących z budżetu Unii Europejskiej lub od państw członkowskich Europejskiego Porozumienia o Wolnym Handlu przez jednostki samorządu terytorialnego (t.j. Dz.U. z 2018 r. poz. 280)

Treść

Treść strony

Załączniki

Załączniki do strony

Tytuł strony
