{"id":59476,"name":"uchwala-zarzadu-nr-86877vii2025-z-dnia-2025-04-22","title":"Uchwa\u0142a zarz\u0105du nr 868\/77\/VII\/2025 z dnia 2025-04-22","desc":"","header":"Uchwa\u0142a zarz\u0105du nr 868\/77\/VII\/2025 z dnia 2025-04-22","lead":"","keywords":"","changes":"Dodanie Uchwa\u0142y","menu":"","path":"\/samorzad_wojewodztwa\/zarzad_wojewodztwa\/uchwaly_zarzadu\/uchwala-zarzadu-nr-86877vii2025-z-dnia-2025-04-22.html","url":"\/samorzad_wojewodztwa\/zarzad_wojewodztwa\/uchwaly_zarzadu\/uchwala-zarzadu-nr-86877vii2025-z-dnia-2025-04-22.html","infoOwner":"Urz\u0105d Marsza\u0142kowski Wojew\u00f3dztwa \u015al\u0105skiego","dateFirstPublicate":"2025-04-29 09:31:58","dateLastVersionPublicate":"2025-04-29 09:31:58","dateAvailableFrom":"2025-04-29 09:06:51","dateAvailableTo":"","type":"Uchwa\u0142a Zarz\u0105du","pageParams":[{"id":"263","name":"Data posiedzenia","description":"Data posiedzenia","value":"2025-04-22"},{"id":"235","name":"W sprawie","description":"W sprawie","value":"przyj\u0119cia projektu uchwa\u0142y Sejmiku Wojew\u00f3dztwa \u015al\u0105skiego w sprawie oceny sytuacji na rynku pracy wojew\u00f3dztwa \u015bl\u0105skiego i realizacji zada\u0144 w zakresie polityki rynku pracy w 2024 roku"},{"id":"273","name":"NUMER_UCHWALY_ZARZADU","description":"Numer uchwa\u0142y","value":"868\/77\/VII\/2025"},{"id":"278","name":"Numer posiedzenia zarz\u0105du","description":"Numer posiedzenia zarz\u0105du","value":"77"},{"id":"261","name":"Na podstawie","description":"podstawa prawna","value":"art. 41 ust. 1, art. 14 ust. 1 pkt 15 ustawy z dnia 5 czerwca 1998 r. o samorz\u0105dzie wojew\u00f3dztwa (tekst jednolity: Dz. U. z 2024 r., poz. 566 z p\u00f3\u017an. zm.)"}],"components":[{"id":"bf6d5eba-d119-11e7-80a9-005056b46601","type":"ContentWYSIWYG","name":"Tre\u015b\u0107","description":"Tre\u015b\u0107 strony","content":{"content":"","promotion":false}},{"id":"bf6dbc25-d119-11e7-80a9-005056b46601","type":"Gallery","name":"Galeria","description":"Galeria"},{"id":"bf6e1f6b-d119-11e7-80a9-005056b46601","type":"Attachment","name":"Za\u0142\u0105czniki","description":"Za\u0142\u0105czniki do strony","content":[{"src":"\/resource\/80096\/1.+Uchwa%25C5%2582a+nr.+868.77.VII.2025+Zarz%25C4%2585du+WSl+z+dnia+22.04.2025+r..rtf","extension":"RTF","name":"a0819c1ad281e93c1a497c4af91b8316.rtf","size":"88.94 KB"},{"src":"\/resource\/80096\/2.+Za%25C5%2582%25C4%2585cznik+do+Uchwa%25C5%2582y+ZWSL+nr.+868.77.VII.2025+z+dnia+22.04.2025+r..rtf","extension":"RTF","name":"aed1170050a9d8cb33bad65f5c3cdf69.rtf","size":"157.59 KB"},{"src":"\/resource\/80096\/3.+Za%25C5%2582.+nr.+1+do+proj.+Uchwa%25C5%2582y+Sejmiku.pdf","extension":"PDF","name":"d90aba84db680554f9cead450a49b010.pdf","size":"2.62 MB"},{"src":"\/resource\/80096\/4.+Za%25C5%2582.+nr.+2+do+proj.+Uchwa%25C5%2582y+Sejmiku.pdf","extension":"PDF","name":"0f8ec883b398872dcbf3c5c283e779c1.pdf","size":"757.77 KB"},{"src":"\/resource\/80096\/5.+Za%25C5%2582.+nr.+3+do+proj.+Uchwa%25C5%2582y+Sejmiku.pdf","extension":"PDF","name":"086b37d883117173a825183918e208c2.pdf","size":"867.03 KB"}]},{"id":"eba03b25-d9a7-11e7-b355-005056b70dba","type":"PageTitle","name":"","description":"Tytu\u0142 strony","content":{"title":"Uchwa\u0142a zarz\u0105du nr 868\/77\/VII\/2025 z dnia 2025-04-22"}},{"id":"eba07701-d9a7-11e7-b355-005056b70dba","type":"PageDescription","name":"","description":"Zajawka strony","content":[]},{"id":"1b1a7940-ff78-11e7-b81e-005056b7801d","type":"SectionDescription","name":"","description":"Zajawka sekcji","content":[]}]}

Uchwała zarządu nr 868/77/VII/2025 z dnia 2025-04-22

Dodanie Uchwały

Urząd Marszałkowski Województwa Śląskiego

Uchwała Zarządu

przyjęcia projektu uchwały Sejmiku Województwa Śląskiego w sprawie oceny sytuacji na rynku pracy województwa śląskiego i realizacji zadań w zakresie polityki rynku pracy w 2024 roku

Numer uchwały

Numer posiedzenia zarządu

art. 41 ust. 1, art. 14 ust. 1 pkt 15 ustawy z dnia 5 czerwca 1998 r. o samorządzie województwa (tekst jednolity: Dz. U. z 2024 r., poz. 566 z późn. zm.)

Treść

Treść strony

Załączniki

Załączniki do strony

Tytuł strony
