{"id":34169,"name":"uchwala-zarzadu-nr-87037v2015-z-dnia-2015-05-26","title":"Uchwa\u0142a zarz\u0105du nr 870\/37\/V\/2015 z dnia 2015-05-26","desc":"","header":"Uchwa\u0142a zarz\u0105du nr 870\/37\/V\/2015 z dnia 2015-05-26","lead":"","keywords":"","changes":"Migracja danych","menu":"","path":"\/samorzad_wojewodztwa\/zarzad_wojewodztwa\/uchwaly_zarzadu\/uchwala-zarzadu-nr-87037v2015-z-dnia-2015-05-26.html","url":"\/samorzad_wojewodztwa\/zarzad_wojewodztwa\/uchwaly_zarzadu\/uchwala-zarzadu-nr-87037v2015-z-dnia-2015-05-26.html","infoOwner":"Urz\u0105d Marsza\u0142kowski Wojew\u00f3dztwa \u015al\u0105skiego","dateFirstPublicate":"2022-08-02 16:32:39","dateLastVersionPublicate":"2022-08-02 16:32:39","dateAvailableFrom":"2022-08-02 16:31:15","dateAvailableTo":"","type":"Uchwa\u0142a Zarz\u0105du","pageParams":[{"id":"263","name":"Data posiedzenia","description":"Data posiedzenia","value":"2015-05-26"},{"id":"235","name":"W sprawie","description":"W sprawie","value":"Rozwi\u0105zania umowy nr UDA-RPSL.01.03.00-00-028\/12-00 o dofinansowanie projektu pn. Utworzenie laboratorium bada\u0144 materia\u0142\u00f3w dla medycyny stomatologicznej Wy\u017cszej Szko\u0142y In\u017cynierii Dentystycznej i Nauk Humanistycznych im. prof. Meissnera w Ustroniu, kt\u00f3rej Beneficjentem jest Wy\u017csza Szko\u0142a In\u017cynierii Dentystycznej i Nauk Humanistycznych im. prof. Meissnera w Ustroniu oraz zmiany uchwa\u0142y nr 448\/237\/IV\/2013 Zarz\u0105du Wojew\u00f3dztwa \u015al\u0105skiego z dnia 28 lutego 2013 r. z p\u00f3\u013dn. zmianami w sprawie wyboru do dofinansowania projekt\u00f3w z\u0142o\u017conych w ramach konkursu nr 01.03.00-133\/12 dla Dzia\u0142ania 1.3 - Transfer technologii i innowacji, Priorytetu I - Badania i rozw\u00f3j technologiczny (B+R), innowacje i przedsi\u0119biorczo\u015b\u0107 Regionalnego Programu Operacyjnego Wojew\u00f3dztwa \u015al\u0105skiego na lata 2007-2013"},{"id":"273","name":"NUMER_UCHWALY_ZARZADU","description":"Numer uchwa\u0142y","value":"870\/37\/V\/2015"},{"id":"278","name":"Numer posiedzenia zarz\u0105du","description":"Numer posiedzenia zarz\u0105du","value":"37"},{"id":"261","name":"Na podstawie","description":"podstawa prawna","value":"art. 41 ust. 2 pkt 4) ustawy z dnia 5 czerwca 1998 r. o samorz\u0105dzie wojew\u00f3dztwa (tekst jednolity: Dz. U. 2013, poz. 596 z p\u00f3\u017an. zm.) oraz art. 25 pkt 1) art. 26 ust. 1 pkt 4) i 5) ustawy z dnia 6 grudnia 2006 r. o zasadach prowadzenia polityki rozwoju (tekst jednolity: Dz. U. z 2014 poz. 1649)."}],"components":[{"id":"bf6d5eba-d119-11e7-80a9-005056b46601","type":"ContentWYSIWYG","name":"Tre\u015b\u0107","description":"Tre\u015b\u0107 strony","content":{"content":"","promotion":false}},{"id":"bf6dbc25-d119-11e7-80a9-005056b46601","type":"Gallery","name":"Galeria","description":"Galeria"},{"id":"bf6e1f6b-d119-11e7-80a9-005056b46601","type":"Attachment","name":"Za\u0142\u0105czniki","description":"Za\u0142\u0105czniki do strony","content":[{"src":"\/resource\/54142\/1433152205.rtf","extension":"RTF","name":"62708912583bb51fb4e44a58f7823f8f.rtf","size":"62.29 KB"},{"src":"\/resource\/54142\/1433152248.xls","extension":"XLS","name":"e3da00730c3cb49a7fa4f27ea7c14f25.xls","size":"95 KB"}]},{"id":"eba03b25-d9a7-11e7-b355-005056b70dba","type":"PageTitle","name":"","description":"Tytu\u0142 strony","content":{"title":"Uchwa\u0142a zarz\u0105du nr 870\/37\/V\/2015 z dnia 2015-05-26"}},{"id":"eba07701-d9a7-11e7-b355-005056b70dba","type":"PageDescription","name":"","description":"Zajawka strony","content":[]},{"id":"1b1a7940-ff78-11e7-b81e-005056b7801d","type":"SectionDescription","name":"","description":"Zajawka sekcji","content":[]}]}

Uchwała zarządu nr 870/37/V/2015 z dnia 2015-05-26

Urząd Marszałkowski Województwa Śląskiego

Uchwała Zarządu

Rozwiązania umowy nr UDA-RPSL.01.03.00-00-028/12-00 o dofinansowanie projektu pn. Utworzenie laboratorium badań materiałów dla medycyny stomatologicznej Wyższej Szkoły Inżynierii Dentystycznej i Nauk Humanistycznych im. prof. Meissnera w Ustroniu, której Beneficjentem jest Wyższa Szkoła Inżynierii Dentystycznej i Nauk Humanistycznych im. prof. Meissnera w Ustroniu oraz zmiany uchwały nr 448/237/IV/2013 Zarządu Województwa Śląskiego z dnia 28 lutego 2013 r. z póĽn. zmianami w sprawie wyboru do dofinansowania projektów złożonych w ramach konkursu nr 01.03.00-133/12 dla Działania 1.3 - Transfer technologii i innowacji, Priorytetu I - Badania i rozwój technologiczny (B+R), innowacje i przedsiębiorczość Regionalnego Programu Operacyjnego Województwa Śląskiego na lata 2007-2013

Numer uchwały

Numer posiedzenia zarządu

art. 41 ust. 2 pkt 4) ustawy z dnia 5 czerwca 1998 r. o samorządzie województwa (tekst jednolity: Dz. U. 2013, poz. 596 z późn. zm.) oraz art. 25 pkt 1) art. 26 ust. 1 pkt 4) i 5) ustawy z dnia 6 grudnia 2006 r. o zasadach prowadzenia polityki rozwoju (tekst jednolity: Dz. U. z 2014 poz. 1649).

Treść

Treść strony

Załączniki

Załączniki do strony

Tytuł strony
