{"id":75992,"name":"uchwala-zarzadu-nr-871337iv2014-z-dnia-2014-05-20","title":"Uchwa\u0142a zarz\u0105du nr 871\/337\/IV\/2014 z dnia 2014-05-20","desc":"","header":"Uchwa\u0142a zarz\u0105du nr 871\/337\/IV\/2014 z dnia 2014-05-20","lead":"","keywords":"","changes":"Migracja danych","menu":"","path":"\/samorzad_wojewodztwa\/zarzad_wojewodztwa\/uchwaly_zarzadu\/uchwala-zarzadu-nr-871337iv2014-z-dnia-2014-05-20.html","url":"\/samorzad_wojewodztwa\/zarzad_wojewodztwa\/uchwaly_zarzadu\/uchwala-zarzadu-nr-871337iv2014-z-dnia-2014-05-20.html","infoOwner":"Urz\u0105d Marsza\u0142kowski Wojew\u00f3dztwa \u015al\u0105skiego","dateFirstPublicate":"2014-05-22 15:10:37","dateLastVersionPublicate":"2014-05-22 15:10:37","dateAvailableFrom":"","dateAvailableTo":"","type":"Uchwa\u0142a Zarz\u0105du","pageParams":[{"id":"263","name":"Data posiedzenia","description":"Data posiedzenia","value":"2014-05-20 15:10:37"},{"id":"235","name":"W sprawie","description":"W sprawie","value":"uruchomienia procedury zlecenia z pomini\u0119ciem otwartego konkursu ofert, realizacji              zadania publicznego pn.: Og\u00f3lnopolska Konferencja \u0022Utrata i \u017ca\u0142oba - teoria i praktyka\u0022. Troska o zdrowie psychiczne os\u00f3b po stracie najbli\u017cszych z wojew\u00f3dztwa \u015bl\u0105skiego\r\nFundacji \u0022By dalej i\u015b\u0107\u0022 z siedzib\u0105 w Mys\u0142owicach\r\n"},{"id":"273","name":"NUMER_UCHWALY_ZARZADU","description":"Numer uchwa\u0142y","value":"871\/337\/IV\/2014"},{"id":"278","name":"Numer posiedzenia zarz\u0105du","description":"Numer posiedzenia zarz\u0105du","value":"337"},{"id":"261","name":"Na podstawie","description":"podstawa prawna","value":"art.41 ust.1 ustawy z dnia 5 czerwca 1998 r. o samorz\u0105dzie wojew\u00f3dztwa (tekst jednolity: Dz. U. z 2013r., poz. 596 z p\u00f3\u017an. zm.), art. 11 ust. 2 oraz art. 19 a ustawy z dnia 24 kwietnia 2003 r. o dzia\u0142alno\u015bci po\u017cytku publicznego i o wolontariacie (tekst jednolity: Dz. U. z 2010r., Nr 234, poz. 1536 z p\u00f3\u017an. zm.) oraz Uchwa\u0142y Sejmiku Wojew\u00f3dztwa \u015al\u0105skiego nr IV\/44\/3\/2013 z dnia 18 listopada 2013  roku w sprawie: przyj\u0119cia Programu wsp\u00f3\u0142pracy Wojew\u00f3dztwa \u015al\u0105skiego z organizacjami pozarz\u0105dowymi na rok 2014"}],"components":[{"id":"bf6d5eba-d119-11e7-80a9-005056b46601","type":"ContentWYSIWYG","name":"Tre\u015b\u0107","description":"Tre\u015b\u0107 strony","content":{"content":"","promotion":false}},{"id":"bf6dbc25-d119-11e7-80a9-005056b46601","type":"Gallery","name":"Galeria","description":"Galeria"},{"id":"bf6e1f6b-d119-11e7-80a9-005056b46601","type":"Attachment","name":"Za\u0142\u0105czniki","description":"Za\u0142\u0105czniki do strony","content":[{"src":"\/resource\/108638\/Tre%25C5%259B%25C4%2587+uchwa%25C5%2582y.rtf","extension":"RTF","name":"3e6c231431b4c9ec1988f9a0316f145a.rtf","size":"51.01 KB"},{"src":"\/resource\/108641\/Za%25C5%2582%25C4%2585cznik+do+uchwa%25C5%2582y.pdf","extension":"PDF","name":"daff3d6f7b46b409af535d724bfe7931.pdf","size":"6.08 MB"}]},{"id":"eba03b25-d9a7-11e7-b355-005056b70dba","type":"PageTitle","name":"","description":"Tytu\u0142 strony","content":{"title":"Uchwa\u0142a zarz\u0105du nr 871\/337\/IV\/2014 z dnia 2014-05-20"}},{"id":"eba07701-d9a7-11e7-b355-005056b70dba","type":"PageDescription","name":"","description":"Zajawka strony","content":[]},{"id":"1b1a7940-ff78-11e7-b81e-005056b7801d","type":"SectionDescription","name":"","description":"Zajawka sekcji","content":[]}]}

Uchwała zarządu nr 871/337/IV/2014 z dnia 2014-05-20

Urząd Marszałkowski Województwa Śląskiego

Uchwała Zarządu

uruchomienia procedury zlecenia z pominięciem otwartego konkursu ofert, realizacji              zadania publicznego pn.: Ogólnopolska Konferencja "Utrata i żałoba - teoria i praktyka". Troska o zdrowie psychiczne osób po stracie najbliższych z województwa śląskiego
Fundacji "By dalej iść" z siedzibą w Mysłowicach

Numer uchwały

Numer posiedzenia zarządu

art.41 ust.1 ustawy z dnia 5 czerwca 1998 r. o samorządzie województwa (tekst jednolity: Dz. U. z 2013r., poz. 596 z późn. zm.), art. 11 ust. 2 oraz art. 19 a ustawy z dnia 24 kwietnia 2003 r. o działalności pożytku publicznego i o wolontariacie (tekst jednolity: Dz. U. z 2010r., Nr 234, poz. 1536 z późn. zm.) oraz Uchwały Sejmiku Województwa Śląskiego nr IV/44/3/2013 z dnia 18 listopada 2013  roku w sprawie: przyjęcia Programu współpracy Województwa Śląskiego z organizacjami pozarządowymi na rok 2014

Treść

Treść strony

Załączniki

Załączniki do strony

Tytuł strony
