{"id":34170,"name":"uchwala-zarzadu-nr-87137v2015-z-dnia-2015-05-26","title":"Uchwa\u0142a zarz\u0105du nr 871\/37\/V\/2015 z dnia 2015-05-26","desc":"","header":"Uchwa\u0142a zarz\u0105du nr 871\/37\/V\/2015 z dnia 2015-05-26","lead":"","keywords":"","changes":"Migracja danych","menu":"","path":"\/samorzad_wojewodztwa\/zarzad_wojewodztwa\/uchwaly_zarzadu\/uchwala-zarzadu-nr-87137v2015-z-dnia-2015-05-26.html","url":"\/samorzad_wojewodztwa\/zarzad_wojewodztwa\/uchwaly_zarzadu\/uchwala-zarzadu-nr-87137v2015-z-dnia-2015-05-26.html","infoOwner":"Urz\u0105d Marsza\u0142kowski Wojew\u00f3dztwa \u015al\u0105skiego","dateFirstPublicate":"2022-08-02 16:34:56","dateLastVersionPublicate":"2022-08-02 16:34:56","dateAvailableFrom":"2022-08-02 16:33:54","dateAvailableTo":"","type":"Uchwa\u0142a Zarz\u0105du","pageParams":[{"id":"263","name":"Data posiedzenia","description":"Data posiedzenia","value":"2015-05-26"},{"id":"235","name":"W sprawie","description":"W sprawie","value":"Przyst\u0105pienia do wsp\u00f3\u0142organizacji i wsp\u00f3\u0142finansowania w 2015 roku Konferencji (projekt Junior Eco-Expert Project 2015) \u015al\u0105sk Cieszy\u0144ski wczoraj i dzi\u015b \u2013 zr\u00f3wnowa\u017cony rozw\u00f3j."},{"id":"273","name":"NUMER_UCHWALY_ZARZADU","description":"Numer uchwa\u0142y","value":"871\/37\/V\/2015"},{"id":"278","name":"Numer posiedzenia zarz\u0105du","description":"Numer posiedzenia zarz\u0105du","value":"37"},{"id":"261","name":"Na podstawie","description":"podstawa prawna","value":"art. Art. 14 ust. 1 pkt 6 oraz art. 41 ust. 1 ustawy z dnia 5 czerwca 1998r. o samorz\u0105dzie wojew\u00f3dztwa (tekst jednolity Dz. U. z 2013 r., poz. 596 z p\u00f3\u017an. zmianami)."}],"components":[{"id":"bf6d5eba-d119-11e7-80a9-005056b46601","type":"ContentWYSIWYG","name":"Tre\u015b\u0107","description":"Tre\u015b\u0107 strony","content":{"content":"","promotion":false}},{"id":"bf6dbc25-d119-11e7-80a9-005056b46601","type":"Gallery","name":"Galeria","description":"Galeria"},{"id":"bf6e1f6b-d119-11e7-80a9-005056b46601","type":"Attachment","name":"Za\u0142\u0105czniki","description":"Za\u0142\u0105czniki do strony","content":[{"src":"\/resource\/54143\/1432817596.rtf","extension":"RTF","name":"799e789da6dc27d7fadd7485ebecf4ac.rtf","size":"17.82 KB"}]},{"id":"eba03b25-d9a7-11e7-b355-005056b70dba","type":"PageTitle","name":"","description":"Tytu\u0142 strony","content":{"title":"Uchwa\u0142a zarz\u0105du nr 871\/37\/V\/2015 z dnia 2015-05-26"}},{"id":"eba07701-d9a7-11e7-b355-005056b70dba","type":"PageDescription","name":"","description":"Zajawka strony","content":[]},{"id":"1b1a7940-ff78-11e7-b81e-005056b7801d","type":"SectionDescription","name":"","description":"Zajawka sekcji","content":[]}]}

Uchwała zarządu nr 871/37/V/2015 z dnia 2015-05-26

Urząd Marszałkowski Województwa Śląskiego

Uchwała Zarządu

Przystąpienia do współorganizacji i współfinansowania w 2015 roku Konferencji (projekt Junior Eco-Expert Project 2015) Śląsk Cieszyński wczoraj i dziś – zrównoważony rozwój.

Numer uchwały

Numer posiedzenia zarządu

art. Art. 14 ust. 1 pkt 6 oraz art. 41 ust. 1 ustawy z dnia 5 czerwca 1998r. o samorządzie województwa (tekst jednolity Dz. U. z 2013 r., poz. 596 z późn. zmianami).

Treść

Treść strony

Załączniki

Załączniki do strony

Tytuł strony
