{"id":7595,"name":"uchwala-zarzadu-nr-920-40-vi-2019-z-dnia-2019-05-08","title":"Uchwa\u0142a Zarz\u0105du nr 920\/40\/VI\/2019 z dnia 2019-05-08","desc":"","header":"Uchwa\u0142a Zarz\u0105du nr 920\/40\/VI\/2019 z dnia 2019-05-08","lead":"","keywords":"","changes":"dodanie artyku\u0142u","menu":"","path":"\/samorzad_wojewodztwa\/zarzad_wojewodztwa\/uchwaly_zarzadu\/uchwala-zarzadu-nr-920-40-vi-2019-z-dnia-2019-05-08.html","url":"\/samorzad_wojewodztwa\/zarzad_wojewodztwa\/uchwaly_zarzadu\/uchwala-zarzadu-nr-920-40-vi-2019-z-dnia-2019-05-08.html","infoOwner":"Urz\u0105d Marsza\u0142kowski Wojew\u00f3dztwa \u015al\u0105skiego","dateFirstPublicate":"2019-05-17 08:42:25","dateLastVersionPublicate":"2019-05-17 08:42:25","dateAvailableFrom":"","dateAvailableTo":"","type":"Uchwa\u0142a Zarz\u0105du","pageParams":[{"id":"263","name":"Data posiedzenia","description":"Data posiedzenia","value":"2019-05-08"},{"id":"235","name":"W sprawie","description":"W sprawie","value":"zmiany uchwa\u0142y  nr 1312\/201\/V\/2017 Zarz\u0105du Wojew\u00f3dztwa \u015al\u0105skiego z dn. 27.06.2017 r.  (z p\u00f3\u017an.zm.) w sprawie przyj\u0119cia pakietu dokument\u00f3w dla naboru w trybie pozakonkursowym nr  RPSL.10.03.04-IZ.01-24-182\/17 dla podzia\u0142ania 10.3.4 Rewitalizacja obszar\u00f3w zdegradowanych - OSI."},{"id":"273","name":"NUMER_UCHWALY_ZARZADU","description":"Numer uchwa\u0142y","value":"920\/40\/VI\/2019"},{"id":"278","name":"Numer posiedzenia zarz\u0105du","description":"Numer posiedzenia zarz\u0105du","value":"40"},{"id":"261","name":"Na podstawie","description":"podstawa prawna","value":"art. 41 ust. 2 pkt 4 ustawy z dnia 5 czerwca 1998 r. o samorz\u0105dzie wojew\u00f3dztwa (tekst jednolity Dz.U. 2019 poz. 512), art. 9 ust. 1 pkt 2, art. 38, oraz art. 48 ustawy z dnia 11 lipca 2014 r. o zasadach realizacji program\u00f3w w zakresie polityki sp\u00f3jno\u015bci finansowanych w perspektywie finansowej 2014\u20132020 (tekst jednolity Dz. U. z 2018 r. poz. 1431)."}],"components":[{"id":"bf6d5eba-d119-11e7-80a9-005056b46601","type":"ContentWYSIWYG","name":"Tre\u015b\u0107","description":"Tre\u015b\u0107 strony","content":{"content":"","promotion":false}},{"id":"bf6dbc25-d119-11e7-80a9-005056b46601","type":"Gallery","name":"Galeria","description":"Galeria"},{"id":"bf6e1f6b-d119-11e7-80a9-005056b46601","type":"Attachment","name":"Za\u0142\u0105czniki","description":"Za\u0142\u0105czniki do strony","content":[{"src":"\/resource\/14509\/Uchwa%25C5%2582a+Zarz%25C4%2585du+nr+920_40_VI_2019+z+dnia+08.05.2019+r.rtf","extension":"RTF","name":"91460ae7f3dce6754f9eaf4090024cc5.rtf","size":"88.75 KB"},{"src":"\/resource\/14509\/Za%25C5%2582%25C4%2585cznik+nr+1+do+Uchwa%25C5%2582y+Zarz%25C4%2585du+nr+920_40_VI_2019+z+dnia+08.05.2019+r..rtf","extension":"RTF","name":"e26a1602bfa86280145e947ba25e5793.rtf","size":"87.16 KB"},{"src":"\/resource\/14509\/Za%25C5%2582%25C4%2585cznik+nr+2++do+Uchwa%25C5%2582y+Zarz%25C4%2585du+nr+920_40_VI_2019+z+dnia+08.05.2019+r..rtf","extension":"RTF","name":"634145b160394a2c166420a4f7066b36.rtf","size":"1.5 MB"},{"src":"\/resource\/14509\/Za%25C5%2582%25C4%2585cznik+nr+3+do+Uchwa%25C5%2582y+Zarz%25C4%2585du+nr+920_40_VI_2019+z+dnia+08.05.2019+r..rtf","extension":"RTF","name":"c20fbf0ea95afc4cb50a86f2992b9853.rtf","size":"4.36 MB"}]},{"id":"eba03b25-d9a7-11e7-b355-005056b70dba","type":"PageTitle","name":"","description":"Tytu\u0142 strony","content":{"title":"Uchwa\u0142a Zarz\u0105du nr 920\/40\/VI\/2019 z dnia 2019-05-08"}},{"id":"eba07701-d9a7-11e7-b355-005056b70dba","type":"PageDescription","name":"","description":"Zajawka strony","content":[]},{"id":"1b1a7940-ff78-11e7-b81e-005056b7801d","type":"SectionDescription","name":"","description":"Zajawka sekcji","content":[]}]}

Uchwała Zarządu nr 920/40/VI/2019 z dnia 2019-05-08

dodanie artykułu

Urząd Marszałkowski Województwa Śląskiego

Uchwała Zarządu

zmiany uchwały  nr 1312/201/V/2017 Zarządu Województwa Śląskiego z dn. 27.06.2017 r.  (z późn.zm.) w sprawie przyjęcia pakietu dokumentów dla naboru w trybie pozakonkursowym nr  RPSL.10.03.04-IZ.01-24-182/17 dla podziałania 10.3.4 Rewitalizacja obszarów zdegradowanych - OSI.

Numer uchwały

Numer posiedzenia zarządu

art. 41 ust. 2 pkt 4 ustawy z dnia 5 czerwca 1998 r. o samorządzie województwa (tekst jednolity Dz.U. 2019 poz. 512), art. 9 ust. 1 pkt 2, art. 38, oraz art. 48 ustawy z dnia 11 lipca 2014 r. o zasadach realizacji programów w zakresie polityki spójności finansowanych w perspektywie finansowej 2014–2020 (tekst jednolity Dz. U. z 2018 r. poz. 1431).

Treść

Treść strony

Załączniki

Załączniki do strony

Tytuł strony
