{"id":41334,"name":"uchwala-zarzadu-nr-93392vi2022-z-dnia-2023-01-18","title":"Uchwa\u0142a zarz\u0105du nr 93\/392\/VI\/2022 z dnia 2023-01-18","desc":"","header":"Uchwa\u0142a zarz\u0105du nr 93\/392\/VI\/2022 z dnia 2023-01-18","lead":"","keywords":"","changes":"Publikacja","menu":"","path":"\/samorzad_wojewodztwa\/zarzad_wojewodztwa\/uchwaly_zarzadu\/uchwala-zarzadu-nr-93392vi2022-z-dnia-2023-01-18.html","url":"\/samorzad_wojewodztwa\/zarzad_wojewodztwa\/uchwaly_zarzadu\/uchwala-zarzadu-nr-93392vi2022-z-dnia-2023-01-18.html","infoOwner":"Urz\u0105d Marsza\u0142kowski Wojew\u00f3dztwa \u015al\u0105skiego","dateFirstPublicate":"2023-01-24 15:26:11","dateLastVersionPublicate":"2023-01-24 15:26:11","dateAvailableFrom":"2023-01-24 15:20:59","dateAvailableTo":"","type":"Uchwa\u0142a Zarz\u0105du","pageParams":[{"id":"263","name":"Data posiedzenia","description":"Data posiedzenia","value":"2023-01-18"},{"id":"235","name":"W sprawie","description":"W sprawie","value":"przyj\u0119cia projektu uchwa\u0142y Sejmiku Wojew\u00f3dztwa \u015al\u0105skiego w sprawie zmian Wieloletniej Prognozy Finansowej Wojew\u00f3dztwa \u015al\u0105skiego na lata 2023\u20132035"},{"id":"273","name":"NUMER_UCHWALY_ZARZADU","description":"Numer uchwa\u0142y","value":"93\/392\/VI\/2022"},{"id":"278","name":"Numer posiedzenia zarz\u0105du","description":"Numer posiedzenia zarz\u0105du","value":"392"},{"id":"261","name":"Na podstawie","description":"podstawa prawna","value":"art. 41 ust. 2 pkt 3 ustawy z dnia 5 czerwca 1998 roku o samorz\u0105dzie wojew\u00f3dztwa (tekst jednolity: Dz. U. z 2022 r. poz. 2094) oraz art. 230 ust. 1 ustawy z dnia 27 sierpnia 2009 roku o finansach publicznych (tekst jednolity: Dz. U. z 2022 r., poz. 1634 z p\u00f3\u017an. zm.) w zwi\u0105zku z \u00a7 2 i 3 Rozporz\u0105dzenia Ministra Finans\u00f3w z dnia 10 stycznia 2013 roku w sprawie wieloletniej prognozy finansowej jednostki samorz\u0105du terytorialnego (tekst jednolity: Dz. U. z 2021 r. poz. 83)"}],"components":[{"id":"bf6d5eba-d119-11e7-80a9-005056b46601","type":"ContentWYSIWYG","name":"Tre\u015b\u0107","description":"Tre\u015b\u0107 strony","content":{"content":"","promotion":false}},{"id":"bf6dbc25-d119-11e7-80a9-005056b46601","type":"Gallery","name":"Galeria","description":"Galeria"},{"id":"bf6e1f6b-d119-11e7-80a9-005056b46601","type":"Attachment","name":"Za\u0142\u0105czniki","description":"Za\u0142\u0105czniki do strony","content":[{"src":"\/resource\/61612\/Uchwa%25C5%2582a+Zarz%25C4%2585du+93+392+VI+2023.rtf","extension":"RTF","name":"55f786c5a892c6cccf9029d987fe4812.rtf","size":"75 KB"},{"src":"\/resource\/61612\/03.+Projekt+uchwa%25C5%2582y+Sejmiku.doc","extension":"DOC","name":"32c42b7d3a2c3e30bf5dca86cef05325.doc","size":"68 KB"},{"src":"\/resource\/61612\/04.+Za%25C5%2582%25C4%2585cznik+nr+1+do+projektu+uchwa%25C5%2582y+Sejmiku.xls","extension":"XLS","name":"ef646bfe7f584dd6f77a97b25da96382.xls","size":"84.5 KB"},{"src":"\/resource\/61612\/05.+Za%25C5%2582%25C4%2585cznik+nr+2+do+projektu+uchwa%25C5%2582y+Sejmiku.xls","extension":"XLS","name":"9a2c091c5732b2aac62b5b47efb6b137.xls","size":"217.5 KB"}]},{"id":"eba03b25-d9a7-11e7-b355-005056b70dba","type":"PageTitle","name":"","description":"Tytu\u0142 strony","content":{"title":"Uchwa\u0142a zarz\u0105du nr 93\/392\/VI\/2022 z dnia 2023-01-18"}},{"id":"eba07701-d9a7-11e7-b355-005056b70dba","type":"PageDescription","name":"","description":"Zajawka strony","content":[]},{"id":"1b1a7940-ff78-11e7-b81e-005056b7801d","type":"SectionDescription","name":"","description":"Zajawka sekcji","content":[]}]}

Uchwała zarządu nr 93/392/VI/2022 z dnia 2023-01-18

Urząd Marszałkowski Województwa Śląskiego

Uchwała Zarządu

przyjęcia projektu uchwały Sejmiku Województwa Śląskiego w sprawie zmian Wieloletniej Prognozy Finansowej Województwa Śląskiego na lata 2023–2035

Numer uchwały

Numer posiedzenia zarządu

art. 41 ust. 2 pkt 3 ustawy z dnia 5 czerwca 1998 roku o samorządzie województwa (tekst jednolity: Dz. U. z 2022 r. poz. 2094) oraz art. 230 ust. 1 ustawy z dnia 27 sierpnia 2009 roku o finansach publicznych (tekst jednolity: Dz. U. z 2022 r., poz. 1634 z późn. zm.) w związku z § 2 i 3 Rozporządzenia Ministra Finansów z dnia 10 stycznia 2013 roku w sprawie wieloletniej prognozy finansowej jednostki samorządu terytorialnego (tekst jednolity: Dz. U. z 2021 r. poz. 83)

Treść

Treść strony

Załączniki

Załączniki do strony

Tytuł strony
