{"id":33236,"name":"uchwala-zarzadu-nr-945115v2016-z-dnia-2016-05-24","title":"Uchwa\u0142a zarz\u0105du nr 945\/115\/V\/2016 z dnia 2016-05-24","desc":"","header":"Uchwa\u0142a zarz\u0105du nr 945\/115\/V\/2016 z dnia 2016-05-24","lead":"","keywords":"","changes":"Migracja danych","menu":"","path":"\/samorzad_wojewodztwa\/zarzad_wojewodztwa\/uchwaly_zarzadu\/uchwala-zarzadu-nr-945115v2016-z-dnia-2016-05-24.html","url":"\/samorzad_wojewodztwa\/zarzad_wojewodztwa\/uchwaly_zarzadu\/uchwala-zarzadu-nr-945115v2016-z-dnia-2016-05-24.html","infoOwner":"Urz\u0105d Marsza\u0142kowski Wojew\u00f3dztwa \u015al\u0105skiego","dateFirstPublicate":"2022-07-28 11:40:30","dateLastVersionPublicate":"2022-07-28 11:40:30","dateAvailableFrom":"2022-07-28 11:31:42","dateAvailableTo":"","type":"Uchwa\u0142a Zarz\u0105du","pageParams":[{"id":"263","name":"Data posiedzenia","description":"Data posiedzenia","value":"2016-05-24"},{"id":"235","name":"W sprawie","description":"W sprawie","value":"Przyj\u0119cia Pakietu aplikacyjnego w ramach konkursu nr RPSL.01.03.00-IP.01-24-003\/16 Regionalnego Programu Operacyjnego Wojew\u00f3dztwa \u015al\u0105skiego na lata 2014-2020 dla Osi Priorytetowej I Nowoczesna gospodarka, Dzia\u0142ania 1.3 Profesjonalizacja IOB."},{"id":"273","name":"NUMER_UCHWALY_ZARZADU","description":"Numer uchwa\u0142y","value":"945\/115\/V\/2016"},{"id":"278","name":"Numer posiedzenia zarz\u0105du","description":"Numer posiedzenia zarz\u0105du","value":"115"},{"id":"261","name":"Na podstawie","description":"podstawa prawna","value":"art. 41 ust. 2 pkt 4 ustawy z dnia 5 czerwca 1998 r. o samorz\u0105dzie wojew\u00f3dztwa (tekst jednolity: Dz. U. z 2016 r. poz. 486) oraz art. 9 ust. 1 pkt 2 oraz ust. 2 pkt 2 i art. 41 ust. 1 i 2 ustawy z dn. 11 lipca 2014 r. o zasadach realizacji program\u00f3w w zakresie polityki sp\u00f3jno\u015bci finansowanych w perspektywie finansowej 2014 - 2020 ( tekst jednolity: Dz. U. z 2016 r., poz. 217), \u00a71 ust. 1 lit. a oraz \u00a72 ust. 1 pkt 1) i 2) Porozumienia w sprawie realizacji Regionalnego Programu Operacyjnego Wojew\u00f3dztwa \u015al\u0105skiego na lata 2014-2020 Nr 8RR\/2015 z dnia 16 marca 2015 roku z p\u00f3\u017an. zm."}],"components":[{"id":"bf6d5eba-d119-11e7-80a9-005056b46601","type":"ContentWYSIWYG","name":"Tre\u015b\u0107","description":"Tre\u015b\u0107 strony","content":{"content":"","promotion":false}},{"id":"bf6dbc25-d119-11e7-80a9-005056b46601","type":"Gallery","name":"Galeria","description":"Galeria"},{"id":"bf6e1f6b-d119-11e7-80a9-005056b46601","type":"Attachment","name":"Za\u0142\u0105czniki","description":"Za\u0142\u0105czniki do strony","content":[{"src":"\/resource\/53207\/1464688177.rtf","extension":"RTF","name":"2a7f4bd96149d57838beacc6db2d8c78.rtf","size":"68.13 KB"},{"src":"\/resource\/53207\/1464688391.doc","extension":"DOC","name":"c7aa35e6168008bb50fb6ad3e1259e16.doc","size":"1009.5 KB"},{"src":"\/resource\/53207\/1464688711.docx","extension":"DOCX","name":"b751ce27af12b7724cddd5e4e818f083.docx","size":"76.69 KB"},{"src":"\/resource\/53207\/1464688756.docx","extension":"DOCX","name":"e702c6213919c4d641a3b2c0c74bfa62.docx","size":"208.36 KB"},{"src":"\/resource\/53207\/1464688804.docx","extension":"DOCX","name":"2404688dc1209978315bbd4cab8ec7e8.docx","size":"184.24 KB"},{"src":"\/resource\/53207\/1464688837.docx","extension":"DOCX","name":"5de5fc870c09bc1658c75716cecf61b4.docx","size":"938.45 KB"},{"src":"\/resource\/53207\/1464688885.doc","extension":"DOC","name":"fb4ac95cb097ac9e1cab01f50c92036f.doc","size":"941.5 KB"}]},{"id":"eba03b25-d9a7-11e7-b355-005056b70dba","type":"PageTitle","name":"","description":"Tytu\u0142 strony","content":{"title":"Uchwa\u0142a zarz\u0105du nr 945\/115\/V\/2016 z dnia 2016-05-24"}},{"id":"eba07701-d9a7-11e7-b355-005056b70dba","type":"PageDescription","name":"","description":"Zajawka strony","content":[]},{"id":"1b1a7940-ff78-11e7-b81e-005056b7801d","type":"SectionDescription","name":"","description":"Zajawka sekcji","content":[]}]}

Uchwała zarządu nr 945/115/V/2016 z dnia 2016-05-24

Urząd Marszałkowski Województwa Śląskiego

Uchwała Zarządu

Przyjęcia Pakietu aplikacyjnego w ramach konkursu nr RPSL.01.03.00-IP.01-24-003/16 Regionalnego Programu Operacyjnego Województwa Śląskiego na lata 2014-2020 dla Osi Priorytetowej I Nowoczesna gospodarka, Działania 1.3 Profesjonalizacja IOB.

Numer uchwały

Numer posiedzenia zarządu

art. 41 ust. 2 pkt 4 ustawy z dnia 5 czerwca 1998 r. o samorządzie województwa (tekst jednolity: Dz. U. z 2016 r. poz. 486) oraz art. 9 ust. 1 pkt 2 oraz ust. 2 pkt 2 i art. 41 ust. 1 i 2 ustawy z dn. 11 lipca 2014 r. o zasadach realizacji programów w zakresie polityki spójności finansowanych w perspektywie finansowej 2014 - 2020 ( tekst jednolity: Dz. U. z 2016 r., poz. 217), §1 ust. 1 lit. a oraz §2 ust. 1 pkt 1) i 2) Porozumienia w sprawie realizacji Regionalnego Programu Operacyjnego Województwa Śląskiego na lata 2014-2020 Nr 8RR/2015 z dnia 16 marca 2015 roku z późn. zm.

Treść

Treść strony

Załączniki

Załączniki do strony

Tytuł strony
