{"id":159540,"name":"posiedzenie-komisji-z-dnia-2026-01-15","title":"Posiedzenie komisji z dnia 2026-01-15","desc":"","header":"Posiedzenie komisji z dnia 2026-01-15","lead":"","keywords":"","changes":"dodanie nowego wpisu - porz\u0105dek posiedzenia Komisji","menu":"","path":"\/sejmik_wojewodztwa\/komisje_sejmiku\/komisja_edukacji_nauki_i_kultury\/plan_posiedzen\/posiedzenie-komisji-z-dnia-2026-01-15.html","url":"\/sejmik_wojewodztwa\/komisje_sejmiku\/komisja_edukacji_nauki_i_kultury\/plan_posiedzen\/posiedzenie-komisji-z-dnia-2026-01-15.html","infoOwner":"Urz\u0105d Marsza\u0142kowski Wojew\u00f3dztwa \u015al\u0105skiego","dateFirstPublicate":"2026-01-09 12:19:45","dateLastVersionPublicate":"2026-01-09 12:19:45","dateAvailableFrom":"","dateAvailableTo":"","type":"Plan posiedze\u0144 komisji","pageParams":[{"id":"263","name":"Data posiedzenia","description":"Data posiedzenia","value":"2026-01-15"}],"components":[{"id":"bf6d5eba-d119-11e7-80a9-005056b46601","type":"ContentWYSIWYG","name":"Tre\u015b\u0107","description":"Tre\u015b\u0107 strony","content":{"content":"\u003Cp\u003E\u003Cspan style=\u0022font-family: arial, helvetica, sans-serif;\u0022\u003E\u003Cstrong\u003ECzwartek o godz. 14:00\u003C\/strong\u003E\u003C\/span\u003E\u003C\/p\u003E\n\u003Cp\u003E\u003Cspan style=\u0022font-family: arial, helvetica, sans-serif;\u0022\u003EPROPONOWANY PORZ\u0104DEK POSIEDZENIA:\u003C\/span\u003E\u003C\/p\u003E\n\u003Col\u003E\n\u003Cli\u003E\u003Cspan style=\u0022font-family: arial, helvetica, sans-serif;\u0022\u003EOtwarcie i zatwierdzenie porz\u0105dku obrad Komisji.\u003C\/span\u003E\u003C\/li\u003E\n\u003Cli\u003E\u003Cspan style=\u0022font-family: arial, helvetica, sans-serif;\u0022\u003EPrzyj\u0119cie protoko\u0142u nr 18 z posiedzenia Komisji.\u003C\/span\u003E\u003C\/li\u003E\n\u003Cli\u003E\u003Cspan style=\u0022font-family: arial, helvetica, sans-serif;\u0022\u003EZaopiniowanie 6 projekt\u00f3w uchwa\u0142 \u00a0w sprawie zamiaru likwidacji Szk\u00f3\u0142 Policealnych wchodz\u0105cych w sk\u0142ad Centr\u00f3w Kszta\u0142cenia Zawodowego i Ustawicznego Wojew\u00f3dztwa \u015al\u0105skiego w: \u00a0Katowicach, Gliwicach, Zabrzu, Raciborzu oraz zamiaru przekszta\u0142cenia Regionalnego Centrum Kszta\u0142cenia Ustawicznego w Sosnowcu - \u00a0druki VII\/ 301-306.\u003C\/span\u003E\u003C\/li\u003E\n\u003Cli\u003E\u003Cspan style=\u0022font-family: arial, helvetica, sans-serif;\u0022\u003ESprawy r\u00f3\u017cne i wolne wnioski.\u003C\/span\u003E\u003C\/li\u003E\n\u003C\/ol\u003E\n\u003Cp\u003E\u003Cspan style=\u0022font-family: arial, helvetica, sans-serif;\u0022\u003EDecyzj\u0105 Przewodnicz\u0105cej Komisji posiedzenie odb\u0119dzie si\u0119 z wykorzystaniem \u015brodk\u00f3w porozumiewania si\u0119 na odleg\u0142o\u015b\u0107, przy u\u017cyciu programu do wideokonferencji.\u003C\/span\u003E\u003C\/p\u003E","promotion":false}},{"id":"bf6dbc25-d119-11e7-80a9-005056b46601","type":"Gallery","name":"Galeria","description":"Galeria"},{"id":"bf6e1f6b-d119-11e7-80a9-005056b46601","type":"Attachment","name":"Za\u0142\u0105czniki","description":"Za\u0142\u0105czniki do strony","content":[{"src":"\/resource\/233709\/info+na+Komisj%25C4%2599_Klauzula+informacyjna+RODO.pdf","extension":"PDF","name":"706f58f3f804ac40a20fd0c117ebc4d3.pdf","size":"55.9 KB"}]},{"id":"eba03b25-d9a7-11e7-b355-005056b70dba","type":"PageTitle","name":"","description":"Tytu\u0142 strony","content":{"title":"Posiedzenie komisji z dnia 2026-01-15"}},{"id":"eba07701-d9a7-11e7-b355-005056b70dba","type":"PageDescription","name":"","description":"Zajawka strony","content":[]},{"id":"1b1a7940-ff78-11e7-b81e-005056b7801d","type":"SectionDescription","name":"","description":"Zajawka sekcji","content":[]}]}

dodanie nowego wpisu - porządek posiedzenia Komisji

Urząd Marszałkowski Województwa Śląskiego

Plan posiedzeń komisji

Treść

Treść strony

<p><span style="font-family: arial, helvetica, sans-serif;"><strong>Czwartek o godz. 14:00</strong></span></p>
<p><span style="font-family: arial, helvetica, sans-serif;">PROPONOWANY PORZĄDEK POSIEDZENIA:</span></p>
<ol>
<li><span style="font-family: arial, helvetica, sans-serif;">Otwarcie i zatwierdzenie porządku obrad Komisji.</span></li>
<li><span style="font-family: arial, helvetica, sans-serif;">Przyjęcie protokołu nr 18 z posiedzenia Komisji.</span></li>
<li><span style="font-family: arial, helvetica, sans-serif;">Zaopiniowanie 6 projektów uchwał  w sprawie zamiaru likwidacji Szkół Policealnych wchodzących w skład Centrów Kształcenia Zawodowego i Ustawicznego Województwa Śląskiego w:  Katowicach, Gliwicach, Zabrzu, Raciborzu oraz zamiaru przekształcenia Regionalnego Centrum Kształcenia Ustawicznego w Sosnowcu -  druki VII/ 301-306.</span></li>
<li><span style="font-family: arial, helvetica, sans-serif;">Sprawy różne i wolne wnioski.</span></li>
</ol>
<p><span style="font-family: arial, helvetica, sans-serif;">Decyzją Przewodniczącej Komisji posiedzenie odbędzie się z wykorzystaniem środków porozumiewania się na odległość, przy użyciu programu do wideokonferencji.</span></p>

Załączniki

Załączniki do strony

Tytuł strony
