{"id":162122,"name":"posiedzenie-komisji-z-dnia-2026-03-12","title":"Posiedzenie komisji z dnia 2026-03-12","desc":"","header":"Posiedzenie komisji z dnia 2026-03-12","lead":"","keywords":"","changes":"dodanie nowego wpisu - porz\u0105dek posiedzenia Komisji","menu":"","path":"\/sejmik_wojewodztwa\/komisje_sejmiku\/komisja_edukacji_nauki_i_kultury\/plan_posiedzen\/posiedzenie-komisji-z-dnia-2026-03-12.html","url":"\/sejmik_wojewodztwa\/komisje_sejmiku\/komisja_edukacji_nauki_i_kultury\/plan_posiedzen\/posiedzenie-komisji-z-dnia-2026-03-12.html","infoOwner":"Urz\u0105d Marsza\u0142kowski Wojew\u00f3dztwa \u015al\u0105skiego","dateFirstPublicate":"2026-03-09 09:11:38","dateLastVersionPublicate":"2026-03-09 09:11:38","dateAvailableFrom":"","dateAvailableTo":"","type":"Plan posiedze\u0144 komisji","pageParams":[{"id":"263","name":"Data posiedzenia","description":"Data posiedzenia","value":"2026-03-12"}],"components":[{"id":"bf6d5eba-d119-11e7-80a9-005056b46601","type":"ContentWYSIWYG","name":"Tre\u015b\u0107","description":"Tre\u015b\u0107 strony","content":{"content":"\u003Cp\u003E\u003Cspan\u003E\u003Cstrong\u003ECzwartek\u00a0o godz. 14:00\u003C\/strong\u003E\u003C\/span\u003E\u003C\/p\u003E\n\u003Cp\u003E\u003Cspan\u003EPROPONOWANY PORZ\u0104DEK POSIEDZENIA:\u003C\/span\u003E\u003C\/p\u003E\n\u003Col\u003E\n\u003Cli\u003EOtwarcie i zatwierdzenie porz\u0105dku obrad Komisji.\u003C\/li\u003E\n\u003Cli\u003EPrzyj\u0119cie protoko\u0142u nr 20 z ostatniego posiedzenia Komisji.\u003C\/li\u003E\n\u003Cli\u003EZaopiniowanie \u00a0projekt\u00f3w uchwa\u0142 \u00a0w sprawie; zmiany w planie dochod\u00f3w gromadzonych na wydzielonym rachunku przez jednostki o\u015bwiatowe oraz finansowanych z nich wydatk\u00f3w na 2026 rok \u00a0druk VII\/ 324 oraz nadania statutu Muzeum G\u00f3rnictwa W\u0119glowego w Zabrzu\u00a0druk VII\/327.\u003C\/li\u003E\n\u003Cli\u003EZapoznanie si\u0119 ze sprawozdaniem z wysoko\u015bci \u015brednich wynagrodze\u0144 nauczycieli pocz\u0105tkuj\u0105cych, mianowanych i dyplomowanych w szko\u0142ach prowadzonych przez jednostk\u0119 samorz\u0105du terytorialnego za 2025 rok.\u003C\/li\u003E\n\u003Cli\u003ESprawy r\u00f3\u017cne i wolne wnioski.\u003C\/li\u003E\n\u003C\/ol\u003E\n\u003Cp\u003E\u003Cspan\u003EDecyzj\u0105 Przewodnicz\u0105cej Komisji posiedzenie odb\u0119dzie si\u0119 z wykorzystaniem \u015brodk\u00f3w porozumiewania si\u0119 na odleg\u0142o\u015b\u0107, przy u\u017cyciu programu do wideokonferencji.\u003C\/span\u003E\u003C\/p\u003E","promotion":false}},{"id":"bf6dbc25-d119-11e7-80a9-005056b46601","type":"Gallery","name":"Galeria","description":"Galeria"},{"id":"bf6e1f6b-d119-11e7-80a9-005056b46601","type":"Attachment","name":"Za\u0142\u0105czniki","description":"Za\u0142\u0105czniki do strony","content":[{"src":"\/resource\/236462\/info_na_komisje_klauzula_informacyjna_rodo.pdf","extension":"PDF","name":"2da2de50ef50adbaffccf96f9ade4117.pdf","size":"55.9 KB"}]},{"id":"eba03b25-d9a7-11e7-b355-005056b70dba","type":"PageTitle","name":"","description":"Tytu\u0142 strony","content":{"title":"Posiedzenie komisji z dnia 2026-03-12"}},{"id":"eba07701-d9a7-11e7-b355-005056b70dba","type":"PageDescription","name":"","description":"Zajawka strony","content":[]},{"id":"1b1a7940-ff78-11e7-b81e-005056b7801d","type":"SectionDescription","name":"","description":"Zajawka sekcji","content":[]}]}

dodanie nowego wpisu - porządek posiedzenia Komisji

Urząd Marszałkowski Województwa Śląskiego

Plan posiedzeń komisji

Treść

Treść strony

<p><span><strong>Czwartek o godz. 14:00</strong></span></p>
<p><span>PROPONOWANY PORZĄDEK POSIEDZENIA:</span></p>
<ol>
<li>Otwarcie i zatwierdzenie porządku obrad Komisji.</li>
<li>Przyjęcie protokołu nr 20 z ostatniego posiedzenia Komisji.</li>
<li>Zaopiniowanie  projektów uchwał  w sprawie; zmiany w planie dochodów gromadzonych na wydzielonym rachunku przez jednostki oświatowe oraz finansowanych z nich wydatków na 2026 rok  druk VII/ 324 oraz nadania statutu Muzeum Górnictwa Węglowego w Zabrzu druk VII/327.</li>
<li>Zapoznanie się ze sprawozdaniem z wysokości średnich wynagrodzeń nauczycieli początkujących, mianowanych i dyplomowanych w szkołach prowadzonych przez jednostkę samorządu terytorialnego za 2025 rok.</li>
<li>Sprawy różne i wolne wnioski.</li>
</ol>
<p><span>Decyzją Przewodniczącej Komisji posiedzenie odbędzie się z wykorzystaniem środków porozumiewania się na odległość, przy użyciu programu do wideokonferencji.</span></p>

Załączniki

Załączniki do strony

Tytuł strony
