{"id":1221,"name":"komisja-polityki-spolecznej-i-ochrony-zdrowia","title":"Komisja Polityki Spo\u0142ecznej i Ochrony Zdrowia","desc":"","header":"Komisja Polityki Spo\u0142ecznej i Ochrony Zdrowia","lead":"","keywords":"","changes":"aktualizacja wpisu - zmiana sk\u0142adu Komisji zgodnie z uchwa\u0142ami Sejmiku Wojew\u00f3dztwa \u015al\u0105skiego z dnia 27.08.2024 r.","menu":"Sk\u0142ad","path":"\/sejmik_wojewodztwa\/komisje_sejmiku\/komisja_polityki_spolecznej_i_ochrony_zdrowia\/komisja-polityki-spolecznej-i-ochrony-zdrowia.html","url":"\/sejmik_wojewodztwa\/komisje_sejmiku\/komisja_polityki_spolecznej_i_ochrony_zdrowia\/komisja-polityki-spolecznej-i-ochrony-zdrowia.html","infoOwner":"Urz\u0105d Marsza\u0142kowski Wojew\u00f3dztwa \u015al\u0105skiego","dateFirstPublicate":"2014-12-09 09:56:24","dateLastVersionPublicate":"2024-09-06 13:18:24","dateAvailableFrom":"","dateAvailableTo":"","type":"Zwyk\u0142a","pageParams":[],"components":[{"id":"bf6d5eba-d119-11e7-80a9-005056b46601","type":"ContentWYSIWYG","name":"Tre\u015b\u0107","description":"Tre\u015b\u0107 strony","content":{"content":"\u003Cp\u003E\u003Cspan style=\u0022text-decoration: underline;\u0022\u003EVII kadencja\u003C\/span\u003E\u003C\/p\u003E\n\u003Ctable style=\u0022width: 491px;\u0022 border=\u00221\u0022\u003E\n\u003Ctbody\u003E\n\u003Ctr\u003E\n\u003Ctd style=\u0022width: 213px;\u0022\u003EPrzewodnicz\u0105ca:\u003C\/td\u003E\n\u003Ctd style=\u0022width: 262px;\u0022\u003E\u003Cstrong\u003EAleksandra Poloczek\u003C\/strong\u003E\u003C\/td\u003E\n\u003C\/tr\u003E\n\u003Ctr\u003E\n\u003Ctd style=\u0022width: 213px;\u0022\u003EZast\u0119pca Przewodnicz\u0105cej:\u003C\/td\u003E\n\u003Ctd style=\u0022width: 262px;\u0022\u003E\u003Cstrong\u003EAldona W\u0119grzynowicz\u003C\/strong\u003E\u003C\/td\u003E\n\u003C\/tr\u003E\n\u003Ctr\u003E\n\u003Ctd style=\u0022width: 213px;\u0022\u003EZast\u0119pca Przewodnicz\u0105cej:\u003C\/td\u003E\n\u003Ctd style=\u0022width: 262px;\u0022\u003E\u003Cstrong\u003EJan Kawulok\u003C\/strong\u003E\u003C\/td\u003E\n\u003C\/tr\u003E\n\u003Ctr\u003E\n\u003Ctd style=\u0022width: 213px;\u0022\u003ECz\u0142onek Komisji:\u003C\/td\u003E\n\u003Ctd style=\u0022width: 262px;\u0022\u003E\u003Cstrong\u003EJadwiga Baczy\u0144ska\u003C\/strong\u003E\u003C\/td\u003E\n\u003C\/tr\u003E\n\u003Ctr\u003E\n\u003Ctd style=\u0022width: 213px;\u0022\u003ECz\u0142onek Komisji:\u003C\/td\u003E\n\u003Ctd style=\u0022width: 262px;\u0022\u003E\u003Cstrong\u003EAlina Bednarz\u003C\/strong\u003E\u003C\/td\u003E\n\u003C\/tr\u003E\n\u003Ctr\u003E\n\u003Ctd style=\u0022width: 213px;\u0022\u003ECz\u0142onek Komisji:\u003C\/td\u003E\n\u003Ctd style=\u0022width: 262px;\u0022\u003E\u003Cstrong\u003EJacek Brzezinka\u003C\/strong\u003E\u003C\/td\u003E\n\u003C\/tr\u003E\n\u003Ctr\u003E\n\u003Ctd style=\u0022width: 213px;\u0022\u003ECz\u0142onek Komisji:\u003C\/td\u003E\n\u003Ctd style=\u0022width: 262px;\u0022\u003E\u003Cstrong\u003EEwa Chmielorz\u003C\/strong\u003E\u003C\/td\u003E\n\u003C\/tr\u003E\n\u003Ctr\u003E\n\u003Ctd style=\u0022width: 213px;\u0022\u003ECz\u0142onek Komisji:\u003C\/td\u003E\n\u003Ctd style=\u0022width: 262px;\u0022\u003E\u003Cstrong\u003EJan Chrz\u0105szcz\u003C\/strong\u003E\u003C\/td\u003E\n\u003C\/tr\u003E\n\u003Ctr\u003E\n\u003Ctd style=\u0022width: 213px;\u0022\u003ECz\u0142onek Komisji:\u003C\/td\u003E\n\u003Ctd style=\u0022width: 262px;\u0022\u003E\u003Cstrong\u003EPawe\u0142 Kobyli\u0144ski\u003C\/strong\u003E\u003C\/td\u003E\n\u003C\/tr\u003E\n\u003Ctr\u003E\n\u003Ctd style=\u0022width: 213px;\u0022\u003ECz\u0142onek Komisji:\u003C\/td\u003E\n\u003Ctd style=\u0022width: 262px;\u0022\u003E\u003Cstrong\u003EAdam Lubas\u003C\/strong\u003E\u003C\/td\u003E\n\u003C\/tr\u003E\n\u003Ctr\u003E\n\u003Ctd style=\u0022width: 213px;\u0022\u003ECz\u0142onek Komisji:\u003C\/td\u003E\n\u003Ctd style=\u0022width: 262px;\u0022\u003E\u003Cstrong\u003EMa\u0142gorzata Ma\u0144ka\u003C\/strong\u003E\u003C\/td\u003E\n\u003C\/tr\u003E\n\u003Ctr\u003E\n\u003Ctd style=\u0022width: 213px;\u0022\u003ECz\u0142onek Komisji:\u003C\/td\u003E\n\u003Ctd style=\u0022width: 262px;\u0022\u003E\u003Cstrong\u003EMaria Nowak\u003C\/strong\u003E\u003C\/td\u003E\n\u003C\/tr\u003E\n\u003Ctr\u003E\n\u003Ctd style=\u0022width: 213px;\u0022\u003ECz\u0142onek Komisji:\u003C\/td\u003E\n\u003Ctd style=\u0022width: 262px;\u0022\u003E\u003Cstrong\u003EDariusz Starzycki\u003C\/strong\u003E\u003C\/td\u003E\n\u003C\/tr\u003E\n\u003Ctr\u003E\n\u003Ctd style=\u0022width: 213px;\u0022\u003ECz\u0142onek Komisji:\u003C\/td\u003E\n\u003Ctd style=\u0022width: 262px;\u0022\u003E\u003Cstrong\u003EAleksandra Targosz-Bernaciak\u003C\/strong\u003E\u003C\/td\u003E\n\u003C\/tr\u003E\n\u003Ctr\u003E\n\u003Ctd style=\u0022width: 213px;\u0022\u003ECz\u0142onek Komisji:\u003C\/td\u003E\n\u003Ctd style=\u0022width: 262px;\u0022\u003E\u003Cstrong\u003EDorota Tobiszowska\u003C\/strong\u003E\u003C\/td\u003E\n\u003C\/tr\u003E\n\u003Ctr\u003E\n\u003Ctd style=\u0022width: 213px;\u0022\u003ECz\u0142onek Komisji:\u003C\/td\u003E\n\u003Ctd style=\u0022width: 262px;\u0022\u003E\u003Cstrong\u003EGrzegorz Wolnik\u003C\/strong\u003E\u003C\/td\u003E\n\u003C\/tr\u003E\n\u003C\/tbody\u003E\n\u003C\/table\u003E\n\u003Cp\u003E\u003Cstrong\u003EZadania:\u003C\/strong\u003E\u003Cbr \/\u003E- problematyka pomocy spo\u0142ecznej,\u003Cbr \/\u003E- problematyka bezrobocia,\u003Cbr \/\u003E- promocja zdrowia,\u003Cbr \/\u003E- ocena dzia\u0142alno\u015bci zak\u0142ad\u00f3w opieki zdrowotnej, dla kt\u00f3rych Wojew\u00f3dztwo jest organem za\u0142o\u017cycielskim,\u003Cbr \/\u003E- problematyka bezpiecze\u0144stwa os\u00f3b i mienia w miejscach publicznych,\u003Cbr \/\u003E- problemy zwi\u0105zane z r\u00f3wnym statusem kobiet i m\u0119\u017cczyzn.\u003C\/p\u003E","promotion":false}},{"id":"bf6dbc25-d119-11e7-80a9-005056b46601","type":"Gallery","name":"Galeria","description":"Galeria"},{"id":"bf6e1f6b-d119-11e7-80a9-005056b46601","type":"Attachment","name":"Za\u0142\u0105czniki","description":"Za\u0142\u0105czniki do strony"},{"id":"eba03b25-d9a7-11e7-b355-005056b70dba","type":"PageTitle","name":"","description":"Tytu\u0142 strony","content":{"title":"Komisja Polityki Spo\u0142ecznej i Ochrony Zdrowia"}},{"id":"eba07701-d9a7-11e7-b355-005056b70dba","type":"PageDescription","name":"","description":"Zajawka strony","content":[]},{"id":"1b1a7940-ff78-11e7-b81e-005056b7801d","type":"SectionDescription","name":"","description":"Zajawka sekcji","content":[]}]}

Komisja Polityki Społecznej i Ochrony Zdrowia

aktualizacja wpisu - zmiana składu Komisji zgodnie z uchwałami Sejmiku Województwa Śląskiego z dnia 27.08.2024 r.

Skład

Urząd Marszałkowski Województwa Śląskiego

Zwykła

Treść

Treść strony

<p><span style="text-decoration: underline;">VII kadencja</span></p>
<table style="width: 491px;" border="1">
<tbody>
<tr>
<td style="width: 213px;">Przewodnicząca:</td>
<td style="width: 262px;"><strong>Aleksandra Poloczek</strong></td>
</tr>
<tr>
<td style="width: 213px;">Zastępca Przewodniczącej:</td>
<td style="width: 262px;"><strong>Aldona Węgrzynowicz</strong></td>
</tr>
<tr>
<td style="width: 213px;">Zastępca Przewodniczącej:</td>
<td style="width: 262px;"><strong>Jan Kawulok</strong></td>
</tr>
<tr>
<td style="width: 213px;">Członek Komisji:</td>
<td style="width: 262px;"><strong>Jadwiga Baczyńska</strong></td>
</tr>
<tr>
<td style="width: 213px;">Członek Komisji:</td>
<td style="width: 262px;"><strong>Alina Bednarz</strong></td>
</tr>
<tr>
<td style="width: 213px;">Członek Komisji:</td>
<td style="width: 262px;"><strong>Jacek Brzezinka</strong></td>
</tr>
<tr>
<td style="width: 213px;">Członek Komisji:</td>
<td style="width: 262px;"><strong>Ewa Chmielorz</strong></td>
</tr>
<tr>
<td style="width: 213px;">Członek Komisji:</td>
<td style="width: 262px;"><strong>Jan Chrząszcz</strong></td>
</tr>
<tr>
<td style="width: 213px;">Członek Komisji:</td>
<td style="width: 262px;"><strong>Paweł Kobyliński</strong></td>
</tr>
<tr>
<td style="width: 213px;">Członek Komisji:</td>
<td style="width: 262px;"><strong>Adam Lubas</strong></td>
</tr>
<tr>
<td style="width: 213px;">Członek Komisji:</td>
<td style="width: 262px;"><strong>Małgorzata Mańka</strong></td>
</tr>
<tr>
<td style="width: 213px;">Członek Komisji:</td>
<td style="width: 262px;"><strong>Maria Nowak</strong></td>
</tr>
<tr>
<td style="width: 213px;">Członek Komisji:</td>
<td style="width: 262px;"><strong>Dariusz Starzycki</strong></td>
</tr>
<tr>
<td style="width: 213px;">Członek Komisji:</td>
<td style="width: 262px;"><strong>Aleksandra Targosz-Bernaciak</strong></td>
</tr>
<tr>
<td style="width: 213px;">Członek Komisji:</td>
<td style="width: 262px;"><strong>Dorota Tobiszowska</strong></td>
</tr>
<tr>
<td style="width: 213px;">Członek Komisji:</td>
<td style="width: 262px;"><strong>Grzegorz Wolnik</strong></td>
</tr>
</tbody>
</table>
<p><strong>Zadania:</strong><br />- problematyka pomocy społecznej,<br />- problematyka bezrobocia,<br />- promocja zdrowia,<br />- ocena działalności zakładów opieki zdrowotnej, dla których Województwo jest organem założycielskim,<br />- problematyka bezpieczeństwa osób i mienia w miejscach publicznych,<br />- problemy związane z równym statusem kobiet i mężczyzn.</p>

Załączniki

Załączniki do strony

Tytuł strony
