{"id":6799,"name":"posiedzenie-komisji-z-dnia-2019-03-25","title":"Posiedzenie komisji z dnia 2019-03-25","desc":"","header":"Posiedzenie komisji z dnia 2019-03-25","lead":"","keywords":"","changes":"Zmiana godziny posiedzenia.","menu":"","path":"\/sejmik_wojewodztwa\/komisje_sejmiku\/komisja_rolnictwa_i_terenow_wiejskich\/plan_posiedzen\/posiedzenie-komisji-z-dnia-2019-03-25.html","url":"\/sejmik_wojewodztwa\/komisje_sejmiku\/komisja_rolnictwa_i_terenow_wiejskich\/plan_posiedzen\/posiedzenie-komisji-z-dnia-2019-03-25.html","infoOwner":"Urz\u0105d Marsza\u0142kowski Wojew\u00f3dztwa \u015al\u0105skiego","dateFirstPublicate":"2019-03-20 13:33:42","dateLastVersionPublicate":"2019-03-22 10:03:46","dateAvailableFrom":"","dateAvailableTo":"","type":"Plan posiedze\u0144 komisji","pageParams":[{"id":"263","name":"Data posiedzenia","description":"Data posiedzenia","value":"2019-03-25"}],"components":[{"id":"bf6d5eba-d119-11e7-80a9-005056b46601","type":"ContentWYSIWYG","name":"Tre\u015b\u0107","description":"Tre\u015b\u0107 strony","content":{"content":"\u003Cp style=\u0022box-sizing: border-box; margin: 0px 0px 20px; color: #555555; font-family: Arial, sans-serif; font-size: 14px; font-style: normal; font-variant-ligatures: normal; font-variant-caps: normal; font-weight: 400; letter-spacing: normal; orphans: 2; text-align: start; text-indent: 0px; text-transform: none; white-space: normal; widows: 2; word-spacing: 0px; -webkit-text-stroke-width: 0px; text-decoration-style: initial; text-decoration-color: initial; background-color: #ffffff;\u0022\u003E\u003Cstrong style=\u0022box-sizing: border-box; font-weight: bold;\u0022\u003EPoniedzia\u0142ek o godz. 10:00\u003C\/strong\u003E\u003C\/p\u003E\n\u003Cp style=\u0022box-sizing: border-box; margin: 0px 0px 20px; color: #555555; font-family: Arial, sans-serif; font-size: 14px; font-style: normal; font-variant-ligatures: normal; font-variant-caps: normal; font-weight: 400; letter-spacing: normal; orphans: 2; text-align: start; text-indent: 0px; text-transform: none; white-space: normal; widows: 2; word-spacing: 0px; -webkit-text-stroke-width: 0px; text-decoration-style: initial; text-decoration-color: initial; background-color: #ffffff;\u0022\u003E\u003Cstrong style=\u0022box-sizing: border-box; font-weight: bold;\u0022\u003EPROPONOWANY PORZ\u0104DEK POSIEDZENIA:\u003Cbr style=\u0022box-sizing: border-box;\u0022 \/\u003E\u003C\/strong\u003E\u003C\/p\u003E\n\u003Col style=\u0022box-sizing: border-box; margin-top: 0px; margin-bottom: 20px; color: #555555; font-family: Arial, sans-serif; font-size: 14px; font-style: normal; font-variant-ligatures: normal; font-variant-caps: normal; font-weight: 400; letter-spacing: normal; orphans: 2; text-align: start; text-indent: 0px; text-transform: none; white-space: normal; widows: 2; word-spacing: 0px; -webkit-text-stroke-width: 0px; text-decoration-style: initial; text-decoration-color: initial; background-color: #ffffff;\u0022\u003E\n\u003Cli style=\u0022box-sizing: border-box; margin-bottom: 10px;\u0022\u003EOtwarcie posiedzenia, przyj\u0119cie porz\u0105dku.\u003C\/li\u003E\n\u003Cli style=\u0022box-sizing: border-box; margin-bottom: 10px;\u0022\u003EStrategia Rozwoju Obszar\u00f3w Wiejskich Wojew\u00f3dztwa \u015al\u0105skiego.\u003C\/li\u003E\n\u003Cli style=\u0022box-sizing: border-box; margin-bottom: 10px;\u0022\u003EWytypowanie przedstawicieli do prac w komisjach konkursowych.\u003C\/li\u003E\n\u003Cli style=\u0022box-sizing: border-box; margin-bottom: 10px;\u0022\u003E\n\u003Cp class=\u0022Tre134\u0022 style=\u0022box-sizing: border-box; margin: 0px 0px 20px;\u0022\u003ESprawy r\u00f3\u017cne.\u003C\/p\u003E\n\u003C\/li\u003E\n\u003C\/ol\u003E\n\u003Cp style=\u0022box-sizing: border-box; margin: 0px 0px 20px; color: #555555; font-family: Arial, sans-serif; font-size: 14px; font-style: normal; font-variant-ligatures: normal; font-variant-caps: normal; font-weight: 400; letter-spacing: normal; orphans: 2; text-align: start; text-indent: 0px; text-transform: none; white-space: normal; widows: 2; word-spacing: 0px; -webkit-text-stroke-width: 0px; text-decoration-style: initial; text-decoration-color: initial; background-color: #ffffff;\u0022\u003E\u003Cstrong style=\u0022box-sizing: border-box; font-weight: bold;\u0022\u003ESala D\u0119bowa (277)\u003Cspan style=\u0022box-sizing: border-box;\u0022\u003E\u00a0\u003C\/span\u003E\u003C\/strong\u003EUrz\u0119du Marsza\u0142kowskiego Wojew\u00f3dztwa \u015al\u0105skiego w Katowicach, ul. Ligonia 46.\u003C\/p\u003E","promotion":false}},{"id":"bf6dbc25-d119-11e7-80a9-005056b46601","type":"Gallery","name":"Galeria","description":"Galeria"},{"id":"bf6e1f6b-d119-11e7-80a9-005056b46601","type":"Attachment","name":"Za\u0142\u0105czniki","description":"Za\u0142\u0105czniki do strony"},{"id":"eba03b25-d9a7-11e7-b355-005056b70dba","type":"PageTitle","name":"","description":"Tytu\u0142 strony","content":{"title":"Posiedzenie komisji z dnia 2019-03-25"}},{"id":"eba07701-d9a7-11e7-b355-005056b70dba","type":"PageDescription","name":"","description":"Zajawka strony","content":[]},{"id":"1b1a7940-ff78-11e7-b81e-005056b7801d","type":"SectionDescription","name":"","description":"Zajawka sekcji","content":[]}]}

Urząd Marszałkowski Województwa Śląskiego

Plan posiedzeń komisji

Treść

Treść strony

<p style="box-sizing: border-box; margin: 0px 0px 20px; color: #555555; font-family: Arial, sans-serif; font-size: 14px; font-style: normal; font-variant-ligatures: normal; font-variant-caps: normal; font-weight: 400; letter-spacing: normal; orphans: 2; text-align: start; text-indent: 0px; text-transform: none; white-space: normal; widows: 2; word-spacing: 0px; -webkit-text-stroke-width: 0px; text-decoration-style: initial; text-decoration-color: initial; background-color: #ffffff;"><strong style="box-sizing: border-box; font-weight: bold;">Poniedziałek o godz. 10:00</strong></p>
<p style="box-sizing: border-box; margin: 0px 0px 20px; color: #555555; font-family: Arial, sans-serif; font-size: 14px; font-style: normal; font-variant-ligatures: normal; font-variant-caps: normal; font-weight: 400; letter-spacing: normal; orphans: 2; text-align: start; text-indent: 0px; text-transform: none; white-space: normal; widows: 2; word-spacing: 0px; -webkit-text-stroke-width: 0px; text-decoration-style: initial; text-decoration-color: initial; background-color: #ffffff;"><strong style="box-sizing: border-box; font-weight: bold;">PROPONOWANY PORZĄDEK POSIEDZENIA:<br style="box-sizing: border-box;" /></strong></p>
<ol style="box-sizing: border-box; margin-top: 0px; margin-bottom: 20px; color: #555555; font-family: Arial, sans-serif; font-size: 14px; font-style: normal; font-variant-ligatures: normal; font-variant-caps: normal; font-weight: 400; letter-spacing: normal; orphans: 2; text-align: start; text-indent: 0px; text-transform: none; white-space: normal; widows: 2; word-spacing: 0px; -webkit-text-stroke-width: 0px; text-decoration-style: initial; text-decoration-color: initial; background-color: #ffffff;">
<li style="box-sizing: border-box; margin-bottom: 10px;">Otwarcie posiedzenia, przyjęcie porządku.</li>
<li style="box-sizing: border-box; margin-bottom: 10px;">Strategia Rozwoju Obszarów Wiejskich Województwa Śląskiego.</li>
<li style="box-sizing: border-box; margin-bottom: 10px;">Wytypowanie przedstawicieli do prac w komisjach konkursowych.</li>
<li style="box-sizing: border-box; margin-bottom: 10px;">
<p class="Tre134" style="box-sizing: border-box; margin: 0px 0px 20px;">Sprawy różne.</p>
</li>
</ol>
<p style="box-sizing: border-box; margin: 0px 0px 20px; color: #555555; font-family: Arial, sans-serif; font-size: 14px; font-style: normal; font-variant-ligatures: normal; font-variant-caps: normal; font-weight: 400; letter-spacing: normal; orphans: 2; text-align: start; text-indent: 0px; text-transform: none; white-space: normal; widows: 2; word-spacing: 0px; -webkit-text-stroke-width: 0px; text-decoration-style: initial; text-decoration-color: initial; background-color: #ffffff;"><strong style="box-sizing: border-box; font-weight: bold;">Sala Dębowa (277)<span style="box-sizing: border-box;"> </span></strong>Urzędu Marszałkowskiego Województwa Śląskiego w Katowicach, ul. Ligonia 46.</p>

Załączniki

Załączniki do strony

Tytuł strony
